[Wed Jul 02 12:10:23.139495 2025] [:error] [pid 89288] [client 10.10.36.158:13044] script '/var/www/html/index.php' not found or unable to stat
[Wed Jul 02 12:10:24.113674 2025] [:error] [pid 50614] [client 10.10.36.158:13448] script '/var/www/html/index.php' not found or unable to stat
[Wed Jul 02 12:10:24.130549 2025] [:error] [pid 89286] [client 10.10.36.158:13482] script '/var/www/html/index.php' not found or unable to stat
[Wed Jul 02 12:10:25.113576 2025] [core:error] [pid 53537] [client 10.10.36.158:13878] AH00126: Invalid URI in request GET /../../etc/passwd HTTP/1.1
[Wed Jul 02 12:10:25.138062 2025] [:error] [pid 93785] [client 10.10.36.158:13902] script '/var/www/html/index.php' not found or unable to stat
[Wed Jul 02 12:10:26.103075 2025] [:error] [pid 89290] [client 10.10.36.158:14276] script '/var/www/html/index.php' not found or unable to stat
[Wed Jul 02 12:10:26.106333 2025] [:error] [pid 36994] [client 10.10.36.158:14282] script '/var/www/html/index.php' not found or unable to stat
[Wed Jul 02 12:10:26.120411 2025] [:error] [pid 89287] [client 10.10.36.158:14306] script '/var/www/html/index.php' not found or unable to stat
[Wed Jul 02 12:10:26.136356 2025] [cgi:error] [pid 89286] [client 10.10.36.158:14314] script not found or unable to stat: /var/www/cgi-bin/logoff.cgi
[Wed Jul 02 12:10:26.147098 2025] [cgi:error] [pid 36997] [client 10.10.36.158:14320] script not found or unable to stat: /var/www/cgi-bin/awstats
[Wed Jul 02 12:10:27.103072 2025] [:error] [pid 89290] [client 10.10.36.158:14612] script '/var/www/html/index.php' not found or unable to stat
[Wed Jul 02 12:10:27.118754 2025] [cgi:error] [pid 93785] [client 10.10.36.158:14636] script not found or unable to stat: /var/www/cgi-bin/tsaupload.cgi
[Wed Jul 02 12:10:28.094663 2025] [:error] [pid 50614] [client 10.10.36.158:14902] script '/var/www/html/index.php' not found or unable to stat
[Wed Jul 02 12:10:28.098776 2025] [:error] [pid 89286] [client 10.10.36.158:14910] script '/var/www/html/index.php' not found or unable to stat
[Wed Jul 02 12:10:28.104070 2025] [:error] [pid 89290] [client 10.10.36.158:14916] script '/var/www/html/index.php' not found or unable to stat
[Wed Jul 02 12:10:28.104559 2025] [:error] [pid 93785] [client 10.10.36.158:14920] script '/var/www/html/tiki-jsplugin.php' not found or unable to stat
[Wed Jul 02 12:10:28.107684 2025] [:error] [pid 89287] [client 10.10.36.158:14928] script '/var/www/html/connectioncheck.php' not found or unable to stat
[Wed Jul 02 12:10:28.108050 2025] [:error] [pid 36997] [client 10.10.36.158:14930] script '/var/www/html/index.php' not found or unable to stat
[Wed Jul 02 12:10:28.115816 2025] [cgi:error] [pid 89289] [client 10.10.36.158:14936] script not found or unable to stat: /var/www/cgi-bin/;cat$IFS
[Wed Jul 02 12:10:28.117486 2025] [:error] [pid 89286] [client 10.10.36.158:14940] script '/var/www/html/index.php' not found or unable to stat
[Wed Jul 02 12:10:29.105708 2025] [cgi:error] [pid 89289] [client 10.10.36.158:15240] script not found or unable to stat: /var/www/cgi-bin/db_eventlog_w.cgi
[Wed Jul 02 12:10:29.106517 2025] [:error] [pid 89290] [client 10.10.36.158:15246] script '/var/www/html/index.php' not found or unable to stat
[Wed Jul 02 12:10:29.107406 2025] [:error] [pid 53537] [client 10.10.36.158:15250] script '/var/www/html/index.php' not found or unable to stat
[Wed Jul 02 12:10:29.130152 2025] [cgi:error] [pid 93785] [client 10.10.36.158:15272] script not found or unable to stat: /var/www/cgi-bin/nas_sharing.cgi
[Wed Jul 02 12:10:30.102049 2025] [:error] [pid 89290] [client 10.10.36.158:15806] script '/var/www/html/index.php' not found or unable to stat
[Wed Jul 02 12:10:30.105673 2025] [:error] [pid 50614] [client 10.10.36.158:15820] script '/var/www/html/index.php' not found or unable to stat
[Wed Jul 02 12:10:30.115491 2025] [core:error] [pid 50614] [client 10.10.36.158:15842] AH00126: Invalid URI in request GET /login/../../../etc/passwd HTTP/1.1
[Wed Jul 02 12:10:30.119248 2025] [:error] [pid 36997] [client 10.10.36.158:15846] script '/var/www/html/index.php' not found or unable to stat
[Wed Jul 02 12:10:31.104065 2025] [:error] [pid 89290] [client 10.10.36.158:16312] script '/var/www/html/index.php' not found or unable to stat
[Wed Jul 02 12:10:31.116794 2025] [:error] [pid 89286] [client 10.10.36.158:16338] script '/var/www/html/index.php' not found or unable to stat
[Wed Jul 02 12:10:31.119776 2025] [:error] [pid 93785] [client 10.10.36.158:16344] script '/var/www/html/excel.php' not found or unable to stat
[Wed Jul 02 12:10:31.120002 2025] [:error] [pid 89290] [client 10.10.36.158:16346] script '/var/www/html/index.php' not found or unable to stat
[Wed Jul 02 12:10:31.121457 2025] [:error] [pid 89287] [client 10.10.36.158:16352] script '/var/www/html/card_scan.php' not found or unable to stat
[Wed Jul 02 12:10:31.136556 2025] [:error] [pid 50614] [client 10.10.36.158:16358] script '/var/www/html/index.php' not found or unable to stat
[Wed Jul 02 12:10:32.109952 2025] [:error] [pid 89287] [client 10.10.36.158:16756] script '/var/www/html/index.php' not found or unable to stat
[Wed Jul 02 12:10:32.113576 2025] [:error] [pid 36997] [client 10.10.36.158:16764] script '/var/www/html/index.php' not found or unable to stat
[Wed Jul 02 12:10:32.138436 2025] [:error] [pid 36994] [client 10.10.36.158:16796] script '/var/www/html/index.php' not found or unable to stat
[Wed Jul 02 12:10:33.130697 2025] [:error] [pid 93785] [client 10.10.36.158:17340] script '/var/www/html/index.php' not found or unable to stat
[Wed Jul 02 12:10:33.157434 2025] [cgi:error] [pid 53537] [client 10.10.36.158:17382] script not found or unable to stat: /var/www/cgi-bin/luci
[Wed Jul 02 12:10:34.124761 2025] [:error] [pid 89290] [client 10.10.36.158:17734] script '/var/www/html/index.php' not found or unable to stat
[Wed Jul 02 12:10:34.126186 2025] [:error] [pid 89289] [client 10.10.36.158:17738] script '/var/www/html/index.php' not found or unable to stat
[Wed Jul 02 12:10:34.129920 2025] [:error] [pid 36997] [client 10.10.36.158:17748] script '/var/www/html/index.php' not found or unable to stat
[Wed Jul 02 12:10:34.137275 2025] [core:error] [pid 53537] [client 10.10.36.158:17754] AH00126: Invalid URI in request GET /node_modules/../../../../../etc/passwd HTTP/1.1
[Wed Jul 02 12:10:35.110776 2025] [cgi:error] [pid 50614] [client 10.10.36.158:18100] script not found or unable to stat: /var/www/cgi-bin/masterCGI
[Wed Jul 02 12:10:35.113299 2025] [:error] [pid 89287] [client 10.10.36.158:18102] script '/var/www/html/index.php' not found or unable to stat
[Wed Jul 02 12:10:35.114956 2025] [:error] [pid 53537] [client 10.10.36.158:18106] script '/var/www/html/index.php' not found or unable to stat
[Wed Jul 02 12:10:36.114580 2025] [:error] [pid 53537] [client 10.10.36.158:18498] script '/var/www/html/index.php' not found or unable to stat
[Wed Jul 02 12:10:36.115496 2025] [core:error] [pid 93785] [client 10.10.36.158:18502] AH00126: Invalid URI in request GET /static/js/../../../../../../../../../../../../../../etc/passwd HTTP/1.1
[Wed Jul 02 12:10:37.107710 2025] [:error] [pid 36997] [client 10.10.36.158:18856] script '/var/www/html/index.php' not found or unable to stat
[Wed Jul 02 12:10:37.123743 2025] [cgi:error] [pid 89288] [client 10.10.36.158:18870] script not found or unable to stat: /var/www/cgi-bin/export-cgi
[Wed Jul 02 12:10:37.129107 2025] [:error] [pid 89286] [client 10.10.36.158:18876] script '/var/www/html/index.php' not found or unable to stat
[Wed Jul 02 12:10:38.145318 2025] [:error] [pid 50614] [client 10.10.36.158:19316] script '/var/www/html/index.php' not found or unable to stat
[Wed Jul 02 12:10:39.110960 2025] [cgi:error] [pid 89290] [client 10.10.36.158:19772] script not found or unable to stat: /var/www/cgi-bin/kerbynet
[Wed Jul 02 12:10:39.136170 2025] [:error] [pid 53537] [client 10.10.36.158:19796] script '/var/www/html/index.php' not found or unable to stat
[Wed Jul 02 12:10:39.137551 2025] [:error] [pid 89290] [client 10.10.36.158:19802] script '/var/www/html/index.php' not found or unable to stat
[Wed Jul 02 12:10:40.123068 2025] [cgi:error] [pid 89286] [client 10.10.36.158:20098] script not found or unable to stat: /var/www/cgi-bin/webproc
[Wed Jul 02 12:10:40.123581 2025] [:error] [pid 89287] [client 10.10.36.158:20104] script '/var/www/html/contact.php' not found or unable to stat
[Wed Jul 02 12:10:40.124837 2025] [:error] [pid 53537] [client 10.10.36.158:20110] script '/var/www/html/index.php' not found or unable to stat
[Wed Jul 02 12:10:40.147801 2025] [:error] [pid 89290] [client 10.10.36.158:20122] script '/var/www/html/getcfg.php' not found or unable to stat
[Wed Jul 02 12:10:40.148366 2025] [:error] [pid 93785] [client 10.10.36.158:20120] script '/var/www/html/index.php' not found or unable to stat
[Wed Jul 02 12:10:40.150006 2025] [:error] [pid 53537] [client 10.10.36.158:20132] script '/var/www/html/index.php' not found or unable to stat
[Wed Jul 02 12:10:41.102477 2025] [:error] [pid 89286] [client 10.10.36.158:20424] script '/var/www/html/print.php' not found or unable to stat
[Wed Jul 02 12:10:41.103402 2025] [:error] [pid 93785] [client 10.10.36.158:20430] script '/var/www/html/index.php' not found or unable to stat
[Wed Jul 02 12:10:41.116551 2025] [:error] [pid 89287] [client 10.10.36.158:20458] script '/var/www/html/index.php' not found or unable to stat
[Wed Jul 02 12:10:42.099299 2025] [:error] [pid 89290] [client 10.10.36.158:20824] script '/var/www/html/search.php' not found or unable to stat
[Wed Jul 02 12:10:42.113092 2025] [:error] [pid 36997] [client 10.10.36.158:20830] script '/var/www/html/index.php' not found or unable to stat
[Wed Jul 02 12:10:42.126164 2025] [:error] [pid 53537] [client 10.10.36.158:20842] script '/var/www/html/index.php' not found or unable to stat
[Wed Jul 02 12:10:43.169228 2025] [core:error] [pid 53537] [client 10.10.36.158:21290] AH00126: Invalid URI in request GET /.%2e/%2e%2e/%2e%2e/%2e%2e/etc/config/nodogsplash HTTP/1.1
[Wed Jul 02 12:10:43.268210 2025] [:error] [pid 36994] [client 10.10.36.158:21352] script '/var/www/html/redir.php' not found or unable to stat
[Wed Jul 02 12:10:43.268963 2025] [cgi:error] [pid 89287] [client 10.10.36.158:21356] script not found or unable to stat: /var/www/cgi-bin/admin.cgi
[Wed Jul 02 12:10:44.108710 2025] [:error] [pid 89288] [client 10.10.36.158:21730] script '/var/www/html/preview.php' not found or unable to stat
[Wed Jul 02 12:10:44.117257 2025] [core:error] [pid 50614] [client 10.10.36.158:21742] AH00126: Invalid URI in request GET /static/../../../a/../../../../etc/passwd HTTP/1.1
[Wed Jul 02 12:10:44.117971 2025] [:error] [pid 53537] [client 10.10.36.158:21744] script '/var/www/html/index.php' not found or unable to stat
[Wed Jul 02 12:10:44.125168 2025] [:error] [pid 89289] [client 10.10.36.158:21754] script '/var/www/html/index.php' not found or unable to stat
[Wed Jul 02 12:10:45.108704 2025] [:error] [pid 50614] [client 10.10.36.158:22048] script '/var/www/html/settings.php' not found or unable to stat
[Wed Jul 02 12:10:45.114269 2025] [:error] [pid 53537] [client 10.10.36.158:22054] script '/var/www/html/index.php' not found or unable to stat
[Wed Jul 02 12:10:45.115021 2025] [:error] [pid 89286] [client 10.10.36.158:22056] script '/var/www/html/DownloadWindow.php' not found or unable to stat
[Wed Jul 02 12:10:45.119415 2025] [:error] [pid 89288] [client 10.10.36.158:22064] script '/var/www/html/index.php' not found or unable to stat
[Wed Jul 02 12:10:45.121202 2025] [:error] [pid 89290] [client 10.10.36.158:22068] script '/var/www/html/index.php' not found or unable to stat
[Wed Jul 02 12:10:45.181228 2025] [:error] [pid 36997] [client 10.10.36.158:22102] script '/var/www/html/comm.php' not found or unable to stat
[Wed Jul 02 12:10:46.104043 2025] [:error] [pid 36994] [client 10.10.36.158:22412] script '/var/www/html/login.php' not found or unable to stat
[Wed Jul 02 12:10:46.112684 2025] [core:error] [pid 89288] [client 10.10.36.158:22424] AH00126: Invalid URI in request GET /../../../../../../../../../../../../etc/passwd HTTP/1.1
[Wed Jul 02 12:10:46.136408 2025] [:error] [pid 93785] [client 10.10.36.158:22448] script '/var/www/html/index.php' not found or unable to stat
[Wed Jul 02 12:10:46.140557 2025] [:error] [pid 89288] [client 10.10.36.158:22454] script '/var/www/html/ajax.php' not found or unable to stat
[Wed Jul 02 12:10:47.122489 2025] [:error] [pid 89286] [client 10.10.36.158:22754] script '/var/www/html/index.php' not found or unable to stat
[Wed Jul 02 12:10:47.123844 2025] [:error] [pid 89289] [client 10.10.36.158:22760] script '/var/www/html/index.php' not found or unable to stat
[Wed Jul 02 12:10:47.127516 2025] [:error] [pid 50614] [client 10.10.36.158:22764] script '/var/www/html/viewrq.php' not found or unable to stat
[Wed Jul 02 12:10:47.130061 2025] [:error] [pid 89286] [client 10.10.36.158:22776] script '/var/www/html/index.php' not found or unable to stat
[Wed Jul 02 12:10:47.130304 2025] [:error] [pid 89289] [client 10.10.36.158:22778] script '/var/www/html/index.php' not found or unable to stat
[Wed Jul 02 12:10:47.130744 2025] [:error] [pid 36994] [client 10.10.36.158:22782] script '/var/www/html/index.php' not found or unable to stat
[Wed Jul 02 12:10:48.094851 2025] [:error] [pid 36997] [client 10.10.36.158:23052] script '/var/www/html/pictureproxy.php' not found or unable to stat
[Wed Jul 02 12:10:48.104022 2025] [:error] [pid 50614] [client 10.10.36.158:23058] script '/var/www/html/index.php' not found or unable to stat
[Wed Jul 02 12:10:48.222827 2025] [:error] [pid 36997] [client 10.10.36.158:23096] script '/var/www/html/pictureproxy.php' not found or unable to stat
[Wed Jul 02 12:10:52.114832 2025] [:error] [pid 89286] [client 10.10.36.158:24680] script '/var/www/html/index.php' not found or unable to stat
[Wed Jul 02 12:34:51.812947 2025] [cgi:error] [pid 93785] [client 10.10.36.158:47552] script not found or unable to stat: /var/www/cgi-bin/rpc
[Wed Jul 02 12:34:51.916821 2025] [:error] [pid 89286] [client 10.10.36.158:47592] script '/var/www/html/index.php' not found or unable to stat
[Wed Jul 02 12:34:52.436701 2025] [:error] [pid 93785] [client 10.10.36.158:47790] script '/var/www/html/get_dkey.php' not found or unable to stat
[Wed Jul 02 12:34:53.718074 2025] [:error] [pid 89287] [client 10.10.36.158:48192] script '/var/www/html/index.php' not found or unable to stat
[Wed Jul 02 12:37:53.119582 2025] [cgi:error] [pid 89287] [client 10.10.36.158:43002] script not found or unable to stat: /var/www/cgi-bin/dispatcher.cgi
[Wed Jul 02 12:37:54.043213 2025] [:error] [pid 36994] [client 10.10.36.158:43392] script '/var/www/html/index.php' not found or unable to stat
[Wed Jul 02 12:37:55.611579 2025] [:error] [pid 53537] [client 10.10.36.158:44066] script '/var/www/html/index.php' not found or unable to stat
[Wed Jul 02 12:37:55.841705 2025] [:error] [pid 93785] [client 10.10.36.158:44180] script '/var/www/html/login.php' not found or unable to stat
[Wed Jul 02 12:37:55.911426 2025] [:error] [pid 50614] [client 10.10.36.158:44216] script '/var/www/html/exciter.php' not found or unable to stat
[Wed Jul 02 12:37:55.943031 2025] [:error] [pid 89286] [client 10.10.36.158:44252] script '/var/www/html/index.php' not found or unable to stat
[Wed Jul 02 12:37:57.727148 2025] [cgi:error] [pid 89286] [client 10.10.36.158:45050] script not found or unable to stat: /var/www/cgi-bin/login.cgi
[Wed Jul 02 12:37:57.819109 2025] [:error] [pid 89290] [client 10.10.36.158:45122] script '/var/www/html/content.php' not found or unable to stat
[Wed Jul 02 12:37:58.511746 2025] [:error] [pid 53537] [client 10.10.36.158:45366] script '/var/www/html/index.php' not found or unable to stat
[Wed Jul 02 12:37:58.542360 2025] [:error] [pid 89289] [client 10.10.36.158:45406] script '/var/www/html/index.php' not found or unable to stat
[Wed Jul 02 12:37:58.814140 2025] [cgi:error] [pid 89289] [client 10.10.36.158:45526] script not found or unable to stat: /var/www/cgi-bin/luci
[Wed Jul 02 12:37:58.816320 2025] [:error] [pid 93785] [client 10.10.36.158:45532] script '/var/www/html/login_password_page.php' not found or unable to stat
[Wed Jul 02 12:37:59.411801 2025] [:error] [pid 89288] [client 10.10.36.158:45736] script '/var/www/html/login.php' not found or unable to stat
[Wed Jul 02 12:37:59.606324 2025] [:error] [pid 89288] [client 10.10.36.158:45824] script '/var/www/html/rpc.php' not found or unable to stat
[Wed Jul 02 12:37:59.610726 2025] [:error] [pid 89289] [client 10.10.36.158:45840] script '/var/www/html/login.php' not found or unable to stat
[Wed Jul 02 12:37:59.806430 2025] [:error] [pid 53537] [client 10.10.36.158:45916] script '/var/www/html/index.php' not found or unable to stat
[Wed Jul 02 12:37:59.824232 2025] [:error] [pid 93785] [client 10.10.36.158:45918] script '/var/www/html/setting.php' not found or unable to stat
[Wed Jul 02 12:37:59.835994 2025] [:error] [pid 89289] [client 10.10.36.158:45934] script '/var/www/html/index.php' not found or unable to stat
[Wed Jul 02 12:37:59.837705 2025] [:error] [pid 93785] [client 10.10.36.158:45944] script '/var/www/html/index.php' not found or unable to stat
[Wed Jul 02 12:37:59.846765 2025] [:error] [pid 89290] [client 10.10.36.158:45960] script '/var/www/html/index.php' not found or unable to stat
[Wed Jul 02 12:38:00.034144 2025] [:error] [pid 93785] [client 10.10.36.158:46024] script '/var/www/html/index.php' not found or unable to stat
[Wed Jul 02 12:38:00.400391 2025] [cgi:error] [pid 89289] [client 10.10.36.158:46150] script not found or unable to stat: /var/www/cgi-bin/login.cgi
[Wed Jul 02 12:38:00.401407 2025] [:error] [pid 89286] [client 10.10.36.158:46152] script '/var/www/html/login.php' not found or unable to stat
[Wed Jul 02 12:38:00.414433 2025] [:error] [pid 53537] [client 10.10.36.158:46164] script '/var/www/html/index.php' not found or unable to stat
[Wed Jul 02 12:38:00.425731 2025] [:error] [pid 89289] [client 10.10.36.158:46178] script '/var/www/html/index.php' not found or unable to stat, referer: navodaya.gov.in/index.php?action=login.index
[Wed Jul 02 12:38:01.039113 2025] [cgi:error] [pid 93785] [client 10.10.36.158:46488] script not found or unable to stat: /var/www/cgi-bin/ikon_button.exe
[Wed Jul 02 12:38:01.200069 2025] [:error] [pid 36997] [client 10.10.36.158:46616] script '/var/www/html/login.php' not found or unable to stat
[Wed Jul 02 12:38:01.494005 2025] [:error] [pid 53537] [client 10.10.36.158:46722] script '/var/www/html/index.php' not found or unable to stat
[Wed Jul 02 12:38:01.503314 2025] [:error] [pid 89288] [client 10.10.36.158:46748] script '/var/www/html/my_view_page.php' not found or unable to stat
[Wed Jul 02 12:38:03.894494 2025] [cgi:error] [pid 89287] [client 10.10.36.158:47462] script not found or unable to stat: /var/www/cgi-bin/dispatcher.cgi
[Wed Jul 02 12:38:03.980736 2025] [:error] [pid 53537] [client 10.10.36.158:47486] script '/var/www/html/login.php' not found or unable to stat
[Wed Jul 02 12:38:03.990779 2025] [:error] [pid 89286] [client 10.10.36.158:47498] script '/var/www/html/index.php' not found or unable to stat
[Wed Jul 02 12:38:03.991061 2025] [:error] [pid 89289] [client 10.10.36.158:47500] script '/var/www/html/index.php' not found or unable to stat
[Wed Jul 02 12:38:03.994789 2025] [:error] [pid 50614] [client 10.10.36.158:47506] script '/var/www/html/index.php' not found or unable to stat
[Wed Jul 02 12:38:03.996114 2025] [:error] [pid 89287] [client 10.10.36.158:47510] script '/var/www/html/index.php' not found or unable to stat
[Wed Jul 02 12:38:03.998432 2025] [:error] [pid 36994] [client 10.10.36.158:47512] script '/var/www/html/index.php' not found or unable to stat
[Wed Jul 02 12:50:46.879567 2025] [:error] [pid 36997] [client 10.10.36.158:29552] script '/var/www/html/graphiql.php' not found or unable to stat
[Wed Jul 02 12:50:46.990296 2025] [:error] [pid 89289] [client 10.10.36.158:29604] script '/var/www/html/graphql.php' not found or unable to stat
[Wed Jul 02 12:50:47.071507 2025] [:error] [pid 93785] [client 10.10.36.158:29638] script '/var/www/html/file.php' not found or unable to stat
[Wed Jul 02 12:50:48.373535 2025] [cgi:error] [pid 36997] [client 10.10.36.158:30286] script not found or unable to stat: /var/www/cgi-bin/MANGA
[Wed Jul 02 12:50:48.862468 2025] [:error] [pid 89290] [client 10.10.36.158:30416] script '/var/www/html/animalsadd.php' not found or unable to stat
[Wed Jul 02 12:50:50.766006 2025] [:error] [pid 89290] [client 10.10.36.158:31316] script '/var/www/html/index.php' not found or unable to stat
[Wed Jul 02 12:50:51.266286 2025] [:error] [pid 89288] [client 10.10.36.158:31600] script '/var/www/html/firmware.php' not found or unable to stat
[Wed Jul 02 12:50:51.976343 2025] [:error] [pid 89287] [client 10.10.36.158:31852] script '/var/www/html/index.php' not found or unable to stat
[Wed Jul 02 15:32:37.774450 2025] [:error] [pid 36994] [client 10.10.36.158:34756] script '/var/www/html/animalsadd.php' not found or unable to stat
[Wed Jul 02 15:32:38.370382 2025] [:error] [pid 89289] [client 10.10.36.158:34868] script '/var/www/html/firmware.php' not found or unable to stat
[Wed Jul 02 15:32:38.807512 2025] [:error] [pid 36994] [client 10.10.36.158:34970] script '/var/www/html/index.php' not found or unable to stat
[Wed Jul 02 15:32:39.526426 2025] [cgi:error] [pid 3359] [client 10.10.36.158:35144] script not found or unable to stat: /var/www/cgi-bin/MANGA
[Wed Jul 02 15:32:39.763078 2025] [:error] [pid 36994] [client 10.10.36.158:35198] script '/var/www/html/index.php' not found or unable to stat
[Wed Jul 02 15:32:42.797867 2025] [:error] [pid 7829] [client 10.10.36.158:35786] script '/var/www/html/graphql.php' not found or unable to stat
[Wed Jul 02 15:32:42.803716 2025] [:error] [pid 50614] [client 10.10.36.158:35788] script '/var/www/html/graphiql.php' not found or unable to stat
[Wed Jul 02 15:32:43.315848 2025] [:error] [pid 53537] [client 10.10.36.158:35914] script '/var/www/html/file.php' not found or unable to stat
[Wed Jul 02 16:17:24.610265 2025] [:error] [pid 36994] [client 10.10.36.158:53820] script '/var/www/html/animalsadd.php' not found or unable to stat
[Wed Jul 02 16:17:25.185746 2025] [:error] [pid 36994] [client 10.10.36.158:53916] script '/var/www/html/file.php' not found or unable to stat
[Wed Jul 02 16:17:26.694358 2025] [:error] [pid 89288] [client 10.10.36.158:54088] script '/var/www/html/index.php' not found or unable to stat
[Wed Jul 02 16:17:26.986987 2025] [:error] [pid 89288] [client 10.10.36.158:54108] script '/var/www/html/index.php' not found or unable to stat
[Wed Jul 02 16:17:27.082129 2025] [:error] [pid 53537] [client 10.10.36.158:54122] script '/var/www/html/firmware.php' not found or unable to stat
[Wed Jul 02 16:17:27.479499 2025] [cgi:error] [pid 89289] [client 10.10.36.158:54176] script not found or unable to stat: /var/www/cgi-bin/MANGA
[Wed Jul 02 16:17:32.896044 2025] [:error] [pid 89288] [client 10.10.36.158:54502] script '/var/www/html/graphiql.php' not found or unable to stat
[Wed Jul 02 16:17:33.060923 2025] [:error] [pid 89289] [client 10.10.36.158:54524] script '/var/www/html/graphql.php' not found or unable to stat
[Wed Jul 02 17:02:43.644608 2025] [:error] [pid 89289] [client 10.10.36.158:40894] script '/var/www/html/animalsadd.php' not found or unable to stat
[Wed Jul 02 17:02:56.525808 2025] [:error] [pid 36994] [client 10.10.36.158:42430] script '/var/www/html/graphql.php' not found or unable to stat
[Wed Jul 02 17:02:56.542647 2025] [:error] [pid 53537] [client 10.10.36.158:42438] script '/var/www/html/graphiql.php' not found or unable to stat
[Wed Jul 02 17:02:58.492304 2025] [:error] [pid 53537] [client 10.10.36.158:42724] script '/var/www/html/index.php' not found or unable to stat
[Wed Jul 02 17:02:59.436516 2025] [cgi:error] [pid 7829] [client 10.10.36.158:42888] script not found or unable to stat: /var/www/cgi-bin/MANGA
[Wed Jul 02 17:02:59.902580 2025] [:error] [pid 10332] [client 10.10.36.158:42990] script '/var/www/html/index.php' not found or unable to stat
[Wed Jul 02 17:03:00.429871 2025] [:error] [pid 10332] [client 10.10.36.158:43056] script '/var/www/html/firmware.php' not found or unable to stat
[Wed Jul 02 17:52:20.468400 2025] [:error] [pid 53537] [client 10.10.36.158:26330] script '/var/www/html/graphql.php' not found or unable to stat
[Wed Jul 02 17:52:20.780641 2025] [:error] [pid 50614] [client 10.10.36.158:26404] script '/var/www/html/graphiql.php' not found or unable to stat
[Wed Jul 02 17:52:22.322230 2025] [:error] [pid 3359] [client 10.10.36.158:26742] script '/var/www/html/animalsadd.php' not found or unable to stat
[Wed Jul 02 17:52:22.790232 2025] [:error] [pid 7829] [client 10.10.36.158:26934] script '/var/www/html/index.php' not found or unable to stat
[Wed Jul 02 17:52:23.269027 2025] [cgi:error] [pid 10332] [client 10.10.36.158:27008] script not found or unable to stat: /var/www/cgi-bin/MANGA
[Wed Jul 02 17:52:23.273412 2025] [:error] [pid 10332] [client 10.10.36.158:27032] script '/var/www/html/firmware.php' not found or unable to stat
[Wed Jul 02 17:52:23.663424 2025] [:error] [pid 3359] [client 10.10.36.158:27116] script '/var/www/html/index.php' not found or unable to stat
[Wed Jul 02 19:03:39.750632 2025] [:error] [pid 7829] [client 10.10.36.158:53674] script '/var/www/html/graphql.php' not found or unable to stat
[Wed Jul 02 19:03:39.851779 2025] [:error] [pid 89287] [client 10.10.36.158:53686] script '/var/www/html/graphiql.php' not found or unable to stat
[Wed Jul 02 19:03:40.252209 2025] [:error] [pid 89286] [client 10.10.36.158:53748] script '/var/www/html/animalsadd.php' not found or unable to stat
[Wed Jul 02 19:03:41.262258 2025] [:error] [pid 7829] [client 10.10.36.158:53860] script '/var/www/html/file.php' not found or unable to stat
[Wed Jul 02 19:03:43.064476 2025] [:error] [pid 7829] [client 10.10.36.158:54048] script '/var/www/html/index.php' not found or unable to stat
[Wed Jul 02 19:03:43.890472 2025] [:error] [pid 89287] [client 10.10.36.158:54110] script '/var/www/html/firmware.php' not found or unable to stat
[Wed Jul 02 19:03:44.111222 2025] [:error] [pid 36994] [client 10.10.36.158:54140] script '/var/www/html/index.php' not found or unable to stat
[Wed Jul 02 19:03:44.344458 2025] [cgi:error] [pid 10332] [client 10.10.36.158:54158] script not found or unable to stat: /var/www/cgi-bin/MANGA
[Sat Jul 05 01:28:44.584713 2025] [:error] [pid 3359] [client 10.10.36.158:55274] script '/var/www/html/xmlrpc.php' not found or unable to stat
[Sat Jul 05 14:11:22.640563 2025] [:error] [pid 10332] [client 10.10.36.158:59974] script '/var/www/html/xmlrpc.php' not found or unable to stat
[Sun Jul 06 01:30:09.343075 2025] [:error] [pid 57201] [client 10.10.36.158:28922] script '/var/www/html/new.php' not found or unable to stat
[Sun Jul 06 01:30:44.441180 2025] [:error] [pid 7829] [client 10.10.36.158:29414] script '/var/www/html/nope.php' not found or unable to stat
[Sun Jul 06 01:33:55.595028 2025] [:error] [pid 89287] [client 10.10.36.158:31926] script '/var/www/html/ava.php' not found or unable to stat
[Sun Jul 06 15:26:20.080741 2025] [:error] [pid 88398] [client 10.10.36.158:30150] script '/var/www/html/wp-login.php' not found or unable to stat
[Sun Jul 06 15:26:20.106391 2025] [:error] [pid 118206] [client 10.10.36.158:30154] script '/var/www/html/xmlrpc.php' not found or unable to stat
[Sun Jul 06 15:26:20.194936 2025] [:error] [pid 93052] [client 10.10.36.158:30162] script '/var/www/html/wp-login.php' not found or unable to stat
[Sun Jul 06 15:26:20.250429 2025] [:error] [pid 88397] [client 10.10.36.158:30166] script '/var/www/html/xmlrpc.php' not found or unable to stat
[Mon Jul 07 09:25:48.508565 2025] [:error] [pid 93052] [client 10.10.36.158:40762] script '/var/www/html/adminer.php' not found or unable to stat
[Tue Jul 08 11:17:05.350411 2025] [:error] [pid 51009] [client 10.10.36.158:22842] script '/var/www/html/wp-login.php' not found or unable to stat
[Tue Jul 08 12:55:09.369273 2025] [:error] [pid 104135] [client 10.10.36.158:52956] script '/var/www/html/xmlrpc.php' not found or unable to stat
[Tue Jul 08 12:58:21.762953 2025] [:error] [pid 51009] [client 10.10.36.158:37628] script '/var/www/html/wp-login.php' not found or unable to stat
[Wed Jul 09 04:01:10.684977 2025] [:error] [pid 60346] [client 10.10.36.158:59826] script '/var/www/html/wp-login.php' not found or unable to stat, referer: http://navodaya.gov.in/wp-admin/
[Wed Jul 09 04:01:10.802091 2025] [:error] [pid 112504] [client 10.10.36.158:59828] script '/var/www/html/wp-login.php' not found or unable to stat, referer: http://navodaya.gov.in/wp-admin/
[Wed Jul 09 04:01:10.960797 2025] [:error] [pid 60347] [client 10.10.36.158:59832] script '/var/www/html/wp-login.php' not found or unable to stat, referer: https://navodaya.gov.in/wp-admin/
[Wed Jul 09 04:01:11.112013 2025] [:error] [pid 51009] [client 10.10.36.158:59844] script '/var/www/html/wp-login.php' not found or unable to stat, referer: https://navodaya.gov.in/wp-admin/
[Wed Jul 09 04:01:11.266376 2025] [:error] [pid 88397] [client 10.10.36.158:59848] script '/var/www/html/wp-login.php' not found or unable to stat, referer: https://navodaya.gov.in/wp-admin/
[Wed Jul 09 16:37:55.057140 2025] [:error] [pid 80127] [client 10.10.36.158:58596] script '/var/www/html/wp-login.php' not found or unable to stat
[Wed Jul 09 16:37:55.089477 2025] [:error] [pid 16478] [client 10.10.36.158:58598] script '/var/www/html/xmlrpc.php' not found or unable to stat
[Wed Jul 09 16:38:37.368196 2025] [:error] [pid 93052] [client 10.10.36.158:61464] script '/var/www/html/wp-login.php' not found or unable to stat
[Wed Jul 09 16:38:37.467830 2025] [:error] [pid 112504] [client 10.10.36.158:61470] script '/var/www/html/xmlrpc.php' not found or unable to stat
[Thu Jul 10 00:10:21.021855 2025] [:error] [pid 112504] [client 10.10.36.247:61154] script '/var/www/html/wp-login.php' not found or unable to stat
[Thu Jul 10 00:10:21.429879 2025] [:error] [pid 93052] [client 10.10.36.247:61162] script '/var/www/html/admin.php' not found or unable to stat
[Fri Jul 11 05:23:44.586077 2025] [:error] [pid 10942] [client 10.10.36.158:30678] script '/var/www/html/wp-login.php' not found or unable to stat, referer: http://navodaya.gov.in/wp-admin/
[Fri Jul 11 05:23:44.743295 2025] [:error] [pid 11302] [client 10.10.36.158:30686] script '/var/www/html/wp-login.php' not found or unable to stat, referer: http://navodaya.gov.in/wp-admin/
[Fri Jul 11 05:23:44.929400 2025] [:error] [pid 10944] [client 10.10.36.158:30690] script '/var/www/html/wp-login.php' not found or unable to stat, referer: https://navodaya.gov.in/wp-admin/
[Fri Jul 11 05:23:45.093602 2025] [:error] [pid 19743] [client 10.10.36.158:30696] script '/var/www/html/wp-login.php' not found or unable to stat, referer: https://navodaya.gov.in/wp-admin/
[Fri Jul 11 05:23:45.270745 2025] [:error] [pid 10941] [client 10.10.36.158:30702] script '/var/www/html/wp-login.php' not found or unable to stat, referer: https://navodaya.gov.in/wp-admin/
[Fri Jul 11 15:59:34.581600 2025] [:error] [pid 10942] [client 10.10.36.247:21044] script '/var/www/html/alive.php' not found or unable to stat
[Mon Jul 14 10:23:52.299658 2025] [:error] [pid 129708] [client 10.10.36.158:41990] script '/var/www/html/wp-login.php' not found or unable to stat
[Mon Jul 14 10:23:52.369277 2025] [:error] [pid 117310] [client 10.10.36.158:42026] script '/var/www/html/xmlrpc.php' not found or unable to stat
[Mon Jul 14 10:23:52.534165 2025] [:error] [pid 117311] [client 10.10.36.158:42114] script '/var/www/html/wp-login.php' not found or unable to stat
[Mon Jul 14 10:23:52.644715 2025] [:error] [pid 119235] [client 10.10.36.158:42168] script '/var/www/html/xmlrpc.php' not found or unable to stat
[Tue Jul 15 09:44:47.841020 2025] [:error] [pid 73935] [client 10.10.36.158:37056] script '/var/www/html/login.php' not found or unable to stat
[Tue Jul 15 10:30:26.188106 2025] [:error] [pid 117312] [client 10.10.36.158:25458] script '/var/www/html/login.php' not found or unable to stat
[Tue Jul 15 11:16:29.087281 2025] [:error] [pid 117312] [client 10.10.36.158:46130] script '/var/www/html/login.php' not found or unable to stat
[Tue Jul 15 12:46:56.830504 2025] [:error] [pid 128592] [client 10.10.36.158:48830] script '/var/www/html/login.php' not found or unable to stat
[Tue Jul 15 13:32:10.002994 2025] [:error] [pid 119235] [client 10.10.36.158:56778] script '/var/www/html/login.php' not found or unable to stat
[Tue Jul 15 15:48:54.207499 2025] [:error] [pid 93312] [client 10.10.36.158:58898] script '/var/www/html/login.php' not found or unable to stat
[Tue Jul 15 16:33:57.273089 2025] [:error] [pid 73904] [client 10.10.36.158:20054] script '/var/www/html/login.php' not found or unable to stat
[Tue Jul 15 17:19:21.092744 2025] [:error] [pid 95185] [client 10.10.36.158:22274] script '/var/www/html/login.php' not found or unable to stat
[Tue Jul 15 20:47:57.642585 2025] [:error] [pid 73904] [client 10.10.36.247:14334] script '/var/www/html/alive.php' not found or unable to stat
[Wed Jul 16 16:07:31.864681 2025] [:error] [pid 93312] [client 10.10.36.158:20392] script '/var/www/html/about.php' not found or unable to stat
[Thu Jul 17 03:22:08.976671 2025] [:error] [pid 103426] [client 10.10.36.158:32150] script '/var/www/html/wp-login.php' not found or unable to stat
[Thu Jul 17 04:47:39.260473 2025] [:error] [pid 93317] [client 10.10.36.247:33666] script '/var/www/html/alive.php' not found or unable to stat
[Thu Jul 17 09:39:14.093772 2025] [:error] [pid 93317] [client 10.10.36.158:42534] script '/var/www/html/wp-login.php' not found or unable to stat
[Thu Jul 17 12:15:46.503717 2025] [authz_core:error] [pid 11630] [client 10.10.36.158:19848] AH01630: client denied by server configuration: /var/www/html/.html
[Thu Jul 17 12:50:42.748196 2025] [authz_core:error] [pid 11630] [client 10.10.36.158:18074] AH01630: client denied by server configuration: /var/www/html/.html
[Thu Jul 17 21:19:21.307474 2025] [:error] [pid 25216] [client 10.10.36.158:29342] script '/var/www/html/wp-login.php' not found or unable to stat
[Thu Jul 17 21:19:21.319757 2025] [:error] [pid 39198] [client 10.10.36.158:29344] script '/var/www/html/xmlrpc.php' not found or unable to stat
[Thu Jul 17 21:19:21.455886 2025] [:error] [pid 25206] [client 10.10.36.158:29348] script '/var/www/html/wp-login.php' not found or unable to stat
[Thu Jul 17 21:19:21.477279 2025] [:error] [pid 39195] [client 10.10.36.158:29350] script '/var/www/html/xmlrpc.php' not found or unable to stat
[Fri Jul 18 10:28:07.020926 2025] [:error] [pid 39200] [client 10.10.36.158:63110] script '/var/www/html/wp-login.php' not found or unable to stat
[Fri Jul 18 10:28:07.069343 2025] [:error] [pid 25216] [client 10.10.36.158:63146] script '/var/www/html/xmlrpc.php' not found or unable to stat
[Fri Jul 18 10:28:07.223671 2025] [:error] [pid 25206] [client 10.10.36.158:63178] script '/var/www/html/wp-login.php' not found or unable to stat
[Fri Jul 18 10:28:07.325110 2025] [:error] [pid 25205] [client 10.10.36.158:63222] script '/var/www/html/xmlrpc.php' not found or unable to stat
[Fri Jul 18 19:41:07.757404 2025] [:error] [pid 106730] [client 10.10.36.158:50798] script '/var/www/html/wp-login.php' not found or unable to stat
[Fri Jul 18 19:41:07.867478 2025] [:error] [pid 25206] [client 10.10.36.158:50806] script '/var/www/html/xmlrpc.php' not found or unable to stat
[Fri Jul 18 19:41:52.751536 2025] [:error] [pid 39198] [client 10.10.36.158:52582] script '/var/www/html/wp-login.php' not found or unable to stat
[Fri Jul 18 19:41:53.151515 2025] [:error] [pid 110763] [client 10.10.36.158:52604] script '/var/www/html/xmlrpc.php' not found or unable to stat
[Sat Jul 19 00:08:46.658316 2025] [:error] [pid 25207] [client 10.10.36.247:43242] script '/var/www/html/memberfuns.php' not found or unable to stat
[Sat Jul 19 00:10:19.442951 2025] [:error] [pid 39198] [client 10.10.36.247:43408] script '/var/www/html/delpaths.php' not found or unable to stat
[Sat Jul 19 00:10:44.920589 2025] [:error] [pid 106730] [client 10.10.36.247:43448] script '/var/www/html/gdftps.php' not found or unable to stat
[Sat Jul 19 00:11:14.764545 2025] [:error] [pid 106730] [client 10.10.36.247:43492] script '/var/www/html/inputs.php' not found or unable to stat
[Sat Jul 19 00:11:45.495376 2025] [:error] [pid 110763] [client 10.10.36.247:43546] script '/var/www/html/adminfuns.php' not found or unable to stat
[Sat Jul 19 00:12:21.843318 2025] [:error] [pid 39199] [client 10.10.36.247:43608] script '/var/www/html/classfuns.php' not found or unable to stat
[Sat Jul 19 00:13:00.027716 2025] [:error] [pid 25207] [client 10.10.36.247:43668] script '/var/www/html/thoms.php' not found or unable to stat
[Sat Jul 19 00:13:29.043034 2025] [:error] [pid 25204] [client 10.10.36.247:43712] script '/var/www/html/filefuns.php' not found or unable to stat
[Sat Jul 19 00:14:08.772387 2025] [:error] [pid 25204] [client 10.10.36.247:43782] script '/var/www/html/tempfuns.php' not found or unable to stat
[Sat Jul 19 00:14:36.841822 2025] [:error] [pid 25205] [client 10.10.36.247:43858] script '/var/www/html/termps.php' not found or unable to stat
[Sat Jul 19 00:15:24.093645 2025] [:error] [pid 110763] [client 10.10.36.247:44052] script '/var/www/html/hplfuns.php' not found or unable to stat
[Sat Jul 19 08:23:29.182698 2025] [:error] [pid 39199] [client 10.10.36.158:61736] script '/var/www/html/wp-login.php' not found or unable to stat
[Sat Jul 19 08:23:29.199392 2025] [:error] [pid 25216] [client 10.10.36.158:61738] script '/var/www/html/xmlrpc.php' not found or unable to stat
[Sat Jul 19 08:23:29.255235 2025] [:error] [pid 110763] [client 10.10.36.158:61744] script '/var/www/html/wp-login.php' not found or unable to stat
[Sat Jul 19 08:23:29.288551 2025] [:error] [pid 25205] [client 10.10.36.158:61746] script '/var/www/html/xmlrpc.php' not found or unable to stat
[Sat Jul 19 08:23:29.386290 2025] [:error] [pid 39198] [client 10.10.36.158:61756] script '/var/www/html/wp-login.php' not found or unable to stat
[Sat Jul 19 08:23:29.402867 2025] [:error] [pid 25204] [client 10.10.36.158:61762] script '/var/www/html/xmlrpc.php' not found or unable to stat
[Sat Jul 19 08:23:29.460200 2025] [:error] [pid 25207] [client 10.10.36.158:61764] script '/var/www/html/wp-login.php' not found or unable to stat
[Sat Jul 19 08:23:29.493030 2025] [:error] [pid 39199] [client 10.10.36.158:61766] script '/var/www/html/xmlrpc.php' not found or unable to stat
[Sat Jul 19 18:48:23.580466 2025] [:error] [pid 39198] [client 10.10.36.158:32120] script '/var/www/html/xmlrpc.php' not found or unable to stat
[Sat Jul 19 18:48:36.704411 2025] [:error] [pid 129366] [client 10.10.36.158:32764] script '/var/www/html/xmlrpc.php' not found or unable to stat
[Sun Jul 20 17:37:49.885267 2025] [:error] [pid 13536] [client 10.10.36.158:37096] script '/var/www/html/xmlrpc.php' not found or unable to stat
[Mon Jul 21 02:14:03.128363 2025] [:error] [pid 13535] [client 10.10.36.158:56576] script '/var/www/html/wp-login.php' not found or unable to stat
[Mon Jul 21 11:44:53.565769 2025] [:error] [pid 13536] [client 10.10.36.158:62056] script '/var/www/html/wp-login.php' not found or unable to stat
[Mon Jul 21 11:44:53.619634 2025] [:error] [pid 94316] [client 10.10.36.158:62080] script '/var/www/html/xmlrpc.php' not found or unable to stat
[Mon Jul 21 11:44:54.414307 2025] [:error] [pid 94316] [client 10.10.36.158:62372] script '/var/www/html/wp-login.php' not found or unable to stat
[Mon Jul 21 11:44:54.534630 2025] [:error] [pid 13534] [client 10.10.36.158:62422] script '/var/www/html/xmlrpc.php' not found or unable to stat
[Tue Jul 22 12:30:50.544611 2025] [:error] [pid 13537] [client 10.10.36.158:28766] script '/var/www/html/a.php' not found or unable to stat
[Tue Jul 22 12:30:50.602010 2025] [:error] [pid 13536] [client 10.10.36.158:28798] script '/var/www/html/b.php' not found or unable to stat
[Tue Jul 22 12:30:50.661518 2025] [:error] [pid 15624] [client 10.10.36.158:28824] script '/var/www/html/c.php' not found or unable to stat
[Tue Jul 22 12:30:50.731835 2025] [:error] [pid 22578] [client 10.10.36.158:28856] script '/var/www/html/d.php' not found or unable to stat
[Tue Jul 22 12:30:50.807432 2025] [:error] [pid 13533] [client 10.10.36.158:28906] script '/var/www/html/e.php' not found or unable to stat
[Tue Jul 22 12:30:50.862884 2025] [:error] [pid 13536] [client 10.10.36.158:28928] script '/var/www/html/f.php' not found or unable to stat
[Tue Jul 22 12:30:50.921226 2025] [:error] [pid 94316] [client 10.10.36.158:28960] script '/var/www/html/h.php' not found or unable to stat
[Tue Jul 22 12:30:51.011592 2025] [:error] [pid 15628] [client 10.10.36.158:28980] script '/var/www/html/i.php' not found or unable to stat
[Tue Jul 22 12:30:51.077851 2025] [:error] [pid 13534] [client 10.10.36.158:29014] script '/var/www/html/j.php' not found or unable to stat
[Tue Jul 22 12:30:51.135621 2025] [:error] [pid 18743] [client 10.10.36.158:29036] script '/var/www/html/l.php' not found or unable to stat
[Tue Jul 22 12:30:51.195963 2025] [:error] [pid 13533] [client 10.10.36.158:29062] script '/var/www/html/n.php' not found or unable to stat
[Tue Jul 22 12:30:51.251294 2025] [:error] [pid 13537] [client 10.10.36.158:29084] script '/var/www/html/o.php' not found or unable to stat
[Tue Jul 22 12:30:51.308252 2025] [:error] [pid 13536] [client 10.10.36.158:29108] script '/var/www/html/p.php' not found or unable to stat
[Tue Jul 22 12:30:51.377612 2025] [:error] [pid 94316] [client 10.10.36.158:29130] script '/var/www/html/q.php' not found or unable to stat
[Tue Jul 22 12:30:51.434673 2025] [:error] [pid 15628] [client 10.10.36.158:29142] script '/var/www/html/r.php' not found or unable to stat
[Tue Jul 22 12:30:51.490405 2025] [:error] [pid 13534] [client 10.10.36.158:29166] script '/var/www/html/s.php' not found or unable to stat
[Tue Jul 22 12:30:51.548842 2025] [:error] [pid 13535] [client 10.10.36.158:29186] script '/var/www/html/t.php' not found or unable to stat
[Tue Jul 22 12:30:51.609416 2025] [:error] [pid 13533] [client 10.10.36.158:29194] script '/var/www/html/u.php' not found or unable to stat
[Tue Jul 22 12:30:51.668644 2025] [:error] [pid 13536] [client 10.10.36.158:29214] script '/var/www/html/v.php' not found or unable to stat
[Tue Jul 22 12:30:51.727153 2025] [:error] [pid 15624] [client 10.10.36.158:29224] script '/var/www/html/x.php' not found or unable to stat
[Tue Jul 22 12:30:51.783560 2025] [:error] [pid 13534] [client 10.10.36.158:29246] script '/var/www/html/y.php' not found or unable to stat
[Tue Jul 22 12:30:51.840148 2025] [:error] [pid 18743] [client 10.10.36.158:29270] script '/var/www/html/z.php' not found or unable to stat
[Tue Jul 22 12:30:51.896546 2025] [:error] [pid 13535] [client 10.10.36.158:29286] script '/var/www/html/0.php' not found or unable to stat
[Tue Jul 22 12:30:51.952796 2025] [:error] [pid 13533] [client 10.10.36.158:29306] script '/var/www/html/1.php' not found or unable to stat
[Tue Jul 22 12:30:52.023847 2025] [:error] [pid 15624] [client 10.10.36.158:29338] script '/var/www/html/2.php' not found or unable to stat
[Tue Jul 22 12:30:52.082584 2025] [:error] [pid 94316] [client 10.10.36.158:29358] script '/var/www/html/3.php' not found or unable to stat
[Tue Jul 22 12:30:52.138710 2025] [:error] [pid 15628] [client 10.10.36.158:29378] script '/var/www/html/4.php' not found or unable to stat
[Tue Jul 22 12:30:52.194447 2025] [:error] [pid 18743] [client 10.10.36.158:29396] script '/var/www/html/5.php' not found or unable to stat
[Tue Jul 22 12:30:52.255038 2025] [:error] [pid 13535] [client 10.10.36.158:29412] script '/var/www/html/00.php' not found or unable to stat
[Tue Jul 22 12:30:52.311220 2025] [:error] [pid 13537] [client 10.10.36.158:29432] script '/var/www/html/wp.php' not found or unable to stat
[Tue Jul 22 12:30:52.369946 2025] [:error] [pid 15624] [client 10.10.36.158:29456] script '/var/www/html/okb.php' not found or unable to stat
[Tue Jul 22 12:30:52.427639 2025] [:error] [pid 94316] [client 10.10.36.158:29474] script '/var/www/html/0kb.php' not found or unable to stat
[Tue Jul 22 12:30:52.483861 2025] [:error] [pid 13534] [client 10.10.36.158:29496] script '/var/www/html/303.php' not found or unable to stat
[Tue Jul 22 12:30:52.549546 2025] [:error] [pid 18743] [client 10.10.36.158:29520] script '/var/www/html/404.php' not found or unable to stat
[Tue Jul 22 12:30:52.605924 2025] [:error] [pid 13535] [client 10.10.36.158:29540] script '/var/www/html/403.php' not found or unable to stat
[Tue Jul 22 12:30:52.664011 2025] [:error] [pid 13533] [client 10.10.36.158:29548] script '/var/www/html/402.php' not found or unable to stat
[Tue Jul 22 12:30:52.720992 2025] [:error] [pid 13536] [client 10.10.36.158:29568] script '/var/www/html/401.php' not found or unable to stat
[Tue Jul 22 12:30:52.778358 2025] [:error] [pid 15624] [client 10.10.36.158:29592] script '/var/www/html/400.php' not found or unable to stat
[Tue Jul 22 12:30:52.836520 2025] [:error] [pid 94316] [client 10.10.36.158:29612] script '/var/www/html/502.php' not found or unable to stat
[Tue Jul 22 12:30:52.896838 2025] [:error] [pid 22578] [client 10.10.36.158:29634] script '/var/www/html/alva.php' not found or unable to stat
[Tue Jul 22 12:30:52.957532 2025] [:error] [pid 13535] [client 10.10.36.158:29658] script '/var/www/html/lite.php' not found or unable to stat
[Tue Jul 22 12:30:53.014255 2025] [:error] [pid 13537] [client 10.10.36.158:29680] script '/var/www/html/alpa.php' not found or unable to stat
[Tue Jul 22 12:30:53.070075 2025] [:error] [pid 15624] [client 10.10.36.158:29704] script '/var/www/html/alfa.php' not found or unable to stat
[Tue Jul 22 12:30:53.248624 2025] [:error] [pid 13534] [client 10.10.36.158:29780] script '/var/www/html/alfa1.php' not found or unable to stat
[Tue Jul 22 12:30:53.305974 2025] [:error] [pid 13533] [client 10.10.36.158:29798] script '/var/www/html/alfaf.php' not found or unable to stat
[Tue Jul 22 12:30:53.362477 2025] [:error] [pid 13536] [client 10.10.36.158:29818] script '/var/www/html/alfah.php' not found or unable to stat
[Tue Jul 22 12:30:53.584617 2025] [:error] [pid 13533] [client 10.10.36.158:29898] script '/var/www/html/gecko.php' not found or unable to stat
[Tue Jul 22 12:30:53.977324 2025] [:error] [pid 15628] [client 10.10.36.158:30068] script '/var/www/html/alpha.php' not found or unable to stat
[Tue Jul 22 12:30:54.037566 2025] [:error] [pid 22578] [client 10.10.36.158:30104] script '/var/www/html/leaf.php' not found or unable to stat
[Tue Jul 22 12:30:54.093771 2025] [:error] [pid 13534] [client 10.10.36.158:30140] script '/var/www/html/leafh.php' not found or unable to stat
[Tue Jul 22 12:30:54.149998 2025] [:error] [pid 18743] [client 10.10.36.158:30174] script '/var/www/html/leafs.php' not found or unable to stat
[Tue Jul 22 12:30:54.206537 2025] [:error] [pid 13535] [client 10.10.36.158:30210] script '/var/www/html/asset.php' not found or unable to stat
[Tue Jul 22 12:30:54.261965 2025] [:error] [pid 13537] [client 10.10.36.158:30240] script '/var/www/html/ex.php' not found or unable to stat
[Tue Jul 22 12:30:54.318076 2025] [:error] [pid 15624] [client 10.10.36.158:30270] script '/var/www/html/exs.php' not found or unable to stat
[Tue Jul 22 12:30:54.374944 2025] [:error] [pid 94316] [client 10.10.36.158:30310] script '/var/www/html/Bin.php' not found or unable to stat
[Tue Jul 22 12:30:54.430142 2025] [:error] [pid 15628] [client 10.10.36.158:30356] script '/var/www/html/b21.php' not found or unable to stat
[Tue Jul 22 12:30:54.486461 2025] [:error] [pid 22578] [client 10.10.36.158:30396] script '/var/www/html/save.php' not found or unable to stat
[Tue Jul 22 12:30:54.543399 2025] [:error] [pid 13534] [client 10.10.36.158:30436] script '/var/www/html/saving.php' not found or unable to stat
[Tue Jul 22 12:30:54.602926 2025] [:error] [pid 18743] [client 10.10.36.158:30472] script '/var/www/html/kominfo.php' not found or unable to stat
[Tue Jul 22 12:30:54.661589 2025] [:error] [pid 13535] [client 10.10.36.158:30494] script '/var/www/html/license.php' not found or unable to stat
[Tue Jul 22 12:30:54.716975 2025] [:error] [pid 13533] [client 10.10.36.158:30506] script '/var/www/html/edit.php' not found or unable to stat
[Tue Jul 22 12:30:54.773820 2025] [:error] [pid 94316] [client 10.10.36.158:30534] script '/var/www/html/bypasswp.php' not found or unable to stat
[Tue Jul 22 12:30:54.830459 2025] [:error] [pid 15628] [client 10.10.36.158:30546] script '/var/www/html/wp-com.php' not found or unable to stat
[Tue Jul 22 12:30:54.889412 2025] [:error] [pid 18743] [client 10.10.36.158:30580] script '/var/www/html/wp-lok.php' not found or unable to stat
[Tue Jul 22 12:30:55.003778 2025] [:error] [pid 13533] [client 10.10.36.158:30616] script '/var/www/html/wp-lock.php' not found or unable to stat
[Tue Jul 22 12:30:55.059590 2025] [:error] [pid 13537] [client 10.10.36.158:30630] script '/var/www/html/wp-bys.php' not found or unable to stat
[Tue Jul 22 12:30:55.117767 2025] [:error] [pid 15624] [client 10.10.36.158:30646] script '/var/www/html/wp-byp.php' not found or unable to stat
[Tue Jul 22 12:30:55.174348 2025] [:error] [pid 15628] [client 10.10.36.158:30660] script '/var/www/html/wp-abyp.php' not found or unable to stat
[Tue Jul 22 12:30:55.231417 2025] [:error] [pid 22578] [client 10.10.36.158:30672] script '/var/www/html/wp-abypp.php' not found or unable to stat
[Tue Jul 22 12:30:55.298621 2025] [:error] [pid 13534] [client 10.10.36.158:30686] script '/var/www/html/wp-byps.php' not found or unable to stat
[Tue Jul 22 12:30:55.359061 2025] [:error] [pid 18743] [client 10.10.36.158:30704] script '/var/www/html/wp-bypss.php' not found or unable to stat
[Tue Jul 22 12:30:55.414956 2025] [:error] [pid 13533] [client 10.10.36.158:30726] script '/var/www/html/wp-bypass.php' not found or unable to stat
