[Sat Jan 25 09:02:34.770306 2025] [:error] [pid 7925] [client 10.10.36.87:47190] script '/var/www/html/pinfo.php' not found or unable to stat
[Sat Jan 25 09:02:35.084822 2025] [:error] [pid 121518] [client 10.10.36.87:47218] script '/var/www/html/phpversion.php' not found or unable to stat
[Sat Jan 25 09:02:35.399241 2025] [:error] [pid 34494] [client 10.10.36.87:47244] script '/var/www/html/old_phpinfo.php' not found or unable to stat
[Sat Jan 25 09:02:35.712714 2025] [:error] [pid 119765] [client 10.10.36.87:47270] script '/var/www/html/infos.php' not found or unable to stat
[Sat Jan 25 09:02:36.026326 2025] [:error] [pid 7780] [client 10.10.36.87:47298] script '/var/www/html/php-info.php' not found or unable to stat
[Sat Jan 25 09:02:43.566887 2025] [:error] [pid 97035] [client 10.10.36.87:48008] script '/var/www/html/phpinfo.php' not found or unable to stat
[Sat Jan 25 09:02:43.879971 2025] [:error] [pid 7926] [client 10.10.36.87:48044] script '/var/www/html/info.php' not found or unable to stat
[Sat Jan 25 09:02:51.743574 2025] [:error] [pid 7780] [client 10.10.36.87:48778] script '/var/www/html/wp-config.php' not found or unable to stat
[Sat Jan 25 09:02:52.686970 2025] [:error] [pid 119769] [client 10.10.36.87:48870] script '/var/www/html/index.php' not found or unable to stat
[Sat Jan 25 09:02:53.630523 2025] [:error] [pid 7925] [client 10.10.36.87:48958] script '/var/www/html/php_info.php' not found or unable to stat
[Sat Jan 25 09:02:54.258782 2025] [:error] [pid 34494] [client 10.10.36.87:49022] script '/var/www/html/config.php' not found or unable to stat
[Sat Jan 25 09:02:54.571911 2025] [:error] [pid 119765] [client 10.10.36.87:49062] script '/var/www/html/php.php' not found or unable to stat
[Sat Jan 25 09:02:55.198353 2025] [:error] [pid 11030] [client 10.10.36.87:49124] script '/var/www/html/.env.php' not found or unable to stat
[Sat Jan 25 09:03:06.829562 2025] [:error] [pid 7780] [client 10.10.36.87:50118] script '/var/www/html/server_info.php' not found or unable to stat
[Sun Jan 26 16:19:39.676406 2025] [cgi:error] [pid 38763] [client 10.10.36.87:56938] script not found or unable to stat: /var/www/cgi-bin/login.cgi
[Sun Jan 26 16:19:57.140466 2025] [cgi:error] [pid 75699] [client 10.10.36.87:56964] script not found or unable to stat: /var/www/cgi-bin/login.cgi
[Sun Jan 26 22:48:08.145356 2025] [cgi:error] [pid 40108] [client 10.10.36.87:34812] script not found or unable to stat: /var/www/cgi-bin/luci
[Mon Jan 27 01:29:26.776292 2025] [core:error] [pid 38761] [client 10.10.36.87:48636] AH00126: Invalid URI in request POST /cgi-bin/.%2e/.%2e/.%2e/.%2e/.%2e/.%2e/.%2e/.%2e/.%2e/.%2e/bin/sh HTTP/1.1
[Mon Jan 27 01:29:30.290868 2025] [:error] [pid 38761] [client 10.10.36.87:48716] script '/var/www/html/index.php' not found or unable to stat
[Mon Jan 27 01:29:30.509521 2025] [:error] [pid 38763] [client 10.10.36.87:48720] script '/var/www/html/index.php' not found or unable to stat
[Mon Jan 27 01:29:30.599815 2025] [:error] [pid 38765] [client 10.10.36.87:48722] script '/var/www/html/index.php' not found or unable to stat
[Mon Jan 27 13:32:28.152642 2025] [core:error] [pid 40108] [client 10.10.36.87:15354] AH00126: Invalid URI in request POST /cgi-bin/.%2e/.%2e/.%2e/.%2e/.%2e/.%2e/.%2e/.%2e/.%2e/.%2e/bin/sh HTTP/1.1
[Mon Jan 27 22:58:40.834841 2025] [core:error] [pid 38762] [client 10.10.36.87:43814] AH00126: Invalid URI in request POST /cgi-bin/.%2e/.%2e/.%2e/.%2e/.%2e/.%2e/.%2e/.%2e/.%2e/.%2e/bin/sh HTTP/1.1
[Tue Jan 28 00:46:26.011300 2025] [core:error] [pid 31539] [client 10.10.36.87:52490] AH00126: Invalid URI in request POST /cgi-bin/.%2e/.%2e/.%2e/.%2e/.%2e/.%2e/.%2e/.%2e/.%2e/.%2e/bin/sh HTTP/1.1
[Fri Jan 31 00:13:04.963363 2025] [core:error] [pid 62001] [client 10.10.36.87:39622] AH00126: Invalid URI in request GET /cgi-bin/.%2e/%2e%2e/%2e%2e/%2e%2e/%2e%2e/%2e%2e/%2e%2e/%2e%2e/%2e%2e/etc/hosts HTTP/1.1
[Fri Jan 31 00:13:06.931675 2025] [:error] [pid 40108] [client 10.10.36.87:39628] script '/var/www/html/info.php' not found or unable to stat
[Fri Jan 31 02:06:20.753338 2025] [:error] [pid 38765] [client 10.10.36.87:50330] script '/var/www/html/wp-login.php' not found or unable to stat, referer: https://hmissk.dcservices.in/wp-admin/
[Fri Jan 31 02:23:27.847747 2025] [core:error] [pid 103663] [client 10.10.36.87:51712] AH00126: Invalid URI in request GET /cgi-bin/.%2e/%2e%2e/%2e%2e/%2e%2e/%2e%2e/%2e%2e/%2e%2e/%2e%2e/%2e%2e/etc/hosts HTTP/1.1
[Fri Jan 31 02:23:30.924110 2025] [:error] [pid 62001] [client 10.10.36.87:51722] script '/var/www/html/info.php' not found or unable to stat
[Fri Jan 31 03:19:54.722078 2025] [core:error] [pid 103663] [client 10.10.36.87:56450] AH00126: Invalid URI in request GET /cgi-bin/.%2e/%2e%2e/%2e%2e/%2e%2e/%2e%2e/%2e%2e/%2e%2e/%2e%2e/%2e%2e/etc/hosts HTTP/1.1
[Fri Jan 31 03:20:03.169358 2025] [:error] [pid 40108] [client 10.10.36.87:56466] script '/var/www/html/info.php' not found or unable to stat
[Fri Jan 31 07:52:44.562491 2025] [core:error] [pid 123575] [client 10.10.36.87:26524] AH00126: Invalid URI in request GET /cgi-bin/.%2e/%2e%2e/%2e%2e/%2e%2e/%2e%2e/%2e%2e/%2e%2e/%2e%2e/%2e%2e/etc/hosts HTTP/1.1
[Fri Jan 31 07:52:47.779463 2025] [:error] [pid 123578] [client 10.10.36.87:26542] script '/var/www/html/info.php' not found or unable to stat
[Fri Jan 31 08:41:43.067656 2025] [core:error] [pid 71906] [client 10.10.36.87:30972] AH00126: Invalid URI in request GET /cgi-bin/.%2e/%2e%2e/%2e%2e/%2e%2e/%2e%2e/%2e%2e/%2e%2e/%2e%2e/%2e%2e/etc/hosts HTTP/1.1
[Fri Jan 31 08:41:50.456807 2025] [:error] [pid 123575] [client 10.10.36.87:30994] script '/var/www/html/info.php' not found or unable to stat
[Sat Feb 01 19:58:23.090229 2025] [:error] [pid 38764] [client 10.10.36.87:37700] script '/var/www/html/wp-login.php' not found or unable to stat, referer: https://hmissk.dcservices.in/wp-admin/
[Sun Feb 02 04:03:41.608571 2025] [:error] [pid 67164] [client 10.10.36.87:58088] script '/var/www/html/index.php' not found or unable to stat, referer: http://220.156.188.131/index.php?lang=en
[Sun Feb 02 23:00:30.062451 2025] [:error] [pid 67165] [client 10.10.36.87:11668] script '/var/www/html/index.php' not found or unable to stat, referer: http://220.156.188.131/index.php?lang=en
[Mon Feb 03 18:10:57.652975 2025] [:error] [pid 67163] [client 10.10.36.52:40202] script '/var/www/html/wp-login.php' not found or unable to stat
[Mon Feb 03 20:40:53.310186 2025] [core:error] [pid 96492] [client 10.10.36.87:60218] AH00126: Invalid URI in request POST /cgi-bin/.%2e/.%2e/.%2e/.%2e/.%2e/.%2e/.%2e/.%2e/.%2e/.%2e/bin/sh HTTP/1.1
[Mon Feb 03 20:51:19.875706 2025] [:error] [pid 78593] [client 10.10.36.87:61500] script '/var/www/html/index.php' not found or unable to stat, referer: http://220.156.188.131/index.php?lang=en
[Tue Feb 04 13:29:03.576137 2025] [core:error] [pid 67165] [client 10.10.36.87:24294] AH00126: Invalid URI in request POST /cgi-bin/.%2e/.%2e/.%2e/.%2e/.%2e/.%2e/.%2e/.%2e/.%2e/.%2e/bin/sh HTTP/1.1
[Tue Feb 04 13:29:11.389705 2025] [:error] [pid 96492] [client 10.10.36.87:24384] script '/var/www/html/index.php' not found or unable to stat
[Tue Feb 04 13:29:11.762756 2025] [:error] [pid 35906] [client 10.10.36.87:24394] script '/var/www/html/index.php' not found or unable to stat
[Tue Feb 04 13:29:11.931591 2025] [:error] [pid 35904] [client 10.10.36.87:24398] script '/var/www/html/index.php' not found or unable to stat
[Wed Feb 05 01:05:42.781259 2025] [core:error] [pid 30844] [client 10.10.36.87:16250] AH00126: Invalid URI in request POST /cgi-bin/.%2e/.%2e/.%2e/.%2e/.%2e/.%2e/.%2e/.%2e/.%2e/.%2e/bin/sh HTTP/1.1
[Wed Feb 05 01:05:53.384566 2025] [:error] [pid 30844] [client 10.10.36.87:16344] script '/var/www/html/index.php' not found or unable to stat
[Wed Feb 05 01:05:53.917451 2025] [:error] [pid 35905] [client 10.10.36.87:16348] script '/var/www/html/index.php' not found or unable to stat
[Wed Feb 05 01:05:54.198515 2025] [:error] [pid 96492] [client 10.10.36.87:16350] script '/var/www/html/index.php' not found or unable to stat
[Wed Feb 05 07:39:12.159504 2025] [:error] [pid 35904] [client 10.10.36.87:49148] script '/var/www/html/info.php' not found or unable to stat
[Thu Feb 06 17:05:14.785659 2025] [:error] [pid 96492] [client 10.10.36.87:18966] script '/var/www/html/wp-login.php' not found or unable to stat, referer: https://hmissk.dcservices.in/wp-admin/
[Sat Feb 08 01:23:54.238349 2025] [:error] [pid 76523] [client 10.10.36.87:57886] script '/var/www/html/wp-login.php' not found or unable to stat, referer: https://hmissk.dcservices.in/wp-admin/
[Mon Feb 10 07:14:26.770725 2025] [core:error] [pid 92810] [client 10.10.36.87:20736] AH00126: Invalid URI in request POST /cgi-bin/.%2e/.%2e/.%2e/.%2e/.%2e/.%2e/.%2e/.%2e/.%2e/.%2e/bin/sh HTTP/1.1
[Mon Feb 10 07:34:31.448163 2025] [:error] [pid 92809] [client 10.10.36.87:22698] script '/var/www/html/index.php' not found or unable to stat, referer: http://220.156.188.131/index.php?lang=en
[Mon Feb 10 16:17:09.041599 2025] [core:error] [pid 112535] [client 10.10.36.87:39454] AH00126: Invalid URI in request POST /cgi-bin/.%2e/.%2e/.%2e/.%2e/.%2e/.%2e/.%2e/.%2e/.%2e/.%2e/bin/sh HTTP/1.1
[Tue Feb 11 11:43:47.459739 2025] [:error] [pid 112535] [client 10.10.36.87:53466] script '/var/www/html/xmlrpc.php' not found or unable to stat
[Tue Feb 11 19:02:37.474906 2025] [:error] [pid 80418] [client 10.10.36.87:18064] script '/var/www/html/info.php' not found or unable to stat
[Tue Feb 11 21:27:00.461218 2025] [core:error] [pid 74796] [client 10.10.36.87:30892] AH00126: Invalid URI in request GET /toolbox-resource/../translations/../../configuration/serverconfig.xml HTTP/1.1
[Wed Feb 12 16:30:07.192259 2025] [:error] [pid 80418] [client 10.10.36.87:42504] script '/var/www/html/index.php' not found or unable to stat
[Wed Feb 12 16:30:07.208490 2025] [cgi:error] [pid 84575] [client 10.10.36.87:42510] script not found or unable to stat: /var/www/cgi-bin/rpc
[Wed Feb 12 16:30:07.950572 2025] [:error] [pid 84575] [client 10.10.36.87:42530] script '/var/www/html/index.php' not found or unable to stat
[Wed Feb 12 16:41:23.184668 2025] [:error] [pid 92809] [client 10.10.36.87:47518] script '/var/www/html/index.php' not found or unable to stat
[Wed Feb 12 16:41:27.176322 2025] [:error] [pid 84575] [client 10.10.36.87:47566] script '/var/www/html/index.php' not found or unable to stat
[Wed Feb 12 16:44:35.126423 2025] [:error] [pid 84575] [client 10.10.36.87:48258] script '/var/www/html/login-x.php' not found or unable to stat
[Wed Feb 12 16:47:49.191888 2025] [:error] [pid 84573] [client 10.10.36.87:51356] script '/var/www/html/dompdf.php' not found or unable to stat
[Wed Feb 12 16:48:40.119643 2025] [cgi:error] [pid 74796] [client 10.10.36.87:52472] script not found or unable to stat: /var/www/cgi-bin/status, referer: () { ignored; }; echo Content-Type: text/html; echo ; /bin/cat /etc/passwd
[Wed Feb 12 16:48:40.155800 2025] [cgi:error] [pid 84575] [client 10.10.36.87:52476] script not found or unable to stat: /var/www/cgi-bin/status, referer: () { ignored; }; echo Content-Type: text/html; echo ; /bin/cat /etc/passwd
[Wed Feb 12 16:48:40.165687 2025] [cgi:error] [pid 80374] [client 10.10.36.87:52478] script not found or unable to stat: /var/www/cgi-bin/test.cgi, referer: () { ignored; }; echo Content-Type: text/html; echo ; /bin/cat /etc/passwd
[Wed Feb 12 16:48:40.168472 2025] [cgi:error] [pid 84573] [client 10.10.36.87:52480] script not found or unable to stat: /var/www/cgi-bin/test-cgi, referer: () { ignored; }; echo Content-Type: text/html; echo ; /bin/cat /etc/passwd
[Wed Feb 12 16:48:40.178908 2025] [cgi:error] [pid 92813] [client 10.10.36.87:52482] script not found or unable to stat: /var/www/cgi-bin/test, referer: () { ignored; }; echo Content-Type: text/html; echo ; /bin/cat /etc/passwd
[Wed Feb 12 16:48:40.208814 2025] [cgi:error] [pid 80418] [client 10.10.36.87:52488] script not found or unable to stat: /var/www/cgi-bin/stats, referer: () { ignored; }; echo Content-Type: text/html; echo ; /bin/cat /etc/passwd
[Wed Feb 12 16:49:02.259654 2025] [:error] [pid 74796] [client 10.10.36.87:52906] script '/var/www/html/wp-login.php' not found or unable to stat
[Wed Feb 12 16:52:08.288248 2025] [:error] [pid 92813] [client 10.10.36.87:57428] script '/var/www/html/__debugging_center_utils___.php' not found or unable to stat
[Wed Feb 12 16:52:11.226747 2025] [:error] [pid 115710] [client 10.10.36.87:57472] script '/var/www/html/__debugging_center_utils___.php' not found or unable to stat
[Wed Feb 12 16:55:57.194486 2025] [core:error] [pid 84575] [client 10.10.36.87:60830] AH00126: Invalid URI in request GET \\..\\..\\..\\..\\Windows\\win.ini HTTP/1.1
[Wed Feb 12 16:57:33.113263 2025] [:error] [pid 80374] [client 10.10.36.87:62502] script '/var/www/html/index.php' not found or unable to stat
[Wed Feb 12 16:57:39.182705 2025] [:error] [pid 92809] [client 10.10.36.87:62628] script '/var/www/html/login.php' not found or unable to stat
[Wed Feb 12 16:59:09.119319 2025] [:error] [pid 80374] [client 10.10.36.87:10846] script '/var/www/html/NateMail.php' not found or unable to stat
[Wed Feb 12 17:00:34.178791 2025] [:error] [pid 115710] [client 10.10.36.87:12632] script '/var/www/html/zabbix.php' not found or unable to stat
[Wed Feb 12 17:00:40.224096 2025] [:error] [pid 84575] [client 10.10.36.87:12766] script '/var/www/html/getcfg.php' not found or unable to stat
[Wed Feb 12 17:00:43.195035 2025] [core:error] [pid 84573] [client 10.10.36.87:12844] AH00126: Invalid URI in request GET /2sw9bEr2TcIkJByWBMngKYatRAk/../../ThinVnc.ini HTTP/1.1
[Wed Feb 12 17:01:59.362053 2025] [:error] [pid 112535] [client 10.10.36.87:14254] script '/var/www/html/adxmlrpc.php' not found or unable to stat
[Wed Feb 12 17:02:33.195902 2025] [cgi:error] [pid 92813] [client 10.10.36.87:14786] script not found or unable to stat: /var/www/cgi-bin/supportInstaller
[Wed Feb 12 17:02:34.135404 2025] [:error] [pid 115710] [client 10.10.36.87:14804] script '/var/www/html/card_scan.php' not found or unable to stat
[Wed Feb 12 17:02:55.429101 2025] [:error] [pid 92813] [client 10.10.36.87:15264] script '/var/www/html/index.php' not found or unable to stat
[Wed Feb 12 17:02:59.231486 2025] [:error] [pid 115710] [client 10.10.36.87:15342] script '/var/www/html/wp-login.php' not found or unable to stat
[Wed Feb 12 17:03:48.227296 2025] [:error] [pid 84573] [client 10.10.36.87:16552] script '/var/www/html/index.php' not found or unable to stat
[Wed Feb 12 17:03:55.194379 2025] [:error] [pid 112535] [client 10.10.36.87:16672] script '/var/www/html/mailingupgrade.php' not found or unable to stat
[Wed Feb 12 17:04:14.167091 2025] [:error] [pid 74796] [client 10.10.36.87:17074] script '/var/www/html/login.php' not found or unable to stat
[Wed Feb 12 17:04:15.218049 2025] [:error] [pid 80417] [client 10.10.36.87:17098] script '/var/www/html/login.php' not found or unable to stat
[Wed Feb 12 17:05:31.206203 2025] [:error] [pid 115710] [client 10.10.36.87:18436] script '/var/www/html/login.php' not found or unable to stat
[Wed Feb 12 17:05:42.098725 2025] [:error] [pid 84575] [client 10.10.36.87:18528] script '/var/www/html/tiki-login_scr.php' not found or unable to stat
[Wed Feb 12 17:05:59.325505 2025] [cgi:error] [pid 92813] [client 10.10.36.87:18744] script not found or unable to stat: /var/www/cgi-bin/login.cgi, referer: https://220.156.188.131
[Wed Feb 12 17:06:51.157758 2025] [:error] [pid 80417] [client 10.10.36.87:19424] script '/var/www/html/fw.login.php' not found or unable to stat
[Wed Feb 12 17:07:01.138532 2025] [:error] [pid 80374] [client 10.10.36.87:19534] script '/var/www/html/cyrus.index.php' not found or unable to stat
[Wed Feb 12 17:07:22.212113 2025] [:error] [pid 92809] [client 10.10.36.87:19842] script '/var/www/html/index.php' not found or unable to stat, referer: https://220.156.188.131
[Wed Feb 12 17:07:22.213747 2025] [:error] [pid 74796] [client 10.10.36.87:19846] script '/var/www/html/index.php' not found or unable to stat, referer: https://220.156.188.131
[Wed Feb 12 17:08:54.129355 2025] [cgi:error] [pid 80417] [client 10.10.36.87:21330] script not found or unable to stat: /var/www/cgi-bin/execute_cmd.cgi
[Wed Feb 12 17:08:55.209605 2025] [:error] [pid 80374] [client 10.10.36.87:21352] script '/var/www/html/login.php' not found or unable to stat
[Wed Feb 12 17:09:11.164571 2025] [:error] [pid 92809] [client 10.10.36.87:21714] script '/var/www/html/index.php' not found or unable to stat
[Wed Feb 12 17:10:29.182570 2025] [:error] [pid 115710] [client 10.10.36.87:23312] script '/var/www/html/index.php' not found or unable to stat
[Wed Feb 12 17:10:29.233436 2025] [:error] [pid 80418] [client 10.10.36.87:23330] script '/var/www/html/index.php' not found or unable to stat
[Wed Feb 12 17:10:30.236954 2025] [:error] [pid 92809] [client 10.10.36.87:23350] script '/var/www/html/index.php' not found or unable to stat
[Wed Feb 12 17:10:39.245278 2025] [:error] [pid 80374] [client 10.10.36.87:23560] script '/var/www/html/index.php' not found or unable to stat
[Wed Feb 12 17:11:08.167554 2025] [:error] [pid 92809] [client 10.10.36.87:24268] script '/var/www/html/index.php' not found or unable to stat
[Wed Feb 12 17:11:56.115417 2025] [cgi:error] [pid 80417] [client 10.10.36.87:25194] script not found or unable to stat: /var/www/cgi-bin/libagent.cgi
[Wed Feb 12 17:12:03.403736 2025] [:error] [pid 112535] [client 10.10.36.87:25336] script '/var/www/html/index.php' not found or unable to stat
[Wed Feb 12 17:12:04.227584 2025] [cgi:error] [pid 115710] [client 10.10.36.87:25360] script not found or unable to stat: /var/www/cgi-bin/mainfunction.cgi
[Wed Feb 12 17:12:18.158805 2025] [:error] [pid 80418] [client 10.10.36.87:25682] script '/var/www/html/index.php' not found or unable to stat
[Wed Feb 12 17:12:18.180262 2025] [:error] [pid 92809] [client 10.10.36.87:25688] script '/var/www/html/getcfg.php' not found or unable to stat
[Wed Feb 12 17:13:14.180824 2025] [cgi:error] [pid 92813] [client 10.10.36.87:26734] script not found or unable to stat: /var/www/cgi-bin/mt
[Wed Feb 12 17:13:33.142817 2025] [:error] [pid 84575] [client 10.10.36.87:27162] script '/var/www/html/index.php' not found or unable to stat
[Wed Feb 12 17:13:33.169235 2025] [:error] [pid 92813] [client 10.10.36.87:27172] script '/var/www/html/_adminer.php' not found or unable to stat
[Wed Feb 12 17:13:33.187053 2025] [:error] [pid 115710] [client 10.10.36.87:27184] script '/var/www/html/adminer.php' not found or unable to stat
[Wed Feb 12 17:14:31.238556 2025] [cgi:error] [pid 84573] [client 10.10.36.87:28578] script not found or unable to stat: /var/www/cgi-bin/cgiServer
[Wed Feb 12 17:15:18.163011 2025] [:error] [pid 92813] [client 10.10.36.87:29504] script '/var/www/html/wp-comments-post.php' not found or unable to stat
[Wed Feb 12 17:19:31.103346 2025] [:error] [pid 74796] [client 10.10.36.87:33960] script '/var/www/html/contactus.php' not found or unable to stat
[Wed Feb 12 17:19:31.123676 2025] [:error] [pid 80417] [client 10.10.36.87:33964] script '/var/www/html/misc.php' not found or unable to stat
[Wed Feb 12 17:19:34.089903 2025] [:error] [pid 84575] [client 10.10.36.87:34092] script '/var/www/html/contactus.php' not found or unable to stat
[Wed Feb 12 17:19:38.180721 2025] [:error] [pid 80374] [client 10.10.36.87:34326] script '/var/www/html/contactus.php' not found or unable to stat
[Wed Feb 12 17:19:55.320177 2025] [:error] [pid 84573] [client 10.10.36.87:34814] script '/var/www/html/contactus.php' not found or unable to stat
[Wed Feb 12 17:20:56.210497 2025] [:error] [pid 84573] [client 10.10.36.87:35816] script '/var/www/html/index.php' not found or unable to stat
[Wed Feb 12 17:21:01.145051 2025] [:error] [pid 112535] [client 10.10.36.87:35900] script '/var/www/html/index.php' not found or unable to stat
[Wed Feb 12 17:22:34.113493 2025] [:error] [pid 80374] [client 10.10.36.87:37548] script '/var/www/html/wp-login.php' not found or unable to stat, referer: https://220.156.188.131
[Wed Feb 12 17:24:04.079542 2025] [:error] [pid 92809] [client 10.10.36.87:39328] script '/var/www/html/install.php' not found or unable to stat
[Wed Feb 12 17:24:04.168452 2025] [:error] [pid 74796] [client 10.10.36.87:39338] script '/var/www/html/install.php' not found or unable to stat
[Wed Feb 12 17:24:05.341869 2025] [:error] [pid 80417] [client 10.10.36.87:39350] script '/var/www/html/install.php' not found or unable to stat
[Wed Feb 12 17:24:07.155645 2025] [:error] [pid 84575] [client 10.10.36.87:39384] script '/var/www/html/install.php' not found or unable to stat
[Wed Feb 12 17:24:09.123198 2025] [:error] [pid 80374] [client 10.10.36.87:39410] script '/var/www/html/install.php' not found or unable to stat
[Wed Feb 12 17:24:09.166393 2025] [:error] [pid 84573] [client 10.10.36.87:39422] script '/var/www/html/install.php' not found or unable to stat
[Wed Feb 12 17:24:29.015661 2025] [:error] [pid 84575] [client 10.10.36.87:39928] script '/var/www/html/index.php' not found or unable to stat
[Wed Feb 12 17:24:32.110265 2025] [:error] [pid 84573] [client 10.10.36.87:40096] script '/var/www/html/delete_cart_goods.php' not found or unable to stat
[Wed Feb 12 17:24:38.153030 2025] [:error] [pid 115710] [client 10.10.36.87:40260] script '/var/www/html/action.php' not found or unable to stat
[Wed Feb 12 17:24:47.133701 2025] [:error] [pid 92809] [client 10.10.36.87:40504] script '/var/www/html/homeaction.php' not found or unable to stat
[Wed Feb 12 17:24:53.163114 2025] [:error] [pid 74796] [client 10.10.36.87:40652] script '/var/www/html/index.php' not found or unable to stat
[Wed Feb 12 17:24:53.171581 2025] [:error] [pid 80417] [client 10.10.36.87:40656] script '/var/www/html/TransferredOutModal.php' not found or unable to stat
[Wed Feb 12 17:25:08.147449 2025] [cgi:error] [pid 92813] [client 10.10.36.87:41022] script not found or unable to stat: /var/www/cgi-bin/slogin
[Wed Feb 12 17:25:22.203058 2025] [core:error] [pid 92809] [client 10.10.36.87:41276] AH00126: Invalid URI in request GET /icons/.%2e/%2e%2e/%2e%2e/%2e%2e/%2e%2e/%2e%2e/etc/passwd HTTP/1.1
[Wed Feb 12 17:25:27.174034 2025] [core:error] [pid 80417] [client 10.10.36.87:41356] AH00126: Invalid URI in request GET /cgi-bin/.%2e/.%2e/.%2e/.%2e/etc/passwd HTTP/1.1
[Wed Feb 12 17:25:32.167184 2025] [core:error] [pid 80374] [client 10.10.36.87:41456] AH00126: Invalid URI in request POST /cgi-bin/.%2e/%2e%2e/%2e%2e/%2e%2e/%2e%2e/%2e%2e/bin/sh HTTP/1.1
[Wed Feb 12 17:25:33.097119 2025] [core:error] [pid 84573] [client 10.10.36.87:41464] AH00126: Invalid URI in request GET /file/../../../../../../../../../../../../../../../../../../etc/passwd HTTP/1.1
[Wed Feb 12 17:25:33.162830 2025] [core:error] [pid 92813] [client 10.10.36.87:41468] AH00126: Invalid URI in request GET /file/../../../../../../../../../../../../../../../../../../windows/win.ini HTTP/1.1
[Wed Feb 12 17:25:46.187396 2025] [:error] [pid 84573] [client 10.10.36.87:41782] script '/var/www/html/Side.php' not found or unable to stat
[Wed Feb 12 17:27:29.076639 2025] [cgi:error] [pid 84575] [client 10.10.36.87:43752] script not found or unable to stat: /var/www/cgi-bin/DIS0hG.txt
[Wed Feb 12 17:27:44.200851 2025] [:error] [pid 74796] [client 10.10.36.87:43946] script '/var/www/html/wp-login.php' not found or unable to stat
[Wed Feb 12 17:28:01.074682 2025] [:error] [pid 115710] [client 10.10.36.87:44228] script '/var/www/html/wp-login.php' not found or unable to stat
[Wed Feb 12 17:29:39.110669 2025] [:error] [pid 80417] [client 10.10.36.87:46262] script '/var/www/html/index.php' not found or unable to stat
[Wed Feb 12 17:33:05.174150 2025] [:error] [pid 80374] [client 10.10.36.87:50602] script '/var/www/html/api.php' not found or unable to stat
[Wed Feb 12 17:33:32.116964 2025] [:error] [pid 92809] [client 10.10.36.87:51234] script '/var/www/html/login.php' not found or unable to stat
[Wed Feb 12 17:33:54.076763 2025] [cgi:error] [pid 84575] [client 10.10.36.87:51702] script not found or unable to stat: /var/www/cgi-bin/nightled.cgi
[Wed Feb 12 17:34:09.177054 2025] [cgi:error] [pid 92809] [client 10.10.36.87:52008] script not found or unable to stat: /var/www/cgi-bin/downloadFlile.cgi
[Wed Feb 12 17:34:26.189796 2025] [:error] [pid 84575] [client 10.10.36.87:52320] script '/var/www/html/index.php' not found or unable to stat
[Wed Feb 12 17:34:36.076469 2025] [:error] [pid 80418] [client 10.10.36.87:52512] script '/var/www/html/index.php' not found or unable to stat
[Wed Feb 12 17:34:36.152864 2025] [:error] [pid 74796] [client 10.10.36.87:52528] script '/var/www/html/index.php' not found or unable to stat
[Wed Feb 12 17:35:48.146111 2025] [:error] [pid 115710] [client 10.10.36.87:54014] script '/var/www/html/wp-login.php' not found or unable to stat
[Wed Feb 12 17:36:11.129718 2025] [:error] [pid 84573] [client 10.10.36.87:54282] script '/var/www/html/conf_mail.php' not found or unable to stat
[Wed Feb 12 17:36:15.136782 2025] [cgi:error] [pid 115710] [client 10.10.36.87:54328] script not found or unable to stat: /var/www/cgi-bin/login.cgi
[Wed Feb 12 17:36:54.069655 2025] [:error] [pid 115710] [client 10.10.36.87:55112] script '/var/www/html/card_scan.php' not found or unable to stat
[Wed Feb 12 17:37:37.124201 2025] [:error] [pid 80418] [client 10.10.36.87:55992] script '/var/www/html/booking.php' not found or unable to stat
[Wed Feb 12 17:37:42.193965 2025] [:error] [pid 92813] [client 10.10.36.87:56140] script '/var/www/html/login.php' not found or unable to stat, referer: "><"
[Wed Feb 12 17:37:59.185084 2025] [cgi:error] [pid 80417] [client 10.10.36.87:56538] script not found or unable to stat: /var/www/cgi-bin/login.cgi
[Wed Feb 12 17:38:03.118087 2025] [cgi:error] [pid 80374] [client 10.10.36.87:56618] script not found or unable to stat: /var/www/cgi-bin/ExportLogs.sh
[Wed Feb 12 17:39:00.082851 2025] [cgi:error] [pid 112535] [client 10.10.36.87:58020] script not found or unable to stat: /var/www/cgi-bin/popen.cgi
[Wed Feb 12 17:39:00.140095 2025] [cgi:error] [pid 80418] [client 10.10.36.87:58026] script not found or unable to stat: /var/www/cgi-bin/popen.cgi
[Wed Feb 12 17:39:07.082495 2025] [:error] [pid 84575] [client 10.10.36.87:58120] script '/var/www/html/fw.login.php' not found or unable to stat
[Wed Feb 12 17:40:30.131162 2025] [:error] [pid 74796] [client 10.10.36.87:59778] script '/var/www/html/network_test.php' not found or unable to stat
[Wed Feb 12 17:40:33.100086 2025] [:error] [pid 80374] [client 10.10.36.87:59840] script '/var/www/html/index.php' not found or unable to stat
[Wed Feb 12 17:41:43.139636 2025] [:error] [pid 115710] [client 10.10.36.87:60998] script '/var/www/html/index.php' not found or unable to stat
[Wed Feb 12 17:41:46.129420 2025] [:error] [pid 80418] [client 10.10.36.87:61026] script '/var/www/html/index.php' not found or unable to stat
[Wed Feb 12 17:41:48.142712 2025] [:error] [pid 92809] [client 10.10.36.87:61046] script '/var/www/html/index.php' not found or unable to stat
[Wed Feb 12 17:41:49.132840 2025] [:error] [pid 74796] [client 10.10.36.87:61058] script '/var/www/html/index.php' not found or unable to stat
[Wed Feb 12 17:41:50.187849 2025] [:error] [pid 80417] [client 10.10.36.87:61078] script '/var/www/html/index.php' not found or unable to stat
[Wed Feb 12 17:41:51.090613 2025] [:error] [pid 80374] [client 10.10.36.87:61090] script '/var/www/html/index.php' not found or unable to stat
[Wed Feb 12 17:41:56.109053 2025] [:error] [pid 84573] [client 10.10.36.87:61160] script '/var/www/html/index.php' not found or unable to stat
[Wed Feb 12 17:42:22.203806 2025] [:error] [pid 92809] [client 10.10.36.87:61528] script '/var/www/html/index.php' not found or unable to stat
[Wed Feb 12 17:42:23.080804 2025] [cgi:error] [pid 74796] [client 10.10.36.87:61540] script not found or unable to stat: /var/www/cgi-bin/ExportLogs.sh
[Wed Feb 12 17:42:29.160937 2025] [:error] [pid 80417] [client 10.10.36.87:61690] script '/var/www/html/index.php' not found or unable to stat
[Wed Feb 12 17:42:33.062772 2025] [:error] [pid 80374] [client 10.10.36.87:61776] script '/var/www/html/index.php' not found or unable to stat
[Wed Feb 12 17:42:40.119953 2025] [:error] [pid 84575] [client 10.10.36.87:61910] script '/var/www/html/index.php' not found or unable to stat
[Wed Feb 12 17:42:51.428395 2025] [:error] [pid 92813] [client 10.10.36.87:62114] script '/var/www/html/index.php' not found or unable to stat
[Wed Feb 12 17:42:54.257054 2025] [:error] [pid 112535] [client 10.10.36.87:62136] script '/var/www/html/index.php' not found or unable to stat
[Wed Feb 12 17:42:55.051564 2025] [:error] [pid 115710] [client 10.10.36.87:62144] script '/var/www/html/index.php' not found or unable to stat
[Wed Feb 12 17:43:10.116317 2025] [:error] [pid 92809] [client 10.10.36.87:62350] script '/var/www/html/index.php' not found or unable to stat
[Wed Feb 12 17:44:15.201804 2025] [:error] [pid 115710] [client 10.10.36.87:63386] script '/var/www/html/index.php' not found or unable to stat
[Wed Feb 12 17:45:01.063577 2025] [:error] [pid 80374] [client 10.10.36.87:10408] script '/var/www/html/search-request.php' not found or unable to stat
[Wed Feb 12 17:45:05.075414 2025] [:error] [pid 84575] [client 10.10.36.87:10424] script '/var/www/html/search-locker-details.php' not found or unable to stat
[Wed Feb 12 17:46:08.225418 2025] [:error] [pid 80374] [client 10.10.36.87:11348] script '/var/www/html/index.php' not found or unable to stat
[Wed Feb 12 17:47:31.175235 2025] [:error] [pid 80417] [client 10.10.36.87:12548] script '/var/www/html/downloader.php' not found or unable to stat
[Wed Feb 12 17:48:05.106095 2025] [:error] [pid 84573] [client 10.10.36.87:13252] script '/var/www/html/index.php' not found or unable to stat
[Wed Feb 12 17:49:05.128869 2025] [:error] [pid 80374] [client 10.10.36.87:14278] script '/var/www/html/spip.php' not found or unable to stat
[Wed Feb 12 17:51:33.105864 2025] [:error] [pid 80374] [client 10.10.36.87:19066] script '/var/www/html/texteditor.php' not found or unable to stat
[Wed Feb 12 17:52:12.055734 2025] [:error] [pid 84573] [client 10.10.36.87:20194] script '/var/www/html/index.php' not found or unable to stat
[Wed Feb 12 17:52:12.315479 2025] [cgi:error] [pid 92813] [client 10.10.36.87:20250] script not found or unable to stat: /var/www/cgi-bin/cstecgi.cgi
[Wed Feb 12 17:53:17.154069 2025] [:error] [pid 80418] [client 10.10.36.87:21292] script '/var/www/html/ajax.php' not found or unable to stat
[Wed Feb 12 17:53:22.202932 2025] [:error] [pid 80417] [client 10.10.36.87:21378] script '/var/www/html/login.php' not found or unable to stat
[Wed Feb 12 17:53:38.146915 2025] [:error] [pid 84575] [client 10.10.36.87:21630] script '/var/www/html/wp-login.php' not found or unable to stat
[Wed Feb 12 17:53:56.062531 2025] [:error] [pid 84575] [client 10.10.36.87:21900] script '/var/www/html/inizio.php' not found or unable to stat
[Wed Feb 12 17:54:01.036565 2025] [:error] [pid 115710] [client 10.10.36.87:21996] script '/var/www/html/creaprezzi.php' not found or unable to stat
[Wed Feb 12 17:54:51.101174 2025] [:error] [pid 92809] [client 10.10.36.87:23230] script '/var/www/html/webauth_operation.php' not found or unable to stat
[Wed Feb 12 17:55:35.149211 2025] [:error] [pid 84575] [client 10.10.36.87:23982] script '/var/www/html/superadmincreate.php' not found or unable to stat
[Wed Feb 12 17:55:37.141733 2025] [:error] [pid 115710] [client 10.10.36.87:24012] script '/var/www/html/OFcF8ZzJFG.php' not found or unable to stat
[Wed Feb 12 17:55:48.133660 2025] [:error] [pid 92809] [client 10.10.36.87:24214] script '/var/www/html/keepalive.php' not found or unable to stat
[Wed Feb 12 17:56:14.193456 2025] [:error] [pid 92809] [client 10.10.36.87:25018] script '/var/www/html/login.php' not found or unable to stat
[Wed Feb 12 17:56:15.158166 2025] [:error] [pid 80374] [client 10.10.36.87:25046] script '/var/www/html/login.php' not found or unable to stat
[Wed Feb 12 17:56:22.185130 2025] [:error] [pid 84573] [client 10.10.36.87:25262] script '/var/www/html/login.php' not found or unable to stat
[Wed Feb 12 17:56:29.108606 2025] [:error] [pid 92813] [client 10.10.36.87:25378] script '/var/www/html/graph_view.php' not found or unable to stat
[Wed Feb 12 17:56:31.170063 2025] [core:error] [pid 115710] [client 10.10.36.87:25506] AH00126: Invalid URI in request GET /../../../../etc/passwd HTTP/1.1
[Wed Feb 12 17:56:35.146391 2025] [:error] [pid 112535] [client 10.10.36.87:25680] script '/var/www/html/index.php' not found or unable to stat, referer: 554fcae493e564ee0dc75bdf2ebf94cabought_notes|a:1:{s:2:"id";s:49:"0&&updatexml(1,concat(0x7e,(database()),0x7e),1)#";}
[Wed Feb 12 17:57:52.077714 2025] [:error] [pid 84575] [client 10.10.36.87:27274] script '/var/www/html/index.php' not found or unable to stat
[Wed Feb 12 17:59:02.159890 2025] [cgi:error] [pid 92813] [client 10.10.36.87:28788] script not found or unable to stat: /var/www/cgi-bin/vitogate.cgi
[Wed Feb 12 17:59:27.119368 2025] [cgi:error] [pid 112535] [client 10.10.36.87:29274] script not found or unable to stat: /var/www/cgi-bin/cstecgi.cgi
[Wed Feb 12 18:00:01.075611 2025] [cgi:error] [pid 80418] [client 10.10.36.87:29796] script not found or unable to stat: /var/www/cgi-bin/quick
[Wed Feb 12 18:00:05.080242 2025] [cgi:error] [pid 92809] [client 10.10.36.87:29872] script not found or unable to stat: /var/www/cgi-bin/quick
[Wed Feb 12 18:00:49.134362 2025] [cgi:error] [pid 74796] [client 10.10.36.87:30762] script not found or unable to stat: /var/www/cgi-bin/vitogate.cgi
[Wed Feb 12 18:00:49.134718 2025] [cgi:error] [pid 80417] [client 10.10.36.87:30764] script not found or unable to stat: /var/www/cgi-bin/vitogate.cgi
[Wed Feb 12 18:02:48.097705 2025] [:error] [pid 92813] [client 10.10.36.87:33358] script '/var/www/html/index.php' not found or unable to stat
[Wed Feb 12 18:04:17.156756 2025] [cgi:error] [pid 80417] [client 10.10.36.87:35198] script not found or unable to stat: /var/www/cgi-bin/account_mgr.cgi
[Wed Feb 12 18:04:17.159882 2025] [cgi:error] [pid 92809] [client 10.10.36.87:35200] script not found or unable to stat: /var/www/cgi-bin/account_mgr.cgi
[Wed Feb 12 18:04:20.160162 2025] [cgi:error] [pid 80374] [client 10.10.36.87:35260] script not found or unable to stat: /var/www/cgi-bin/account_mgr.cgi
[Wed Feb 12 18:04:20.170571 2025] [cgi:error] [pid 84573] [client 10.10.36.87:35262] script not found or unable to stat: /var/www/cgi-bin/account_mgr.cgi
[Wed Feb 12 18:04:25.153784 2025] [:error] [pid 80418] [client 10.10.36.87:35384] script '/var/www/html/wp-login.php' not found or unable to stat
[Wed Feb 12 18:04:29.151041 2025] [:error] [pid 112535] [client 10.10.36.87:35498] script '/var/www/html/index.php' not found or unable to stat
[Wed Feb 12 18:06:29.051830 2025] [:error] [pid 112535] [client 10.10.36.87:37848] script '/var/www/html/importexport.php' not found or unable to stat
[Wed Feb 12 18:07:05.099941 2025] [cgi:error] [pid 74796] [client 10.10.36.87:38642] script not found or unable to stat: /var/www/cgi-bin/admin.cgi
[Wed Feb 12 18:07:11.047178 2025] [:error] [pid 92809] [client 10.10.36.87:38746] script '/var/www/html/save.php' not found or unable to stat
[Wed Feb 12 18:07:25.145745 2025] [:error] [pid 80418] [client 10.10.36.87:39084] script '/var/www/html/index.php' not found or unable to stat
[Wed Feb 12 18:08:23.144695 2025] [cgi:error] [pid 84573] [client 10.10.36.87:40464] script not found or unable to stat: /var/www/cgi-bin/info.cgi
[Wed Feb 12 18:08:49.119940 2025] [cgi:error] [pid 80374] [client 10.10.36.87:41050] script not found or unable to stat: /var/www/cgi-bin/cstecgi.cgi, referer: https://220.156.188.131/page/index.html
[Wed Feb 12 18:09:08.087966 2025] [:error] [pid 84575] [client 10.10.36.87:41422] script '/var/www/html/index.php' not found or unable to stat
[Wed Feb 12 18:10:29.047003 2025] [:error] [pid 92813] [client 10.10.36.87:43080] script '/var/www/html/xmlrpc.php' not found or unable to stat
[Wed Feb 12 18:10:29.051105 2025] [:error] [pid 80418] [client 10.10.36.87:43082] script '/var/www/html/phpinfo.php' not found or unable to stat
[Wed Feb 12 18:10:29.095651 2025] [:error] [pid 112535] [client 10.10.36.87:43086] script '/var/www/html/adminer.php' not found or unable to stat
[Wed Feb 12 18:10:29.096121 2025] [:error] [pid 115710] [client 10.10.36.87:43088] script '/var/www/html/adminer.php' not found or unable to stat
[Wed Feb 12 18:10:29.096892 2025] [:error] [pid 74796] [client 10.10.36.87:43090] script '/var/www/html/php_info.php' not found or unable to stat
[Wed Feb 12 18:10:29.108184 2025] [:error] [pid 92809] [client 10.10.36.87:43096] script '/var/www/html/cpanel.php' not found or unable to stat
[Wed Feb 12 18:10:29.108594 2025] [:error] [pid 80374] [client 10.10.36.87:43098] script '/var/www/html/php-info.php' not found or unable to stat
[Wed Feb 12 18:10:29.112318 2025] [:error] [pid 92813] [client 10.10.36.87:43106] script '/var/www/html/info.php' not found or unable to stat
[Wed Feb 12 18:10:29.114107 2025] [:error] [pid 80418] [client 10.10.36.87:43108] script '/var/www/html/xmlrpc.php' not found or unable to stat
[Wed Feb 12 18:10:29.116370 2025] [:error] [pid 112535] [client 10.10.36.87:43110] script '/var/www/html/admin.php' not found or unable to stat
[Wed Feb 12 18:10:29.121519 2025] [:error] [pid 115710] [client 10.10.36.87:43112] script '/var/www/html/admin.php' not found or unable to stat
[Wed Feb 12 18:11:35.145781 2025] [:error] [pid 74796] [client 10.10.36.87:44816] script '/var/www/html/login.php' not found or unable to stat
[Wed Feb 12 18:13:05.126472 2025] [:error] [pid 80418] [client 10.10.36.87:46890] script '/var/www/html/index.php' not found or unable to stat
[Wed Feb 12 18:13:07.046623 2025] [:error] [pid 112535] [client 10.10.36.87:46936] script '/var/www/html/test.php' not found or unable to stat
[Wed Feb 12 18:13:11.101208 2025] [cgi:error] [pid 80417] [client 10.10.36.87:47018] script not found or unable to stat: /var/www/cgi-bin/skk_get.cgi
[Wed Feb 12 18:13:37.055900 2025] [:error] [pid 115710] [client 10.10.36.87:47590] script '/var/www/html/index.php' not found or unable to stat
[Wed Feb 12 18:16:10.117867 2025] [cgi:error] [pid 84573] [client 10.10.36.87:50724] script not found or unable to stat: /var/www/cgi-bin/supervisor
[Wed Feb 12 18:16:37.064898 2025] [:error] [pid 80418] [client 10.10.36.87:51378] script '/var/www/html/index.php' not found or unable to stat
[Wed Feb 12 18:16:46.078841 2025] [:error] [pid 80417] [client 10.10.36.87:51580] script '/var/www/html/index.php' not found or unable to stat
[Wed Feb 12 18:17:01.092879 2025] [:error] [pid 92813] [client 10.10.36.87:51994] script '/var/www/html/spip.php' not found or unable to stat
[Wed Feb 12 18:19:34.094389 2025] [:error] [pid 80417] [client 10.10.36.87:55832] script '/var/www/html/index.php' not found or unable to stat
[Wed Feb 12 18:19:34.145599 2025] [:error] [pid 92809] [client 10.10.36.87:55844] script '/var/www/html/index.php' not found or unable to stat
[Wed Feb 12 18:19:35.076671 2025] [:error] [pid 80374] [client 10.10.36.87:55856] script '/var/www/html/index.php' not found or unable to stat
[Wed Feb 12 18:19:35.109937 2025] [:error] [pid 84575] [client 10.10.36.87:55870] script '/var/www/html/index.php' not found or unable to stat
[Wed Feb 12 18:19:35.111591 2025] [:error] [pid 84573] [client 10.10.36.87:55874] script '/var/www/html/index.php' not found or unable to stat
[Wed Feb 12 18:19:55.001522 2025] [cgi:error] [pid 74796] [client 10.10.36.87:56484] script not found or unable to stat: /var/www/cgi-bin/dispatcher.cgi
[Wed Feb 12 18:19:55.017883 2025] [cgi:error] [pid 115710] [client 10.10.36.87:56486] script not found or unable to stat: /var/www/cgi-bin/dispatcher.cgi
[Wed Feb 12 18:20:15.059696 2025] [:error] [pid 80374] [client 10.10.36.87:57110] script '/var/www/html/login.php' not found or unable to stat
[Wed Feb 12 18:22:26.057870 2025] [:error] [pid 115710] [client 10.10.36.87:59348] script '/var/www/html/index.php' not found or unable to stat
[Wed Feb 12 18:25:17.238727 2025] [:error] [pid 92813] [client 10.10.36.87:61878] script '/var/www/html/index.php' not found or unable to stat
[Wed Feb 12 18:27:13.109950 2025] [:error] [pid 92813] [client 10.10.36.87:10404] script '/var/www/html/login.php' not found or unable to stat
[Wed Feb 12 18:27:22.073721 2025] [:error] [pid 92809] [client 10.10.36.87:10506] script '/var/www/html/index.php' not found or unable to stat
[Wed Feb 12 18:27:22.170209 2025] [:error] [pid 80417] [client 10.10.36.87:10514] script '/var/www/html/exciter.php' not found or unable to stat
[Wed Feb 12 18:31:58.103326 2025] [cgi:error] [pid 74796] [client 10.10.36.87:18892] script not found or unable to stat: /var/www/cgi-bin/login.cgi
[Wed Feb 12 18:33:19.095674 2025] [:error] [pid 115710] [client 10.10.36.87:21392] script '/var/www/html/content.php' not found or unable to stat
[Wed Feb 12 18:34:45.228535 2025] [:error] [pid 112535] [client 10.10.36.87:24884] script '/var/www/html/index.php' not found or unable to stat
[Wed Feb 12 18:35:33.085588 2025] [:error] [pid 74796] [client 10.10.36.87:27212] script '/var/www/html/login_password_page.php' not found or unable to stat
[Wed Feb 12 18:35:39.145989 2025] [cgi:error] [pid 92813] [client 10.10.36.87:27424] script not found or unable to stat: /var/www/cgi-bin/luci
[Wed Feb 12 18:38:55.105287 2025] [:error] [pid 80417] [client 10.10.36.87:34090] script '/var/www/html/rpc.php' not found or unable to stat
[Wed Feb 12 18:40:05.026667 2025] [:error] [pid 80418] [client 10.10.36.87:34864] script '/var/www/html/index.php' not found or unable to stat
[Wed Feb 12 18:40:05.084247 2025] [:error] [pid 80374] [client 10.10.36.87:34868] script '/var/www/html/index.php' not found or unable to stat
[Wed Feb 12 18:40:05.174173 2025] [:error] [pid 112535] [client 10.10.36.87:34876] script '/var/www/html/index.php' not found or unable to stat
[Wed Feb 12 18:40:05.198589 2025] [:error] [pid 74796] [client 10.10.36.87:34878] script '/var/www/html/index.php' not found or unable to stat
[Wed Feb 12 18:40:49.072201 2025] [:error] [pid 92809] [client 10.10.36.87:35670] script '/var/www/html/index.php' not found or unable to stat
[Wed Feb 12 18:42:05.120102 2025] [:error] [pid 84573] [client 10.10.36.87:38944] script '/var/www/html/login.php' not found or unable to stat
[Wed Feb 12 18:42:07.097086 2025] [cgi:error] [pid 115710] [client 10.10.36.87:39126] script not found or unable to stat: /var/www/cgi-bin/login.cgi
[Wed Feb 12 18:42:19.005480 2025] [:error] [pid 84575] [client 10.10.36.87:39562] script '/var/www/html/index.php' not found or unable to stat, referer: 220.156.188.131/index.php?action=login.index
[Wed Feb 12 18:42:25.095709 2025] [:error] [pid 80418] [client 10.10.36.87:39896] script '/var/www/html/index.php' not found or unable to stat
[Wed Feb 12 18:47:22.053113 2025] [:error] [pid 80417] [client 10.10.36.87:52472] script '/var/www/html/login.php' not found or unable to stat
[Wed Feb 12 18:48:42.081046 2025] [:error] [pid 112535] [client 10.10.36.87:54694] script '/var/www/html/index.php' not found or unable to stat
[Wed Feb 12 18:58:54.072631 2025] [:error] [pid 112535] [client 10.10.36.87:16352] script '/var/www/html/infos.php' not found or unable to stat
[Wed Feb 12 18:58:54.073692 2025] [:error] [pid 80417] [client 10.10.36.87:16358] script '/var/www/html/inf0.php' not found or unable to stat
[Wed Feb 12 18:58:54.074543 2025] [:error] [pid 84575] [client 10.10.36.87:16366] script '/var/www/html/php_info.php' not found or unable to stat
[Wed Feb 12 18:58:54.075022 2025] [:error] [pid 92813] [client 10.10.36.87:16364] script '/var/www/html/infophp.php' not found or unable to stat
[Wed Feb 12 18:58:54.076738 2025] [:error] [pid 84573] [client 10.10.36.87:16368] script '/var/www/html/time.php' not found or unable to stat
[Wed Feb 12 18:58:54.077967 2025] [:error] [pid 74796] [client 10.10.36.87:16372] script '/var/www/html/index.php' not found or unable to stat
[Wed Feb 12 18:58:54.078538 2025] [:error] [pid 92809] [client 10.10.36.87:16374] script '/var/www/html/test.php' not found or unable to stat
[Wed Feb 12 18:58:54.079021 2025] [:error] [pid 115710] [client 10.10.36.87:16382] script '/var/www/html/pinfo.php' not found or unable to stat
[Wed Feb 12 18:58:54.080172 2025] [:error] [pid 80374] [client 10.10.36.87:16386] script '/var/www/html/asdf.php' not found or unable to stat
[Wed Feb 12 18:58:54.080921 2025] [:error] [pid 80417] [client 10.10.36.87:16388] script '/var/www/html/linusadmin-phpinfo.php' not found or unable to stat
[Wed Feb 12 18:58:54.082894 2025] [:error] [pid 84575] [client 10.10.36.87:16392] script '/var/www/html/php-info.php' not found or unable to stat
[Wed Feb 12 18:58:54.083402 2025] [:error] [pid 92813] [client 10.10.36.87:16394] script '/var/www/html/i.php' not found or unable to stat
[Wed Feb 12 18:58:54.087171 2025] [:error] [pid 80418] [client 10.10.36.87:16400] script '/var/www/html/php2.php' not found or unable to stat
[Wed Feb 12 18:58:54.092962 2025] [:error] [pid 84573] [client 10.10.36.87:16402] script '/var/www/html/a.php' not found or unable to stat
[Wed Feb 12 18:58:54.094006 2025] [:error] [pid 74796] [client 10.10.36.87:16404] script '/var/www/html/p.php' not found or unable to stat
[Wed Feb 12 18:58:54.099942 2025] [:error] [pid 115710] [client 10.10.36.87:16406] script '/var/www/html/old_phpinfo.php' not found or unable to stat
[Wed Feb 12 18:58:54.101514 2025] [:error] [pid 92809] [client 10.10.36.87:16408] script '/var/www/html/pi.php' not found or unable to stat
[Wed Feb 12 18:58:54.104421 2025] [:error] [pid 80374] [client 10.10.36.87:16412] script '/var/www/html/phpversion.php' not found or unable to stat
[Wed Feb 12 18:58:54.203017 2025] [:error] [pid 84575] [client 10.10.36.87:16442] script '/var/www/html/php.php' not found or unable to stat
[Wed Feb 12 18:58:54.203566 2025] [:error] [pid 92813] [client 10.10.36.87:16444] script '/var/www/html/phpinfo.php' not found or unable to stat
[Wed Feb 12 18:58:54.205908 2025] [:error] [pid 112535] [client 10.10.36.87:16446] script '/var/www/html/info.php' not found or unable to stat
[Wed Feb 12 18:58:54.217143 2025] [:error] [pid 80418] [client 10.10.36.87:16454] script '/var/www/html/temp.php' not found or unable to stat
[Wed Feb 12 18:59:29.027767 2025] [:error] [pid 84575] [client 10.10.36.87:17184] script '/var/www/html/l.php' not found or unable to stat
[Wed Feb 12 19:20:51.940861 2025] [cgi:error] [pid 80417] [client 10.10.36.87:43460] script not found or unable to stat: /var/www/cgi-bin/webproc
[Wed Feb 12 19:28:57.968768 2025] [:error] [pid 115710] [client 10.10.36.87:53642] script '/var/www/html/server_import.php' not found or unable to stat
[Wed Feb 12 19:43:43.994381 2025] [:error] [pid 92809] [client 10.10.36.87:20562] script '/var/www/html/graphiql.php' not found or unable to stat
[Wed Feb 12 19:43:44.033989 2025] [:error] [pid 80374] [client 10.10.36.87:20570] script '/var/www/html/graphql.php' not found or unable to stat
[Wed Feb 12 20:12:31.000699 2025] [cgi:error] [pid 92809] [client 10.10.36.87:25226] script not found or unable to stat: /var/www/cgi-bin/nobody
[Wed Feb 12 20:12:41.003782 2025] [:error] [pid 92813] [client 10.10.36.87:25336] script '/var/www/html/.antproxy.php' not found or unable to stat
[Wed Feb 12 20:13:29.014051 2025] [:error] [pid 80418] [client 10.10.36.87:26280] script '/var/www/html/index.php' not found or unable to stat
[Wed Feb 12 20:16:09.954291 2025] [cgi:error] [pid 115710] [client 10.10.36.87:30826] script not found or unable to stat: /var/www/cgi-bin/sc_mgr.cgi
[Wed Feb 12 20:18:46.943487 2025] [core:error] [pid 84575] [client 10.10.36.87:32660] AH00126: Invalid URI in request GET /../../WEB-INF/web.xml;x= HTTP/1.1
[Wed Feb 12 20:18:46.945895 2025] [core:error] [pid 92809] [client 10.10.36.87:32662] AH00126: Invalid URI in request GET /../../../../WEB-INF/web.xml HTTP/1.1
[Wed Feb 12 20:18:46.998610 2025] [core:error] [pid 80417] [client 10.10.36.87:32668] AH00126: Invalid URI in request GET /../WEB-INF/web.xml HTTP/1.1
[Wed Feb 12 20:18:47.000374 2025] [core:error] [pid 84573] [client 10.10.36.87:32672] AH00126: Invalid URI in request GET /../../WEB-INF/web.xml HTTP/1.1
[Wed Feb 12 20:18:47.000847 2025] [core:error] [pid 80418] [client 10.10.36.87:32674] AH00126: Invalid URI in request GET /../WEB-INF/web.xml;x= HTTP/1.1
[Wed Feb 12 20:18:47.019267 2025] [core:error] [pid 92813] [client 10.10.36.87:32678] AH00126: Invalid URI in request GET /../../../WEB-INF/web.xml;x= HTTP/1.1
[Wed Feb 12 20:18:47.032457 2025] [core:error] [pid 84575] [client 10.10.36.87:32680] AH00126: Invalid URI in request GET /../../../WEB-INF/web.xml HTTP/1.1
[Wed Feb 12 20:20:00.904435 2025] [core:error] [pid 80417] [client 10.10.36.87:33894] AH00126: Invalid URI in request GET /./../../../../../../../../../../etc/passwd HTTP/1.1
[Wed Feb 12 20:20:19.896627 2025] [core:error] [pid 112535] [client 10.10.36.87:34098] AH00126: Invalid URI in request GET /.%2e/%2e%2e/%2e%2e/%2e%2e/%2e%2e/%2e%2e/%2e%2e/windows/win.ini HTTP/1.1
[Wed Feb 12 20:20:19.903223 2025] [:error] [pid 92809] [client 10.10.36.87:34104] script '/var/www/html/index.php' not found or unable to stat
[Wed Feb 12 20:20:19.909031 2025] [:error] [pid 115710] [client 10.10.36.87:34108] script '/var/www/html/index.php' not found or unable to stat
[Wed Feb 12 20:20:19.911107 2025] [core:error] [pid 84573] [client 10.10.36.87:34110] AH00126: Invalid URI in request GET /../../../../../../../../../windows/win.ini HTTP/1.1
[Wed Feb 12 20:20:19.927786 2025] [core:error] [pid 92813] [client 10.10.36.87:34120] AH00126: Invalid URI in request GET /./../../../../../../../../../../windows/win.ini HTTP/1.1
[Wed Feb 12 20:20:19.962161 2025] [:error] [pid 84575] [client 10.10.36.87:34122] script '/var/www/html/index.php' not found or unable to stat
[Wed Feb 12 20:20:19.973502 2025] [:error] [pid 80418] [client 10.10.36.87:34132] script '/var/www/html/index.php' not found or unable to stat
