[Mon Jun 09 20:17:34.621388 2025] [:error] [pid 65478] [client 10.10.36.158:46788] script '/var/www/html/index.php' not found or unable to stat
[Mon Jun 09 20:17:34.929653 2025] [:error] [pid 65603] [client 10.10.36.158:46870] script '/var/www/html/index.php' not found or unable to stat
[Mon Jun 09 20:17:35.189266 2025] [:error] [pid 65603] [client 10.10.36.158:46906] script '/var/www/html/login.php' not found or unable to stat
[Mon Jun 09 20:17:35.307121 2025] [:error] [pid 65480] [client 10.10.36.158:46926] script '/var/www/html/identification.php' not found or unable to stat
[Mon Jun 09 20:17:35.425378 2025] [cgi:error] [pid 65480] [client 10.10.36.158:46944] script not found or unable to stat: /var/www/cgi-bin/videoconfiguration.cgi
[Mon Jun 09 20:17:35.911490 2025] [:error] [pid 81410] [client 10.10.36.158:47022] script '/var/www/html/login.php' not found or unable to stat
[Mon Jun 09 20:17:36.252416 2025] [:error] [pid 65600] [client 10.10.36.158:47064] script '/var/www/html/login_up.php' not found or unable to stat
[Mon Jun 09 20:17:36.631557 2025] [:error] [pid 65481] [client 10.10.36.158:47124] script '/var/www/html/status.php' not found or unable to stat
[Mon Jun 09 20:17:36.739822 2025] [cgi:error] [pid 65600] [client 10.10.36.158:47136] script not found or unable to stat: /var/www/cgi-bin/cgi
[Mon Jun 09 20:17:36.982762 2025] [:error] [pid 65603] [client 10.10.36.158:47186] script '/var/www/html/index.php' not found or unable to stat
[Mon Jun 09 20:17:37.186224 2025] [:error] [pid 65482] [client 10.10.36.158:47226] script '/var/www/html/index.php' not found or unable to stat
[Mon Jun 09 20:17:37.219004 2025] [cgi:error] [pid 65602] [client 10.10.36.158:47232] script not found or unable to stat: /var/www/cgi-bin/common
[Mon Jun 09 20:17:37.300330 2025] [:error] [pid 65482] [client 10.10.36.158:47244] script '/var/www/html/index.php' not found or unable to stat
[Mon Jun 09 20:17:37.608422 2025] [:error] [pid 65481] [client 10.10.36.158:47330] script '/var/www/html/login_page.php' not found or unable to stat
[Mon Jun 09 20:17:37.966299 2025] [:error] [pid 65603] [client 10.10.36.158:47384] script '/var/www/html/login.php' not found or unable to stat
[Mon Jun 09 20:17:37.996031 2025] [:error] [pid 65600] [client 10.10.36.158:47394] script '/var/www/html/index.php' not found or unable to stat
[Mon Jun 09 20:17:38.144153 2025] [:error] [pid 65600] [client 10.10.36.158:47438] script '/var/www/html/user.php' not found or unable to stat
[Mon Jun 09 20:17:38.229609 2025] [:error] [pid 65602] [client 10.10.36.158:47456] script '/var/www/html/index.php' not found or unable to stat
[Mon Jun 09 20:17:38.320433 2025] [:error] [pid 65479] [client 10.10.36.158:47474] script '/var/www/html/login.php' not found or unable to stat
[Mon Jun 09 20:17:38.565102 2025] [:error] [pid 65482] [client 10.10.36.158:47528] script '/var/www/html/index.php' not found or unable to stat
[Mon Jun 09 20:17:38.592799 2025] [cgi:error] [pid 65602] [client 10.10.36.158:47534] script not found or unable to stat: /var/www/cgi-bin/home
[Mon Jun 09 20:17:38.670618 2025] [:error] [pid 81410] [client 10.10.36.158:47550] script '/var/www/html/admin.php' not found or unable to stat
[Mon Jun 09 20:17:38.764246 2025] [cgi:error] [pid 65481] [client 10.10.36.158:47578] script not found or unable to stat: /var/www/cgi-bin/webmail
[Mon Jun 09 20:17:39.166778 2025] [cgi:error] [pid 65600] [client 10.10.36.158:47660] script not found or unable to stat: /var/www/cgi-bin/qmailadmin
[Mon Jun 09 20:17:39.192689 2025] [:error] [pid 65478] [client 10.10.36.158:47666] script '/var/www/html/admin.php' not found or unable to stat
[Mon Jun 09 20:17:39.297377 2025] [cgi:error] [pid 65479] [client 10.10.36.158:47692] script not found or unable to stat: /var/www/cgi-bin/wwwctrl.cgi
[Mon Jun 09 20:17:39.368028 2025] [cgi:error] [pid 65480] [client 10.10.36.158:47698] script not found or unable to stat: /var/www/cgi-bin/qmailadmin
[Mon Jun 09 20:17:39.466191 2025] [cgi:error] [pid 65600] [client 10.10.36.158:47722] script not found or unable to stat: /var/www/cgi-bin/xweb500.cgi
[Mon Jun 09 20:17:39.560385 2025] [:error] [pid 65480] [client 10.10.36.158:47752] script '/var/www/html/user.php' not found or unable to stat
[Mon Jun 09 20:35:31.140656 2025] [core:error] [pid 65482] [client 10.10.36.158:28888] AH00126: Invalid URI in request GET /../../../../../../../../../../etc/passwd HTTP/1.1
[Mon Jun 09 20:35:31.142185 2025] [cgi:error] [pid 65600] [client 10.10.36.158:28892] script not found or unable to stat: /var/www/cgi-bin/privatekey.pem
[Mon Jun 09 20:35:33.008055 2025] [cgi:error] [pid 65479] [client 10.10.36.158:29014] script not found or unable to stat: /var/www/cgi-bin/guestimage.html
[Mon Jun 09 20:35:34.605575 2025] [:error] [pid 65481] [client 10.10.36.158:29040] script '/var/www/html/boardDataWW.php' not found or unable to stat
[Tue Jun 10 09:24:19.992941 2025] [:error] [pid 65482] [client 10.10.36.158:54136] script '/var/www/html/xmlrpc.php' not found or unable to stat
[Tue Jun 10 11:55:35.499392 2025] [:error] [pid 65600] [client 10.10.36.158:31972] script '/var/www/html/xmlrpc.php' not found or unable to stat
[Tue Jun 10 17:26:40.175153 2025] [:error] [pid 20775] [client 10.10.36.158:29988] script '/var/www/html/xmlrpc.php' not found or unable to stat
[Wed Jun 11 07:06:09.810039 2025] [:error] [pid 20766] [client 10.10.36.158:11988] script '/var/www/html/radio.php' not found or unable to stat
[Wed Jun 11 07:06:10.185069 2025] [:error] [pid 33516] [client 10.10.36.158:11996] script '/var/www/html/content.php' not found or unable to stat
[Wed Jun 11 07:06:10.975289 2025] [:error] [pid 20768] [client 10.10.36.158:12064] script '/var/www/html/XxX.php' not found or unable to stat
[Wed Jun 11 07:06:11.367549 2025] [:error] [pid 20766] [client 10.10.36.158:12070] script '/var/www/html/Marvins.php' not found or unable to stat
[Wed Jun 11 07:06:12.122086 2025] [:error] [pid 20775] [client 10.10.36.158:12090] script '/var/www/html/olux.php' not found or unable to stat
[Wed Jun 11 07:06:12.522235 2025] [:error] [pid 20765] [client 10.10.36.158:12098] script '/var/www/html/indoxploit.php' not found or unable to stat
[Wed Jun 11 07:06:12.911529 2025] [:error] [pid 20767] [client 10.10.36.158:12116] script '/var/www/html/wso.php' not found or unable to stat
[Wed Jun 11 07:06:13.298974 2025] [:error] [pid 20769] [client 10.10.36.158:12140] script '/var/www/html/upload.php' not found or unable to stat
[Wed Jun 11 07:06:13.620444 2025] [:error] [pid 20768] [client 10.10.36.158:12152] script '/var/www/html/shell.php' not found or unable to stat
[Wed Jun 11 07:06:14.358107 2025] [:error] [pid 20768] [client 10.10.36.158:12182] script '/var/www/html/uploader.php' not found or unable to stat
[Wed Jun 11 07:06:14.693858 2025] [:error] [pid 20766] [client 10.10.36.158:12194] script '/var/www/html/1337.php' not found or unable to stat
[Wed Jun 11 07:06:15.082946 2025] [:error] [pid 33516] [client 10.10.36.158:12200] script '/var/www/html/user.php' not found or unable to stat
[Wed Jun 11 07:06:15.451115 2025] [:error] [pid 20775] [client 10.10.36.158:12208] script '/var/www/html/wp-info.php' not found or unable to stat
[Wed Jun 11 07:06:15.785903 2025] [:error] [pid 20767] [client 10.10.36.158:12212] script '/var/www/html/wxo.php' not found or unable to stat
[Wed Jun 11 07:06:16.213697 2025] [:error] [pid 20768] [client 10.10.36.158:12230] script '/var/www/html/amigo.php' not found or unable to stat
[Wed Jun 11 07:06:16.553261 2025] [:error] [pid 20774] [client 10.10.36.158:12246] script '/var/www/html/yoi.php' not found or unable to stat
[Wed Jun 11 07:06:17.686314 2025] [:error] [pid 20775] [client 10.10.36.158:12332] script '/var/www/html/wp-contentt.php' not found or unable to stat
[Wed Jun 11 07:06:18.033508 2025] [:error] [pid 20767] [client 10.10.36.158:12344] script '/var/www/html/i3wfj.php' not found or unable to stat
[Wed Jun 11 07:06:18.416834 2025] [:error] [pid 20769] [client 10.10.36.158:12346] script '/var/www/html/5fesj.php' not found or unable to stat
[Wed Jun 11 07:06:18.826955 2025] [:error] [pid 20774] [client 10.10.36.158:12352] script '/var/www/html/s46v1.php' not found or unable to stat
[Wed Jun 11 07:06:19.236843 2025] [:error] [pid 33516] [client 10.10.36.158:12356] script '/var/www/html/djfksr4.php' not found or unable to stat
[Wed Jun 11 07:06:19.610359 2025] [:error] [pid 20765] [client 10.10.36.158:12358] script '/var/www/html/p7m94.php' not found or unable to stat
[Wed Jun 11 07:06:19.947991 2025] [:error] [pid 20775] [client 10.10.36.158:12374] script '/var/www/html/we1y8.php' not found or unable to stat
[Wed Jun 11 07:06:20.320943 2025] [:error] [pid 20767] [client 10.10.36.158:12382] script '/var/www/html/jdimzmtaas.php' not found or unable to stat
[Wed Jun 11 07:06:21.919587 2025] [:error] [pid 20775] [client 10.10.36.158:12414] script '/var/www/cgi-bin/ffAA531.php' not found or unable to stat
[Wed Jun 11 07:06:22.307002 2025] [:error] [pid 20767] [client 10.10.36.158:12418] script '/var/www/cgi-bin/991176.php' not found or unable to stat
[Wed Jun 11 07:06:22.701192 2025] [:error] [pid 20769] [client 10.10.36.158:12424] script '/var/www/html/991176.php' not found or unable to stat
[Wed Jun 11 07:06:23.493219 2025] [:error] [pid 20774] [client 10.10.36.158:12436] script '/var/www/html/hehe.php' not found or unable to stat
[Wed Jun 11 07:06:23.851330 2025] [:error] [pid 20765] [client 10.10.36.158:12444] script '/var/www/html/post-data.php' not found or unable to stat
[Wed Jun 11 07:06:24.200893 2025] [:error] [pid 20767] [client 10.10.36.158:12448] script '/var/www/html/w0.php' not found or unable to stat
[Wed Jun 11 07:06:24.560111 2025] [:error] [pid 20769] [client 10.10.36.158:12452] script '/var/www/html/old-index.php' not found or unable to stat
[Wed Jun 11 07:06:24.918155 2025] [:error] [pid 20768] [client 10.10.36.158:12456] script '/var/www/html/wsanon.php' not found or unable to stat
[Wed Jun 11 07:06:26.022975 2025] [:error] [pid 20768] [client 10.10.36.158:12484] script '/var/www/html/doc.php' not found or unable to stat
[Wed Jun 11 07:06:26.368661 2025] [:error] [pid 20774] [client 10.10.36.158:12494] script '/var/www/html/indo.php' not found or unable to stat
[Wed Jun 11 07:06:26.706953 2025] [:error] [pid 20766] [client 10.10.36.158:12508] script '/var/www/html/beence.php' not found or unable to stat
[Wed Jun 11 07:06:27.112646 2025] [:error] [pid 33516] [client 10.10.36.158:12516] script '/var/www/html/indosec.php' not found or unable to stat
[Wed Jun 11 07:06:27.481875 2025] [:error] [pid 20765] [client 10.10.36.158:12522] script '/var/www/html/archives.php' not found or unable to stat
[Wed Jun 11 07:06:27.840517 2025] [:error] [pid 20775] [client 10.10.36.158:12532] script '/var/www/html/po8sa.php' not found or unable to stat
[Wed Jun 11 07:06:28.235309 2025] [:error] [pid 20767] [client 10.10.36.158:12536] script '/var/www/html/thesmartestx.php' not found or unable to stat
[Wed Jun 11 07:06:28.671590 2025] [:error] [pid 20769] [client 10.10.36.158:12544] script '/var/www/html/zcanp.php' not found or unable to stat
[Wed Jun 11 07:06:29.543333 2025] [:error] [pid 20774] [client 10.10.36.158:12548] script '/var/www/html/pvt.php' not found or unable to stat
[Wed Jun 11 07:06:29.950776 2025] [:error] [pid 33516] [client 10.10.36.158:12558] script '/var/www/html/shell20211028.php' not found or unable to stat
[Wed Jun 11 07:06:30.372473 2025] [:error] [pid 20767] [client 10.10.36.158:12564] script '/var/www/cgi-bin/wp-2019.php' not found or unable to stat
[Wed Jun 11 07:06:30.823903 2025] [:error] [pid 20768] [client 10.10.36.158:12580] script '/var/www/html/crypted.php' not found or unable to stat
[Wed Jun 11 07:06:31.315605 2025] [:error] [pid 20774] [client 10.10.36.158:12604] script '/var/www/html/h0110w4y.php' not found or unable to stat
[Wed Jun 11 07:06:31.673992 2025] [:error] [pid 20766] [client 10.10.36.158:12618] script '/var/www/html/vesiw.php' not found or unable to stat
[Wed Jun 11 07:06:32.097211 2025] [:error] [pid 33516] [client 10.10.36.158:12632] script '/var/www/html/w.php' not found or unable to stat
[Wed Jun 11 07:06:32.507330 2025] [:error] [pid 20767] [client 10.10.36.158:12658] script '/var/www/html/wp-db.php' not found or unable to stat
[Wed Jun 11 07:06:34.099524 2025] [:error] [pid 20765] [client 10.10.36.158:12690] script '/var/www/html/lx.php' not found or unable to stat
[Wed Jun 11 07:06:34.496823 2025] [:error] [pid 20767] [client 10.10.36.158:12694] script '/var/www/html/tonant.php' not found or unable to stat
[Wed Jun 11 07:06:34.947143 2025] [:error] [pid 33516] [client 10.10.36.158:12704] script '/var/www/html/f0x.php' not found or unable to stat
[Wed Jun 11 07:06:35.330053 2025] [:error] [pid 20765] [client 10.10.36.158:12706] script '/var/www/html/config.bak.php' not found or unable to stat
[Wed Jun 11 07:06:35.799256 2025] [:error] [pid 20769] [client 10.10.36.158:12716] script '/var/www/html/bypass403.php' not found or unable to stat
[Wed Jun 11 07:06:36.200558 2025] [:error] [pid 20774] [client 10.10.36.158:12720] script '/var/www/html/css.php' not found or unable to stat
[Wed Jun 11 07:06:36.558695 2025] [:error] [pid 20766] [client 10.10.36.158:12734] script '/var/www/html/adminer.php' not found or unable to stat
[Wed Jun 11 07:06:36.919754 2025] [:error] [pid 33516] [client 10.10.36.158:12738] script '/var/www/html/allahnaber.php' not found or unable to stat
[Wed Jun 11 07:06:37.259174 2025] [:error] [pid 20765] [client 10.10.36.158:12762] script '/var/www/html/AK-74.php' not found or unable to stat
[Wed Jun 11 07:06:37.678257 2025] [:error] [pid 20775] [client 10.10.36.158:12806] script '/var/www/html/alfa3.php' not found or unable to stat
[Wed Jun 11 07:06:38.079398 2025] [:error] [pid 20767] [client 10.10.36.158:12818] script '/var/www/html/alfaindex.php' not found or unable to stat
[Wed Jun 11 07:06:38.539572 2025] [:error] [pid 20768] [client 10.10.36.158:12840] script '/var/www/html/alfa.php' not found or unable to stat
[Wed Jun 11 07:06:38.947806 2025] [:error] [pid 20774] [client 10.10.36.158:12846] script '/var/www/html/b374k.php' not found or unable to stat
[Wed Jun 11 07:06:39.422042 2025] [:error] [pid 20766] [client 10.10.36.158:12848] script '/var/www/html/bypass.php' not found or unable to stat
[Wed Jun 11 07:06:39.983037 2025] [:error] [pid 20765] [client 10.10.36.158:12864] script '/var/www/html/radio.php' not found or unable to stat
[Wed Jun 11 07:06:40.329969 2025] [:error] [pid 20769] [client 10.10.36.158:12870] script '/var/www/html/content.php' not found or unable to stat
[Wed Jun 11 07:06:41.145486 2025] [:error] [pid 20765] [client 10.10.36.158:12886] script '/var/www/html/XxX.php' not found or unable to stat
[Wed Jun 11 07:06:41.487190 2025] [:error] [pid 20767] [client 10.10.36.158:12892] script '/var/www/html/Marvins.php' not found or unable to stat
[Wed Jun 11 07:06:42.312567 2025] [:error] [pid 20766] [client 10.10.36.158:12902] script '/var/www/html/olux.php' not found or unable to stat
[Wed Jun 11 07:06:42.704804 2025] [:error] [pid 33516] [client 10.10.36.158:12908] script '/var/www/html/indoxploit.php' not found or unable to stat
[Wed Jun 11 07:06:43.101051 2025] [:error] [pid 20765] [client 10.10.36.158:12910] script '/var/www/html/wso.php' not found or unable to stat
[Wed Jun 11 07:06:43.490728 2025] [:error] [pid 20775] [client 10.10.36.158:12916] script '/var/www/html/upload.php' not found or unable to stat
[Wed Jun 11 07:06:43.949601 2025] [:error] [pid 20767] [client 10.10.36.158:12924] script '/var/www/html/shell.php' not found or unable to stat
[Wed Jun 11 07:06:44.688425 2025] [:error] [pid 20774] [client 10.10.36.158:12930] script '/var/www/html/uploader.php' not found or unable to stat
[Wed Jun 11 07:06:45.068649 2025] [:error] [pid 20766] [client 10.10.36.158:12932] script '/var/www/html/1337.php' not found or unable to stat
[Wed Jun 11 07:06:45.555168 2025] [:error] [pid 33516] [client 10.10.36.158:12934] script '/var/www/html/user.php' not found or unable to stat
[Wed Jun 11 07:06:45.888146 2025] [:error] [pid 20765] [client 10.10.36.158:12940] script '/var/www/html/wp-info.php' not found or unable to stat
[Wed Jun 11 07:06:46.287555 2025] [:error] [pid 20775] [client 10.10.36.158:12942] script '/var/www/html/wxo.php' not found or unable to stat
[Wed Jun 11 07:06:46.666879 2025] [:error] [pid 20769] [client 10.10.36.158:12948] script '/var/www/html/amigo.php' not found or unable to stat
[Wed Jun 11 07:06:47.053172 2025] [:error] [pid 20774] [client 10.10.36.158:12956] script '/var/www/html/yoi.php' not found or unable to stat
[Wed Jun 11 07:06:48.291322 2025] [:error] [pid 20775] [client 10.10.36.158:12968] script '/var/www/html/wp-contentt.php' not found or unable to stat
[Wed Jun 11 07:06:48.655821 2025] [:error] [pid 20767] [client 10.10.36.158:12978] script '/var/www/html/i3wfj.php' not found or unable to stat
[Wed Jun 11 07:06:49.165147 2025] [:error] [pid 20769] [client 10.10.36.158:12988] script '/var/www/html/5fesj.php' not found or unable to stat
[Wed Jun 11 07:06:49.481199 2025] [:error] [pid 20768] [client 10.10.36.158:12994] script '/var/www/html/s46v1.php' not found or unable to stat
[Wed Jun 11 07:06:49.899959 2025] [:error] [pid 20774] [client 10.10.36.158:13000] script '/var/www/html/djfksr4.php' not found or unable to stat
[Wed Jun 11 07:06:50.235724 2025] [:error] [pid 33516] [client 10.10.36.158:13004] script '/var/www/html/p7m94.php' not found or unable to stat
[Wed Jun 11 07:06:50.639658 2025] [:error] [pid 20766] [client 10.10.36.158:13018] script '/var/www/html/we1y8.php' not found or unable to stat
[Wed Jun 11 07:06:50.991970 2025] [:error] [pid 20775] [client 10.10.36.158:13024] script '/var/www/html/jdimzmtaas.php' not found or unable to stat
[Wed Jun 11 07:06:52.508742 2025] [:error] [pid 20768] [client 10.10.36.158:13064] script '/var/www/cgi-bin/ffAA531.php' not found or unable to stat
[Wed Jun 11 07:06:52.895046 2025] [:error] [pid 20766] [client 10.10.36.158:13070] script '/var/www/cgi-bin/991176.php' not found or unable to stat
[Wed Jun 11 07:06:53.259637 2025] [:error] [pid 33516] [client 10.10.36.158:13072] script '/var/www/html/991176.php' not found or unable to stat
[Wed Jun 11 07:06:54.033368 2025] [:error] [pid 20775] [client 10.10.36.158:13082] script '/var/www/html/hehe.php' not found or unable to stat
[Wed Jun 11 07:06:54.391041 2025] [:error] [pid 20774] [client 10.10.36.158:13088] script '/var/www/html/post-data.php' not found or unable to stat
[Wed Jun 11 07:06:54.724597 2025] [:error] [pid 20766] [client 10.10.36.158:13098] script '/var/www/html/w0.php' not found or unable to stat
[Wed Jun 11 07:06:55.061621 2025] [:error] [pid 33516] [client 10.10.36.158:13100] script '/var/www/html/old-index.php' not found or unable to stat
[Wed Jun 11 07:06:55.454411 2025] [:error] [pid 20765] [client 10.10.36.158:13108] script '/var/www/html/wsanon.php' not found or unable to stat
[Wed Jun 11 07:06:56.762547 2025] [:error] [pid 20769] [client 10.10.36.158:13162] script '/var/www/html/doc.php' not found or unable to stat
[Wed Jun 11 07:06:57.187373 2025] [:error] [pid 20766] [client 10.10.36.158:13178] script '/var/www/html/indo.php' not found or unable to stat
[Wed Jun 11 07:06:57.559241 2025] [:error] [pid 33516] [client 10.10.36.158:13180] script '/var/www/html/beence.php' not found or unable to stat
[Wed Jun 11 07:06:58.007851 2025] [:error] [pid 20765] [client 10.10.36.158:13190] script '/var/www/html/indosec.php' not found or unable to stat
[Wed Jun 11 07:06:58.396113 2025] [:error] [pid 20767] [client 10.10.36.158:13194] script '/var/www/html/archives.php' not found or unable to stat
[Wed Jun 11 07:06:58.851776 2025] [:error] [pid 20768] [client 10.10.36.158:13206] script '/var/www/html/po8sa.php' not found or unable to stat
[Wed Jun 11 07:06:59.240420 2025] [:error] [pid 20766] [client 10.10.36.158:13208] script '/var/www/html/thesmartestx.php' not found or unable to stat
[Wed Jun 11 07:06:59.652216 2025] [:error] [pid 33516] [client 10.10.36.158:13230] script '/var/www/html/zcanp.php' not found or unable to stat
[Wed Jun 11 07:07:00.508315 2025] [:error] [pid 20769] [client 10.10.36.158:13262] script '/var/www/html/pvt.php' not found or unable to stat
[Wed Jun 11 07:07:00.952529 2025] [:error] [pid 20768] [client 10.10.36.158:13270] script '/var/www/html/shell20211028.php' not found or unable to stat
[Wed Jun 11 07:07:01.366440 2025] [:error] [pid 33516] [client 10.10.36.158:13284] script '/var/www/cgi-bin/wp-2019.php' not found or unable to stat
[Wed Jun 11 07:07:01.749754 2025] [:error] [pid 20765] [client 10.10.36.158:13290] script '/var/www/html/crypted.php' not found or unable to stat
[Wed Jun 11 07:07:02.188424 2025] [:error] [pid 20775] [client 10.10.36.158:13294] script '/var/www/html/h0110w4y.php' not found or unable to stat
[Wed Jun 11 07:07:02.695719 2025] [:error] [pid 20767] [client 10.10.36.158:13308] script '/var/www/html/vesiw.php' not found or unable to stat
[Wed Jun 11 07:07:03.047604 2025] [:error] [pid 20769] [client 10.10.36.158:13312] script '/var/www/html/w.php' not found or unable to stat
[Wed Jun 11 07:07:03.512617 2025] [:error] [pid 20768] [client 10.10.36.158:13318] script '/var/www/html/wp-db.php' not found or unable to stat
[Wed Jun 11 07:07:05.404507 2025] [:error] [pid 20769] [client 10.10.36.158:13346] script '/var/www/html/lx.php' not found or unable to stat
[Wed Jun 11 07:07:05.811514 2025] [:error] [pid 20768] [client 10.10.36.158:13350] script '/var/www/html/tonant.php' not found or unable to stat
[Wed Jun 11 07:07:06.263982 2025] [:error] [pid 33516] [client 10.10.36.158:13356] script '/var/www/html/f0x.php' not found or unable to stat
[Wed Jun 11 07:07:06.789684 2025] [:error] [pid 20775] [client 10.10.36.158:13370] script '/var/www/html/config.bak.php' not found or unable to stat
[Wed Jun 11 07:07:07.197559 2025] [:error] [pid 20767] [client 10.10.36.158:13376] script '/var/www/html/bypass403.php' not found or unable to stat
[Wed Jun 11 07:07:07.641548 2025] [:error] [pid 20769] [client 10.10.36.158:13380] script '/var/www/html/css.php' not found or unable to stat
[Wed Jun 11 07:07:08.068999 2025] [:error] [pid 20774] [client 10.10.36.158:13388] script '/var/www/html/adminer.php' not found or unable to stat
[Wed Jun 11 07:07:08.611882 2025] [:error] [pid 20768] [client 10.10.36.158:13422] script '/var/www/html/allahnaber.php' not found or unable to stat
[Wed Jun 11 07:07:08.976549 2025] [:error] [pid 20765] [client 10.10.36.158:13458] script '/var/www/html/AK-74.php' not found or unable to stat
[Wed Jun 11 07:07:09.404465 2025] [:error] [pid 20769] [client 10.10.36.158:13492] script '/var/www/html/alfa3.php' not found or unable to stat
[Wed Jun 11 07:07:09.848037 2025] [:error] [pid 20766] [client 10.10.36.158:13500] script '/var/www/html/alfaindex.php' not found or unable to stat
[Wed Jun 11 07:07:10.298676 2025] [:error] [pid 20765] [client 10.10.36.158:13508] script '/var/www/html/alfa.php' not found or unable to stat
[Wed Jun 11 07:07:10.793805 2025] [:error] [pid 20769] [client 10.10.36.158:13520] script '/var/www/html/b374k.php' not found or unable to stat
[Wed Jun 11 07:07:11.174521 2025] [:error] [pid 20768] [client 10.10.36.158:13538] script '/var/www/html/bypass.php' not found or unable to stat
[Wed Jun 11 17:00:28.441724 2025] [authz_core:error] [pid 20768] [client 10.10.36.158:29164] AH01630: client denied by server configuration: /var/www/html/.html
[Wed Jun 11 21:10:40.478840 2025] [:error] [pid 33516] [client 10.10.36.158:43322] script '/var/www/html/xmlrpc.php' not found or unable to stat
[Thu Jun 12 14:13:03.778813 2025] [:error] [pid 20768] [client 10.10.36.158:39402] script '/var/www/html/index.php' not found or unable to stat
[Thu Jun 12 14:13:34.705895 2025] [cgi:error] [pid 39293] [client 10.10.36.158:43270] script not found or unable to stat: /var/www/cgi-bin/rpc
[Thu Jun 12 14:13:41.770995 2025] [:error] [pid 39296] [client 10.10.36.158:44180] script '/var/www/html/index.php' not found or unable to stat
[Thu Jun 12 14:54:21.739952 2025] [:error] [pid 33516] [client 10.10.36.158:29040] script '/var/www/html/index.php' not found or unable to stat
[Thu Jun 12 14:54:53.699612 2025] [cgi:error] [pid 33516] [client 10.10.36.158:33590] script not found or unable to stat: /var/www/cgi-bin/rpc
[Thu Jun 12 14:54:58.687427 2025] [:error] [pid 39296] [client 10.10.36.158:34260] script '/var/www/html/index.php' not found or unable to stat
[Thu Jun 12 16:03:54.169705 2025] [:error] [pid 39293] [client 10.10.36.158:15324] script '/var/www/html/index.php' not found or unable to stat
[Thu Jun 12 16:03:54.682434 2025] [:error] [pid 20775] [client 10.10.36.158:15370] script '/var/www/html/index.php' not found or unable to stat
[Thu Jun 12 16:03:55.664972 2025] [:error] [pid 20767] [client 10.10.36.158:15456] script '/var/www/html/dompdf.php' not found or unable to stat
[Thu Jun 12 16:30:28.554984 2025] [:error] [pid 20775] [client 10.10.36.158:49072] script '/var/www/html/login-x.php' not found or unable to stat
[Thu Jun 12 17:09:45.559012 2025] [:error] [pid 39294] [client 10.10.36.158:61470] script '/var/www/html/index.php' not found or unable to stat
[Thu Jun 12 17:09:48.614271 2025] [:error] [pid 20767] [client 10.10.36.158:61682] script '/var/www/html/index.php' not found or unable to stat
[Thu Jun 12 17:09:58.991560 2025] [:error] [pid 39293] [client 10.10.36.158:62426] script '/var/www/html/dompdf.php' not found or unable to stat
[Thu Jun 12 17:35:30.466496 2025] [cgi:error] [pid 95424] [client 10.10.36.158:24438] script not found or unable to stat: /var/www/cgi-bin/status, referer: () { ignored; }; echo Content-Type: text/html; echo ; /bin/cat /etc/passwd
[Thu Jun 12 17:35:30.469392 2025] [cgi:error] [pid 95423] [client 10.10.36.158:24440] script not found or unable to stat: /var/www/cgi-bin/test, referer: () { ignored; }; echo Content-Type: text/html; echo ; /bin/cat /etc/passwd
[Thu Jun 12 17:35:30.482615 2025] [cgi:error] [pid 95426] [client 10.10.36.158:24442] script not found or unable to stat: /var/www/cgi-bin/status, referer: () { ignored; }; echo Content-Type: text/html; echo ; /bin/cat /etc/passwd
[Thu Jun 12 17:35:30.483116 2025] [cgi:error] [pid 95422] [client 10.10.36.158:24444] script not found or unable to stat: /var/www/cgi-bin/stats, referer: () { ignored; }; echo Content-Type: text/html; echo ; /bin/cat /etc/passwd
[Thu Jun 12 17:35:30.484028 2025] [cgi:error] [pid 95425] [client 10.10.36.158:24446] script not found or unable to stat: /var/www/cgi-bin/test.cgi, referer: () { ignored; }; echo Content-Type: text/html; echo ; /bin/cat /etc/passwd
[Thu Jun 12 17:35:30.535404 2025] [cgi:error] [pid 95423] [client 10.10.36.158:24450] script not found or unable to stat: /var/www/cgi-bin/test-cgi, referer: () { ignored; }; echo Content-Type: text/html; echo ; /bin/cat /etc/passwd
[Fri Jun 13 12:20:27.668434 2025] [:error] [pid 118829] [client 10.10.36.247:47818] script '/var/www/html/wp-login.php' not found or unable to stat
[Fri Jun 13 12:20:28.871739 2025] [:error] [pid 64038] [client 10.10.36.247:47844] script '/var/www/html/admin.php' not found or unable to stat
[Fri Jun 13 20:02:33.976378 2025] [:error] [pid 95423] [client 10.10.36.158:53124] script '/var/www/html/xmlrpc.php' not found or unable to stat
[Sat Jun 14 22:43:55.840885 2025] [:error] [pid 118828] [client 10.10.36.158:32000] script '/var/www/html/xmlrpc.php' not found or unable to stat
[Sat Jun 14 23:43:24.774748 2025] [:error] [pid 58245] [client 10.10.36.158:50858] script '/var/www/html/xmlrpc.php' not found or unable to stat
[Sun Jun 15 16:45:44.527931 2025] [:error] [pid 76838] [client 10.10.36.158:27768] script '/var/www/html/xmlrpc.php' not found or unable to stat
[Sun Jun 15 22:56:21.138808 2025] [:error] [pid 76840] [client 10.10.36.158:32872] script '/var/www/html/index.php' not found or unable to stat
[Sun Jun 15 22:56:23.184487 2025] [cgi:error] [pid 77540] [client 10.10.36.158:32912] script not found or unable to stat: /var/www/cgi-bin/rpc
[Sun Jun 15 22:56:25.138091 2025] [:error] [pid 97094] [client 10.10.36.158:32952] script '/var/www/html/index.php' not found or unable to stat
[Mon Jun 16 03:43:59.705999 2025] [cgi:error] [pid 77540] [client 10.10.36.158:36552] script not found or unable to stat: /var/www/cgi-bin/test.cgi, referer: () { ignored; }; echo Content-Type: text/html; echo ; /bin/cat /etc/passwd
[Mon Jun 16 03:43:59.709628 2025] [cgi:error] [pid 76839] [client 10.10.36.158:36560] script not found or unable to stat: /var/www/cgi-bin/stats, referer: () { ignored; }; echo Content-Type: text/html; echo ; /bin/cat /etc/passwd
[Mon Jun 16 03:43:59.735495 2025] [cgi:error] [pid 77540] [client 10.10.36.158:36566] script not found or unable to stat: /var/www/cgi-bin/status, referer: () { ignored; }; echo Content-Type: text/html; echo ; /bin/cat /etc/passwd
[Mon Jun 16 03:43:59.738183 2025] [cgi:error] [pid 76838] [client 10.10.36.158:36568] script not found or unable to stat: /var/www/cgi-bin/status, referer: () { ignored; }; echo Content-Type: text/html; echo ; /bin/cat /etc/passwd
[Mon Jun 16 03:43:59.742069 2025] [cgi:error] [pid 76839] [client 10.10.36.158:36574] script not found or unable to stat: /var/www/cgi-bin/test, referer: () { ignored; }; echo Content-Type: text/html; echo ; /bin/cat /etc/passwd
[Mon Jun 16 03:43:59.743677 2025] [cgi:error] [pid 76842] [client 10.10.36.158:36576] script not found or unable to stat: /var/www/cgi-bin/test-cgi, referer: () { ignored; }; echo Content-Type: text/html; echo ; /bin/cat /etc/passwd
[Mon Jun 16 03:43:59.754112 2025] [:error] [pid 97094] [client 10.10.36.158:36584] script '/var/www/html/index.php' not found or unable to stat
[Mon Jun 16 05:43:49.558415 2025] [:error] [pid 97094] [client 10.10.36.158:41830] script '/var/www/html/boardDataWW.php' not found or unable to stat
[Mon Jun 16 07:19:00.397103 2025] [:error] [pid 77540] [client 10.10.36.158:62098] script '/var/www/html/__debugging_center_utils___.php' not found or unable to stat
[Mon Jun 16 07:19:01.404534 2025] [:error] [pid 97094] [client 10.10.36.158:62118] script '/var/www/html/__debugging_center_utils___.php' not found or unable to stat
[Mon Jun 16 14:27:11.817802 2025] [:error] [pid 77540] [client 10.10.36.158:41692] script '/var/www/html/index.php' not found or unable to stat
[Mon Jun 16 14:27:11.832032 2025] [:error] [pid 75095] [client 10.10.36.158:41702] script '/var/www/html/login.php' not found or unable to stat
[Mon Jun 16 15:25:12.414335 2025] [:error] [pid 75075] [client 10.10.36.158:28238] script '/var/www/html/wp-login.php' not found or unable to stat
[Mon Jun 16 18:15:44.580953 2025] [core:error] [pid 76839] [client 10.10.36.158:40944] AH00126: Invalid URI in request GET /2yY2Xl111YZqI9SrH3Rto1pGb5B/../../ThinVnc.ini HTTP/1.1
[Mon Jun 16 18:15:45.451536 2025] [:error] [pid 76839] [client 10.10.36.158:41030] script '/var/www/html/getcfg.php' not found or unable to stat
[Mon Jun 16 18:15:45.473622 2025] [:error] [pid 80221] [client 10.10.36.158:41040] script '/var/www/html/zabbix.php' not found or unable to stat
[Mon Jun 16 20:39:20.703461 2025] [:error] [pid 75073] [client 10.10.36.158:25646] script '/var/www/html/xmlrpc.php' not found or unable to stat
[Mon Jun 16 21:48:15.265457 2025] [cgi:error] [pid 80221] [client 10.10.36.158:35300] script not found or unable to stat: /var/www/cgi-bin/file_transfer.cgi
[Mon Jun 16 21:48:17.206111 2025] [:error] [pid 75095] [client 10.10.36.158:35346] script '/var/www/html/adxmlrpc.php' not found or unable to stat
[Mon Jun 16 22:50:19.563790 2025] [cgi:error] [pid 75076] [client 10.10.36.158:19750] script not found or unable to stat: /var/www/cgi-bin/supportInstaller
[Mon Jun 16 22:50:22.114286 2025] [:error] [pid 75095] [client 10.10.36.158:19808] script '/var/www/html/card_scan.php' not found or unable to stat
[Mon Jun 16 22:57:46.101775 2025] [:error] [pid 96219] [client 10.10.36.158:28848] script '/var/www/html/login.php' not found or unable to stat, referer: http://navodaya.gov.in/login.php
[Tue Jun 17 01:28:34.889950 2025] [cgi:error] [pid 75073] [client 10.10.36.158:26966] script not found or unable to stat: /var/www/cgi-bin/login.cgi
[Tue Jun 17 01:28:35.885868 2025] [:error] [pid 80221] [client 10.10.36.158:27036] script '/var/www/html/mailingupgrade.php' not found or unable to stat
[Tue Jun 17 01:31:47.817625 2025] [:error] [pid 77540] [client 10.10.36.158:29776] script '/var/www/html/login.php' not found or unable to stat
[Tue Jun 17 07:03:31.247031 2025] [cgi:error] [pid 75073] [client 10.10.36.158:53958] script not found or unable to stat: /var/www/cgi-bin/mainfunction.cgi
[Tue Jun 17 07:03:32.192530 2025] [:error] [pid 75076] [client 10.10.36.158:53980] script '/var/www/html/index.php' not found or unable to stat, referer: https://www.navodaya.gov.in
[Tue Jun 17 07:03:32.235172 2025] [:error] [pid 76839] [client 10.10.36.158:53982] script '/var/www/html/index.php' not found or unable to stat, referer: https://www.navodaya.gov.in
[Tue Jun 17 07:03:38.168117 2025] [:error] [pid 75071] [client 10.10.36.158:54186] script '/var/www/html/fw.login.php' not found or unable to stat
[Tue Jun 17 07:03:38.173339 2025] [cgi:error] [pid 76839] [client 10.10.36.158:54190] script not found or unable to stat: /var/www/cgi-bin/login.cgi, referer: https://www.navodaya.gov.in
[Tue Jun 17 07:03:42.247063 2025] [:error] [pid 77540] [client 10.10.36.158:54254] script '/var/www/html/cyrus.index.php' not found or unable to stat
[Tue Jun 17 07:03:42.270133 2025] [cgi:error] [pid 75095] [client 10.10.36.158:54256] script not found or unable to stat: /var/www/cgi-bin/system_log.cgi
[Tue Jun 17 07:03:43.193792 2025] [cgi:error] [pid 80221] [client 10.10.36.158:54286] script not found or unable to stat: /var/www/cgi-bin/execute_cmd.cgi
[Tue Jun 17 08:18:55.012680 2025] [:error] [pid 76842] [client 10.10.36.158:53106] script '/var/www/html/login.php' not found or unable to stat
[Tue Jun 17 08:18:55.987356 2025] [cgi:error] [pid 80221] [client 10.10.36.158:53156] script not found or unable to stat: /var/www/cgi-bin/system_mgr.cgi
[Tue Jun 17 08:18:59.986122 2025] [cgi:error] [pid 96219] [client 10.10.36.158:53442] script not found or unable to stat: /var/www/cgi-bin/system_mgr.cgi
[Tue Jun 17 21:27:53.573618 2025] [:error] [pid 80221] [client 10.10.36.158:56814] script '/var/www/html/wp-login.php' not found or unable to stat
[Tue Jun 17 21:27:53.620500 2025] [:error] [pid 75095] [client 10.10.36.158:56816] script '/var/www/html/xmlrpc.php' not found or unable to stat
[Tue Jun 17 21:27:54.090760 2025] [:error] [pid 96219] [client 10.10.36.158:56836] script '/var/www/html/wp-login.php' not found or unable to stat
[Tue Jun 17 21:27:54.230458 2025] [:error] [pid 76842] [client 10.10.36.158:56840] script '/var/www/html/xmlrpc.php' not found or unable to stat
[Tue Jun 17 21:59:04.604018 2025] [:error] [pid 80221] [client 10.10.36.158:50148] script '/var/www/html/upl.php' not found or unable to stat
[Wed Jun 18 09:35:52.890687 2025] [:error] [pid 75071] [client 10.10.36.158:39134] script '/var/www/html/xmlrpc.php' not found or unable to stat
[Wed Jun 18 10:32:47.503325 2025] [:error] [pid 75095] [client 10.10.36.158:52760] script '/var/www/html/wp-login.php' not found or unable to stat, referer: http://navodaya.gov.in/wp-admin/
[Wed Jun 18 10:32:47.638895 2025] [:error] [pid 76842] [client 10.10.36.158:52822] script '/var/www/html/wp-login.php' not found or unable to stat, referer: http://navodaya.gov.in/wp-admin/
[Wed Jun 18 10:32:47.815591 2025] [:error] [pid 96219] [client 10.10.36.158:52908] script '/var/www/html/wp-login.php' not found or unable to stat, referer: https://navodaya.gov.in/wp-admin/
[Wed Jun 18 10:32:47.995668 2025] [:error] [pid 75076] [client 10.10.36.158:53020] script '/var/www/html/wp-login.php' not found or unable to stat, referer: https://navodaya.gov.in/wp-admin/
[Wed Jun 18 10:32:48.182062 2025] [:error] [pid 75075] [client 10.10.36.158:53132] script '/var/www/html/wp-login.php' not found or unable to stat, referer: https://navodaya.gov.in/wp-admin/
[Wed Jun 18 10:32:48.423618 2025] [:error] [pid 76842] [client 10.10.36.158:53250] script '/var/www/html/wp-login.php' not found or unable to stat, referer: http://navodaya.gov.in/wp-admin/
[Wed Jun 18 10:32:48.575877 2025] [:error] [pid 80221] [client 10.10.36.158:53328] script '/var/www/html/wp-login.php' not found or unable to stat, referer: http://navodaya.gov.in/wp-admin/
[Wed Jun 18 10:32:48.768417 2025] [:error] [pid 77540] [client 10.10.36.158:53412] script '/var/www/html/wp-login.php' not found or unable to stat, referer: https://navodaya.gov.in/wp-admin/
[Wed Jun 18 10:32:48.936577 2025] [:error] [pid 75075] [client 10.10.36.158:53486] script '/var/www/html/wp-login.php' not found or unable to stat, referer: https://navodaya.gov.in/wp-admin/
[Wed Jun 18 10:32:49.139964 2025] [:error] [pid 76839] [client 10.10.36.158:53592] script '/var/www/html/wp-login.php' not found or unable to stat, referer: https://navodaya.gov.in/wp-admin/
[Wed Jun 18 12:55:51.326817 2025] [:error] [pid 80221] [client 10.10.36.158:25866] script '/var/www/html/adminer.php' not found or unable to stat
[Wed Jun 18 15:08:31.761156 2025] [:error] [pid 75095] [client 10.10.36.158:16000] script '/var/www/html/wp-login.php' not found or unable to stat
[Wed Jun 18 15:33:41.281445 2025] [:error] [pid 77540] [client 10.10.36.158:51066] script '/var/www/html/xmlrpc.php' not found or unable to stat
[Thu Jun 19 12:15:23.387964 2025] [:error] [pid 49155] [client 10.10.36.158:21836] script '/var/www/html/wp-login.php' not found or unable to stat
[Thu Jun 19 13:36:58.204970 2025] [:error] [pid 40376] [client 10.10.36.158:35898] script '/var/www/html/xmlrpc.php' not found or unable to stat
[Thu Jun 19 23:40:19.720324 2025] [:error] [pid 125056] [client 10.10.36.158:60718] script '/var/www/html/wp-login.php' not found or unable to stat
[Thu Jun 19 23:40:19.790112 2025] [:error] [pid 40374] [client 10.10.36.158:60720] script '/var/www/html/xmlrpc.php' not found or unable to stat
[Thu Jun 19 23:40:41.221736 2025] [:error] [pid 125046] [client 10.10.36.158:61106] script '/var/www/html/wp-login.php' not found or unable to stat
[Thu Jun 19 23:40:41.365632 2025] [:error] [pid 125056] [client 10.10.36.158:61108] script '/var/www/html/xmlrpc.php' not found or unable to stat
[Fri Jun 20 00:38:37.672237 2025] [:error] [pid 125046] [client 10.10.36.158:11310] script '/var/www/html/wp-login.php' not found or unable to stat
[Fri Jun 20 00:38:37.679749 2025] [:error] [pid 125056] [client 10.10.36.158:11312] script '/var/www/html/xmlrpc.php' not found or unable to stat
[Fri Jun 20 00:38:37.700536 2025] [:error] [pid 40378] [client 10.10.36.158:11314] script '/var/www/html/wp-login.php' not found or unable to stat
[Fri Jun 20 00:38:37.714089 2025] [:error] [pid 40374] [client 10.10.36.158:11316] script '/var/www/html/xmlrpc.php' not found or unable to stat
[Fri Jun 20 17:02:38.168876 2025] [:error] [pid 40374] [client 10.10.36.158:22536] script '/var/www/html/wp-login.php' not found or unable to stat
[Fri Jun 20 17:46:25.700393 2025] [cgi:error] [pid 125058] [client 10.10.36.158:32744] script not found or unable to stat: /var/www/cgi-bin/printenv.pl
[Fri Jun 20 18:35:09.585732 2025] [:error] [pid 125055] [client 10.10.36.158:40158] script '/var/www/html/pinfo.php' not found or unable to stat
[Fri Jun 20 18:35:09.589044 2025] [:error] [pid 40861] [client 10.10.36.158:40160] script '/var/www/html/inf0.php' not found or unable to stat
[Fri Jun 20 18:35:09.589382 2025] [:error] [pid 40375] [client 10.10.36.158:40162] script '/var/www/html/phpversion.php' not found or unable to stat
[Fri Jun 20 18:35:09.591953 2025] [:error] [pid 40374] [client 10.10.36.158:40164] script '/var/www/html/asdf.php' not found or unable to stat
[Fri Jun 20 18:35:09.597282 2025] [:error] [pid 125047] [client 10.10.36.158:40166] script '/var/www/html/p.php' not found or unable to stat
[Fri Jun 20 18:35:09.599550 2025] [:error] [pid 40378] [client 10.10.36.158:40168] script '/var/www/html/time.php' not found or unable to stat
[Fri Jun 20 18:35:09.606818 2025] [:error] [pid 125056] [client 10.10.36.158:40172] script '/var/www/html/php_info.php' not found or unable to stat
[Fri Jun 20 18:35:09.611341 2025] [:error] [pid 40377] [client 10.10.36.158:40176] script '/var/www/html/php-info.php' not found or unable to stat
[Fri Jun 20 18:35:09.613416 2025] [:error] [pid 125058] [client 10.10.36.158:40178] script '/var/www/html/pi.php' not found or unable to stat
[Fri Jun 20 18:35:09.619942 2025] [:error] [pid 125055] [client 10.10.36.158:40180] script '/var/www/html/infos.php' not found or unable to stat
[Fri Jun 20 18:35:09.620353 2025] [:error] [pid 40861] [client 10.10.36.158:40182] script '/var/www/html/info.php' not found or unable to stat
[Fri Jun 20 18:35:09.624450 2025] [:error] [pid 40375] [client 10.10.36.158:40184] script '/var/www/html/a.php' not found or unable to stat
[Fri Jun 20 18:35:09.625610 2025] [:error] [pid 125047] [client 10.10.36.158:40188] script '/var/www/html/index.php' not found or unable to stat
[Fri Jun 20 18:35:09.626024 2025] [:error] [pid 40378] [client 10.10.36.158:40190] script '/var/www/html/temp.php' not found or unable to stat
[Fri Jun 20 18:35:09.627376 2025] [:error] [pid 125056] [client 10.10.36.158:40194] script '/var/www/html/linusadmin-phpinfo.php' not found or unable to stat
[Fri Jun 20 18:35:09.635153 2025] [:error] [pid 40377] [client 10.10.36.158:40196] script '/var/www/html/infophp.php' not found or unable to stat
[Fri Jun 20 18:35:09.636567 2025] [:error] [pid 125058] [client 10.10.36.158:40198] script '/var/www/html/php.php' not found or unable to stat
[Fri Jun 20 18:35:09.636913 2025] [:error] [pid 125055] [client 10.10.36.158:40200] script '/var/www/html/test.php' not found or unable to stat
[Fri Jun 20 18:35:09.646903 2025] [:error] [pid 40861] [client 10.10.36.158:40202] script '/var/www/html/phpinfo.php' not found or unable to stat
[Fri Jun 20 18:35:09.657630 2025] [:error] [pid 40375] [client 10.10.36.158:40204] script '/var/www/html/php2.php' not found or unable to stat
[Fri Jun 20 18:35:09.708955 2025] [:error] [pid 40374] [client 10.10.36.158:40206] script '/var/www/html/i.php' not found or unable to stat
[Fri Jun 20 18:35:09.737101 2025] [:error] [pid 40378] [client 10.10.36.158:40210] script '/var/www/html/old_phpinfo.php' not found or unable to stat
[Fri Jun 20 18:35:19.615964 2025] [:error] [pid 40377] [client 10.10.36.158:40574] script '/var/www/html/l.php' not found or unable to stat
[Fri Jun 20 19:24:23.365453 2025] [:error] [pid 40377] [client 10.10.36.158:49424] script '/var/www/html/wp-login.php' not found or unable to stat
[Fri Jun 20 19:24:23.485544 2025] [:error] [pid 125058] [client 10.10.36.158:49436] script '/var/www/html/xmlrpc.php' not found or unable to stat
[Fri Jun 20 19:25:06.511669 2025] [:error] [pid 125055] [client 10.10.36.158:50930] script '/var/www/html/wp-login.php' not found or unable to stat
[Fri Jun 20 19:25:06.801651 2025] [:error] [pid 125047] [client 10.10.36.158:50956] script '/var/www/html/xmlrpc.php' not found or unable to stat
[Fri Jun 20 20:10:11.531433 2025] [authz_core:error] [pid 125058] [client 10.10.36.158:42570] AH01630: client denied by server configuration: /var/www/html/.htpasswd
[Fri Jun 20 20:23:53.546456 2025] [cgi:error] [pid 40377] [client 10.10.36.158:19210] script not found or unable to stat: /var/www/cgi-bin/awstats.pl
[Fri Jun 20 20:24:16.472912 2025] [:error] [pid 125047] [client 10.10.36.158:20374] script '/var/www/html/xprober.php' not found or unable to stat
[Fri Jun 20 20:43:47.492897 2025] [cgi:error] [pid 125058] [client 10.10.36.158:60226] script not found or unable to stat: /var/www/cgi-bin/nagios4
[Fri Jun 20 20:43:51.460118 2025] [cgi:error] [pid 40378] [client 10.10.36.158:60524] script not found or unable to stat: /var/www/cgi-bin/nagios3
[Fri Jun 20 20:56:59.463577 2025] [cgi:error] [pid 125056] [client 10.10.36.158:31912] script not found or unable to stat: /var/www/cgi-bin/printenv
[Fri Jun 20 21:09:24.435640 2025] [:error] [pid 40861] [client 10.10.36.158:53606] script '/var/www/html/login.php' not found or unable to stat
[Fri Jun 20 21:13:03.507344 2025] [core:error] [pid 40378] [client 10.10.36.158:60004] AH00126: Invalid URI in request GET /../../web.config HTTP/1.1
[Fri Jun 20 21:35:01.584581 2025] [:error] [pid 40376] [client 10.10.36.158:45026] script '/var/www/html/app_dev.php' not found or unable to stat
[Fri Jun 20 21:35:01.819282 2025] [:error] [pid 40861] [client 10.10.36.158:45032] script '/var/www/html/index.php' not found or unable to stat
[Fri Jun 20 21:35:02.046395 2025] [:error] [pid 40377] [client 10.10.36.158:45042] script '/var/www/html/index_dev.php' not found or unable to stat
[Fri Jun 20 21:35:02.309934 2025] [:error] [pid 40375] [client 10.10.36.158:45044] script '/var/www/html/dev.php' not found or unable to stat
[Fri Jun 20 21:35:02.555664 2025] [:error] [pid 125058] [client 10.10.36.158:45046] script '/var/www/html/debug.php' not found or unable to stat
[Fri Jun 20 21:35:03.469203 2025] [:error] [pid 40374] [client 10.10.36.158:45090] script '/var/www/html/frontend_dev.php' not found or unable to stat
[Fri Jun 20 21:35:03.720621 2025] [:error] [pid 40376] [client 10.10.36.158:45104] script '/var/www/html/backend_dev.php' not found or unable to stat
[Fri Jun 20 21:35:03.926115 2025] [:error] [pid 40861] [client 10.10.36.158:45114] script '/var/www/html/api_dev.php' not found or unable to stat
[Fri Jun 20 21:35:04.123125 2025] [:error] [pid 40377] [client 10.10.36.158:45116] script '/var/www/html/app.php' not found or unable to stat
[Fri Jun 20 21:35:04.319118 2025] [:error] [pid 125056] [client 10.10.36.158:45124] script '/var/www/html/app_test.php' not found or unable to stat
[Fri Jun 20 21:35:04.515229 2025] [:error] [pid 125055] [client 10.10.36.158:45130] script '/var/www/html/test.php' not found or unable to stat
[Fri Jun 20 23:21:00.539259 2025] [:error] [pid 125055] [client 10.10.36.158:50086] script '/var/www/html/xmlrpc.php' not found or unable to stat
[Sat Jun 21 08:38:10.338491 2025] [:error] [pid 40376] [client 10.10.36.158:50320] script '/var/www/html/xmlrpc.php' not found or unable to stat
[Sat Jun 21 09:01:33.346628 2025] [:error] [pid 40375] [client 10.10.36.158:34532] script '/var/www/html/xmlrpc.php' not found or unable to stat
[Sat Jun 21 10:03:01.660889 2025] [:error] [pid 125047] [client 10.10.36.158:43198] script '/var/www/html/wp-login.php' not found or unable to stat
[Sat Jun 21 23:37:24.416827 2025] [:error] [pid 40374] [client 10.10.36.158:42260] script '/var/www/html/wp-login.php' not found or unable to stat
[Sun Jun 22 19:06:28.510484 2025] [:error] [pid 61194] [client 10.10.36.158:57752] script '/var/www/html/xmlrpc.php' not found or unable to stat
[Mon Jun 23 02:12:05.466273 2025] [:error] [pid 61194] [client 10.10.36.158:20004] script '/var/www/html/wp-login.php' not found or unable to stat
[Mon Jun 23 06:44:19.010811 2025] [:error] [pid 61192] [client 10.10.36.158:30370] script '/var/www/html/wp-login.php' not found or unable to stat
[Mon Jun 23 12:31:55.298271 2025] [:error] [pid 58949] [client 10.10.36.158:25034] script '/var/www/html/wp-login.php' not found or unable to stat
[Mon Jun 23 12:31:55.421157 2025] [:error] [pid 61191] [client 10.10.36.158:25088] script '/var/www/html/xmlrpc.php' not found or unable to stat
[Mon Jun 23 12:32:28.355965 2025] [:error] [pid 61193] [client 10.10.36.158:35918] script '/var/www/html/wp-login.php' not found or unable to stat
[Mon Jun 23 12:32:28.785997 2025] [:error] [pid 64986] [client 10.10.36.158:36088] script '/var/www/html/xmlrpc.php' not found or unable to stat
[Mon Jun 23 13:00:30.704779 2025] [:error] [pid 93201] [client 10.10.36.158:30178] script '/var/www/html/xmlrpc.php' not found or unable to stat
[Mon Jun 23 13:21:22.632274 2025] [:error] [pid 61195] [client 10.10.36.158:17900] script '/var/www/html/wp-login.php' not found or unable to stat
[Mon Jun 23 14:55:21.864288 2025] [:error] [pid 61195] [client 10.10.36.158:18068] script '/var/www/html/xmlrpc.php' not found or unable to stat
[Mon Jun 23 20:43:25.108760 2025] [:error] [pid 58138] [client 10.10.36.158:48896] script '/var/www/html/phpversion.php' not found or unable to stat
[Mon Jun 23 20:43:25.112090 2025] [:error] [pid 62743] [client 10.10.36.158:48898] script '/var/www/html/old_phpinfo.php' not found or unable to stat
[Mon Jun 23 20:43:35.955708 2025] [:error] [pid 58949] [client 10.10.36.158:49168] script '/var/www/html/pinfo.php' not found or unable to stat
[Mon Jun 23 20:43:35.987145 2025] [:error] [pid 61193] [client 10.10.36.158:49170] script '/var/www/html/asdf.php' not found or unable to stat
[Mon Jun 23 20:43:40.965219 2025] [:error] [pid 62743] [client 10.10.36.158:49314] script '/var/www/html/l.php' not found or unable to stat
[Mon Jun 23 23:39:25.774776 2025] [:error] [pid 93201] [client 10.10.36.158:45758] script '/var/www/html/wp-login.php' not found or unable to stat
[Mon Jun 23 23:41:05.825072 2025] [:error] [pid 61194] [client 10.10.36.158:47202] script '/var/www/html/wp-login.php' not found or unable to stat
[Tue Jun 24 08:31:54.207052 2025] [:error] [pid 58138] [client 10.10.36.158:57264] script '/var/www/html/.antproxy.php' not found or unable to stat
[Wed Jun 25 12:55:52.170404 2025] [:error] [pid 47203] [client 10.10.36.158:48066] script '/var/www/html/xmlrpc.php' not found or unable to stat
[Wed Jun 25 12:58:11.394984 2025] [:error] [pid 47202] [client 10.10.36.158:21294] script '/var/www/html/xmlrpc.php' not found or unable to stat
[Wed Jun 25 20:26:14.571418 2025] [:error] [pid 4914] [client 10.10.36.158:23306] script '/var/www/html/i.php' not found or unable to stat
[Wed Jun 25 20:26:14.572123 2025] [:error] [pid 47894] [client 10.10.36.158:23302] script '/var/www/html/p.php' not found or unable to stat
