[Thu Feb 13 05:59:58.763952 2025] [:error] [pid 84573] [client 10.10.36.87:38624] script '/var/www/html/index.php' not found or unable to stat
[Thu Feb 13 06:00:20.677749 2025] [cgi:error] [pid 112535] [client 10.10.36.87:39322] script not found or unable to stat: /var/www/cgi-bin/ExportAllSettings.sh
[Thu Feb 13 06:00:59.457299 2025] [:error] [pid 92813] [client 10.10.36.87:40256] script '/var/www/html/index.php' not found or unable to stat
[Thu Feb 13 06:01:00.158287 2025] [cgi:error] [pid 92809] [client 10.10.36.87:40272] script not found or unable to stat: /var/www/cgi-bin/config.exp
[Thu Feb 13 06:01:05.320057 2025] [:error] [pid 112535] [client 10.10.36.87:40408] script '/var/www/html/index.php' not found or unable to stat
[Thu Feb 13 06:01:06.752528 2025] [:error] [pid 115710] [client 10.10.36.87:40474] script '/var/www/html/index.php' not found or unable to stat
[Thu Feb 13 06:01:15.900061 2025] [cgi:error] [pid 92809] [client 10.10.36.87:40740] script not found or unable to stat: /var/www/cgi-bin/export-cgi
[Thu Feb 13 06:01:18.690035 2025] [cgi:error] [pid 80374] [client 10.10.36.87:40834] script not found or unable to stat: /var/www/cgi-bin/exportCfgwithpasswd
[Thu Feb 13 06:01:19.639459 2025] [:error] [pid 80417] [client 10.10.36.87:40864] script '/var/www/html/jsrpc.php' not found or unable to stat
[Thu Feb 13 06:01:23.726161 2025] [:error] [pid 84575] [client 10.10.36.87:41016] script '/var/www/html/img.php' not found or unable to stat
[Thu Feb 13 06:01:32.752563 2025] [:error] [pid 112535] [client 10.10.36.87:41318] script '/var/www/html/index.php' not found or unable to stat
[Thu Feb 13 06:01:33.771834 2025] [:error] [pid 115710] [client 10.10.36.87:41348] script '/var/www/html/index.php' not found or unable to stat
[Thu Feb 13 06:01:44.786796 2025] [:error] [pid 74796] [client 10.10.36.87:41708] script '/var/www/html/document.php' not found or unable to stat
[Thu Feb 13 06:01:58.799244 2025] [:error] [pid 112535] [client 10.10.36.87:42024] script '/var/www/html/index.php' not found or unable to stat
[Thu Feb 13 06:01:59.805478 2025] [:error] [pid 80418] [client 10.10.36.87:42044] script '/var/www/html/index.php' not found or unable to stat
[Thu Feb 13 06:02:04.604905 2025] [:error] [pid 92813] [client 10.10.36.87:42168] script '/var/www/html/index.php' not found or unable to stat
[Thu Feb 13 06:02:15.865587 2025] [:error] [pid 80418] [client 10.10.36.87:42442] script '/var/www/html/tiki-edit_wiki_section.php' not found or unable to stat
[Thu Feb 13 06:02:18.803961 2025] [:error] [pid 80374] [client 10.10.36.87:42538] script '/var/www/html/index.php' not found or unable to stat
[Thu Feb 13 06:02:43.829319 2025] [:error] [pid 80374] [client 10.10.36.87:43352] script '/var/www/html/index.php' not found or unable to stat
[Thu Feb 13 06:02:54.682028 2025] [cgi:error] [pid 80417] [client 10.10.36.87:43672] script not found or unable to stat: /var/www/cgi-bin/ExportSettings.sh
[Thu Feb 13 06:03:15.723587 2025] [core:error] [pid 80374] [client 10.10.36.87:44272] AH00126: Invalid URI in request GET /%2e%2e/%2e%2e/%2e%2e/%2e%2e/%2e%2e/%2e%2e/%2e%2e/etc/passwd HTTP/1.1
[Thu Feb 13 06:03:24.675601 2025] [:error] [pid 84575] [client 10.10.36.87:44542] script '/var/www/html/upgrade_handle.php' not found or unable to stat
[Thu Feb 13 06:03:32.634264 2025] [:error] [pid 112535] [client 10.10.36.87:44726] script '/var/www/html/index.php' not found or unable to stat
[Thu Feb 13 06:03:32.786006 2025] [core:error] [pid 115710] [client 10.10.36.87:44742] AH00126: Invalid URI in request GET /public/plugins/alertlist/../../../../../../../../../../../../../../../../../../../etc/passwd HTTP/1.1
[Thu Feb 13 06:03:36.860398 2025] [core:error] [pid 92813] [client 10.10.36.87:44806] AH00126: Invalid URI in request GET /public/plugins/alertlist/../../../../../../../../../../../../../../../../../../../windows/win.ini HTTP/1.1
[Thu Feb 13 06:03:40.754390 2025] [core:error] [pid 80374] [client 10.10.36.87:44904] AH00126: Invalid URI in request GET /public/plugins/alertlist/../../../../../conf/defaults.ini HTTP/1.1
[Thu Feb 13 06:03:56.779286 2025] [:error] [pid 74796] [client 10.10.36.87:45312] script '/var/www/html/index.php' not found or unable to stat
[Thu Feb 13 06:03:56.806363 2025] [core:error] [pid 80417] [client 10.10.36.87:45316] AH00126: Invalid URI in request GET /./../../../../../../../../../../etc/passwd HTTP/1.1
[Thu Feb 13 06:04:08.680825 2025] [cgi:error] [pid 92813] [client 10.10.36.87:45666] script not found or unable to stat: /var/www/cgi-bin/Maconomy
[Thu Feb 13 06:04:28.670791 2025] [:error] [pid 80418] [client 10.10.36.87:46246] script '/var/www/html/down_data.php' not found or unable to stat
[Thu Feb 13 06:04:32.709555 2025] [:error] [pid 80374] [client 10.10.36.87:46390] script '/var/www/html/index.php' not found or unable to stat
[Thu Feb 13 06:05:30.740624 2025] [:error] [pid 115710] [client 10.10.36.87:48004] script '/var/www/html/verify.php' not found or unable to stat
[Thu Feb 13 06:05:40.708493 2025] [core:error] [pid 84575] [client 10.10.36.87:48234] AH00126: Invalid URI in request GET /webeditor/../../../windows/win.ini HTTP/1.1
[Thu Feb 13 06:05:42.661261 2025] [cgi:error] [pid 84573] [client 10.10.36.87:48292] script not found or unable to stat: /var/www/cgi-bin/db_eventlog_w.cgi
[Thu Feb 13 06:05:55.783248 2025] [cgi:error] [pid 92809] [client 10.10.36.87:48742] script not found or unable to stat: /var/www/cgi-bin/weblogin.cgi
[Thu Feb 13 06:05:58.119028 2025] [cgi:error] [pid 80374] [client 10.10.36.87:48796] script not found or unable to stat: /var/www/cgi-bin/cgibox
[Thu Feb 13 06:06:01.758879 2025] [cgi:error] [pid 84575] [client 10.10.36.87:48930] script not found or unable to stat: /var/www/cgi-bin/cgibox
[Thu Feb 13 06:06:06.674023 2025] [:error] [pid 84573] [client 10.10.36.87:49090] script '/var/www/html/index.php' not found or unable to stat
[Thu Feb 13 06:06:14.673596 2025] [:error] [pid 92813] [client 10.10.36.87:49314] script '/var/www/html/index.php' not found or unable to stat
[Thu Feb 13 06:06:18.785249 2025] [:error] [pid 92809] [client 10.10.36.87:49456] script '/var/www/html/index.php' not found or unable to stat
[Thu Feb 13 06:06:30.751128 2025] [:error] [pid 84575] [client 10.10.36.87:49790] script '/var/www/html/Solar_Image.php' not found or unable to stat
[Thu Feb 13 06:06:39.662616 2025] [:error] [pid 112535] [client 10.10.36.87:50046] script '/var/www/html/index.php' not found or unable to stat
[Thu Feb 13 06:06:44.750988 2025] [:error] [pid 80374] [client 10.10.36.87:50228] script '/var/www/html/index.php' not found or unable to stat
[Thu Feb 13 06:06:58.666511 2025] [:error] [pid 84575] [client 10.10.36.87:50566] script '/var/www/html/index.php' not found or unable to stat
[Thu Feb 13 06:07:00.674498 2025] [core:error] [pid 84573] [client 10.10.36.87:50616] AH00126: Invalid URI in request GET /../../../../../../../../../../../../../etc/passwd HTTP/1.1
[Thu Feb 13 06:07:14.789740 2025] [:error] [pid 92813] [client 10.10.36.87:50966] script '/var/www/html/index.php' not found or unable to stat
[Thu Feb 13 06:07:18.878378 2025] [:error] [pid 74796] [client 10.10.36.87:51070] script '/var/www/html/arcade.php' not found or unable to stat
[Thu Feb 13 06:07:22.754846 2025] [core:error] [pid 115710] [client 10.10.36.87:51208] AH00126: Invalid URI in request GET /../../../../../../../../../../../../windows/iis.log HTTP/1.1
[Thu Feb 13 06:07:36.700270 2025] [:error] [pid 74796] [client 10.10.36.87:51626] script '/var/www/html/excel.php' not found or unable to stat
[Thu Feb 13 06:07:42.718970 2025] [core:error] [pid 115710] [client 10.10.36.87:51844] AH00126: Invalid URI in request GET /img/../../../../../../etc/passwd HTTP/1.1
[Thu Feb 13 06:07:56.679067 2025] [:error] [pid 92809] [client 10.10.36.87:52270] script '/var/www/html/index.php' not found or unable to stat
[Thu Feb 13 06:07:59.944342 2025] [:error] [pid 74796] [client 10.10.36.87:52366] script '/var/www/html/index.php' not found or unable to stat
[Thu Feb 13 06:08:00.738843 2025] [authz_core:error] [pid 80417] [client 10.10.36.87:52396] AH01630: client denied by server configuration: /var/www/html/.htpasswd
[Thu Feb 13 06:08:26.795890 2025] [:error] [pid 80374] [client 10.10.36.87:53206] script '/var/www/html/index.php' not found or unable to stat
[Thu Feb 13 06:08:39.205445 2025] [cgi:error] [pid 84575] [client 10.10.36.87:53476] script not found or unable to stat: /var/www/cgi-bin/cgiServer.exx
[Thu Feb 13 06:09:04.627713 2025] [cgi:error] [pid 92813] [client 10.10.36.87:54120] script not found or unable to stat: /var/www/cgi-bin/GetSrvInfo.exe
[Thu Feb 13 06:09:32.739483 2025] [:error] [pid 115710] [client 10.10.36.87:54860] script '/var/www/html/index.php' not found or unable to stat
[Thu Feb 13 06:09:38.773828 2025] [core:error] [pid 112535] [client 10.10.36.87:55024] AH00126: Invalid URI in request GET /msa/../../../../../../../../etc/passwd HTTP/1.1
[Thu Feb 13 06:09:46.978919 2025] [:error] [pid 80374] [client 10.10.36.87:55238] script '/var/www/html/index.php' not found or unable to stat
[Thu Feb 13 06:09:59.678778 2025] [:error] [pid 80417] [client 10.10.36.87:55638] script '/var/www/html/index.php' not found or unable to stat
[Thu Feb 13 06:10:34.648400 2025] [cgi:error] [pid 80417] [client 10.10.36.87:56634] script not found or unable to stat: /var/www/cgi-bin/login
[Thu Feb 13 06:10:44.650256 2025] [:error] [pid 80417] [client 10.10.36.87:56886] script '/var/www/html/index.php' not found or unable to stat
[Thu Feb 13 06:10:50.644145 2025] [:error] [pid 80374] [client 10.10.36.87:57000] script '/var/www/html/index.php' not found or unable to stat
[Thu Feb 13 06:10:55.711152 2025] [core:error] [pid 80417] [client 10.10.36.87:57152] AH00126: Invalid URI in request GET /../../../../../../etc/passwd HTTP/1.1
[Thu Feb 13 06:11:04.636019 2025] [:error] [pid 74796] [client 10.10.36.87:57402] script '/var/www/html/index.php' not found or unable to stat
[Thu Feb 13 06:11:07.697762 2025] [:error] [pid 84575] [client 10.10.36.87:57510] script '/var/www/html/index.php' not found or unable to stat
[Thu Feb 13 06:11:07.706948 2025] [cgi:error] [pid 84573] [client 10.10.36.87:57516] script not found or unable to stat: /var/www/cgi-bin/koha
[Thu Feb 13 06:11:11.752113 2025] [:error] [pid 80417] [client 10.10.36.87:57626] script '/var/www/html/index.php' not found or unable to stat
[Thu Feb 13 06:11:21.850499 2025] [:error] [pid 92813] [client 10.10.36.87:57934] script '/var/www/html/get_dkey.php' not found or unable to stat
[Thu Feb 13 06:11:25.629177 2025] [core:error] [pid 92809] [client 10.10.36.87:58042] AH00126: Invalid URI in request GET /../../etc/passwd HTTP/1.1
[Thu Feb 13 06:11:43.598524 2025] [cgi:error] [pid 112535] [client 10.10.36.87:58504] script not found or unable to stat: /var/www/cgi-bin/cosmobdf.cgi
[Thu Feb 13 06:11:43.802491 2025] [core:error] [pid 80418] [client 10.10.36.87:58530] AH00126: Invalid URI in request GET /../../../../../../../../../../../../windows/win.ini HTTP/1.1
[Thu Feb 13 06:11:47.727575 2025] [cgi:error] [pid 92809] [client 10.10.36.87:58634] script not found or unable to stat: /var/www/cgi-bin/cosmobdf.cgi
[Thu Feb 13 06:12:51.615193 2025] [:error] [pid 92809] [client 10.10.36.87:60512] script '/var/www/html/index.php' not found or unable to stat
[Thu Feb 13 06:13:06.627904 2025] [cgi:error] [pid 74796] [client 10.10.36.87:60982] script not found or unable to stat: /var/www/cgi-bin/operator
[Thu Feb 13 06:13:34.814926 2025] [:error] [pid 80418] [client 10.10.36.87:61776] script '/var/www/html/mainfile.php' not found or unable to stat
[Thu Feb 13 06:13:46.660640 2025] [authz_core:error] [pid 80374] [client 10.10.36.87:61998] AH01630: client denied by server configuration: /var/www/html/.htpasswd
[Thu Feb 13 06:14:13.982251 2025] [:error] [pid 80418] [client 10.10.36.87:62784] script '/var/www/html/settings.php' not found or unable to stat
[Thu Feb 13 06:14:34.909835 2025] [:error] [pid 115710] [client 10.10.36.87:63308] script '/var/www/html/admin_dev.php' not found or unable to stat
[Thu Feb 13 06:14:38.657694 2025] [:error] [pid 92809] [client 10.10.36.87:63412] script '/var/www/html/index_dev.php' not found or unable to stat
[Thu Feb 13 06:14:38.802607 2025] [:error] [pid 74796] [client 10.10.36.87:63438] script '/var/www/html/index.php' not found or unable to stat
[Thu Feb 13 06:14:42.744221 2025] [:error] [pid 115710] [client 10.10.36.87:63536] script '/var/www/html/app_dev.php' not found or unable to stat
[Thu Feb 13 06:14:52.646100 2025] [core:error] [pid 92809] [client 10.10.36.87:63858] AH00126: Invalid URI in request GET /../conf/config.properties HTTP/1.1
[Thu Feb 13 06:15:14.003018 2025] [:error] [pid 115710] [client 10.10.36.87:10592] script '/var/www/html/index.php' not found or unable to stat
[Thu Feb 13 06:15:37.646605 2025] [:error] [pid 74796] [client 10.10.36.87:11146] script '/var/www/html/index.php' not found or unable to stat
[Thu Feb 13 06:15:39.773096 2025] [:error] [pid 112535] [client 10.10.36.87:11214] script '/var/www/html/index.php' not found or unable to stat
[Thu Feb 13 06:16:30.619617 2025] [core:error] [pid 80418] [client 10.10.36.87:12508] AH00126: Invalid URI in request GET /dana-na/../dana/html5acc/guacamole/../../../../../../etc/passwd?/dana/html5acc/guacamole/ HTTP/1.1
[Thu Feb 13 06:16:30.712886 2025] [:error] [pid 92813] [client 10.10.36.87:12516] script '/var/www/html/index.php' not found or unable to stat
[Thu Feb 13 06:16:51.790474 2025] [cgi:error] [pid 92813] [client 10.10.36.87:13188] script not found or unable to stat: /var/www/cgi-bin/live_api.cgi
[Thu Feb 13 06:17:20.698182 2025] [cgi:error] [pid 84573] [client 10.10.36.87:13974] script not found or unable to stat: /var/www/cgi-bin/nas_sharing.cgi
[Thu Feb 13 06:17:25.713017 2025] [:error] [pid 112535] [client 10.10.36.87:14088] script '/var/www/html/setup.php' not found or unable to stat
[Thu Feb 13 06:17:30.796705 2025] [:error] [pid 92813] [client 10.10.36.87:14254] script '/var/www/html/index.php' not found or unable to stat
[Thu Feb 13 06:17:37.719517 2025] [core:error] [pid 80417] [client 10.10.36.87:14418] AH00126: Invalid URI in request GET /jreport/sendfile/help/../../../../../../../../../../../../../../etc/passwd HTTP/1.1
[Thu Feb 13 06:17:43.679321 2025] [:error] [pid 80418] [client 10.10.36.87:14620] script '/var/www/html/index.php' not found or unable to stat
[Thu Feb 13 06:18:18.786855 2025] [core:error] [pid 92813] [client 10.10.36.87:15608] AH00126: Invalid URI in request GET /_next/../../../../../../../../../../etc/passwd HTTP/1.1
[Thu Feb 13 06:18:46.780849 2025] [cgi:error] [pid 84575] [client 10.10.36.87:16292] script not found or unable to stat: /var/www/cgi-bin/wapopen
[Thu Feb 13 06:19:38.700999 2025] [cgi:error] [pid 84573] [client 10.10.36.87:17760] script not found or unable to stat: /var/www/cgi-bin/webproc
[Thu Feb 13 06:19:45.715591 2025] [:error] [pid 80418] [client 10.10.36.87:17950] script '/var/www/html/searchreplacedb2.php' not found or unable to stat
[Thu Feb 13 06:19:56.651240 2025] [:error] [pid 80374] [client 10.10.36.87:18264] script '/var/www/html/index.php' not found or unable to stat
[Thu Feb 13 06:20:06.790181 2025] [:error] [pid 84575] [client 10.10.36.87:18592] script '/var/www/html/index.php' not found or unable to stat
[Thu Feb 13 06:20:07.623758 2025] [:error] [pid 112535] [client 10.10.36.87:18602] script '/var/www/html/index.php' not found or unable to stat
[Thu Feb 13 06:20:13.024761 2025] [core:error] [pid 80417] [client 10.10.36.87:18752] AH00126: Invalid URI in request GET /../../../../../../../../../../../../etc/passwd HTTP/1.1
[Thu Feb 13 06:20:17.626401 2025] [cgi:error] [pid 92813] [client 10.10.36.87:18886] script not found or unable to stat: /var/www/cgi-bin/broker
[Thu Feb 13 06:20:47.617171 2025] [:error] [pid 84573] [client 10.10.36.87:19670] script '/var/www/html/index.php' not found or unable to stat
[Thu Feb 13 06:20:57.746977 2025] [:error] [pid 92813] [client 10.10.36.87:19972] script '/var/www/html/index.php' not found or unable to stat
[Thu Feb 13 06:21:39.759636 2025] [:error] [pid 115710] [client 10.10.36.87:21030] script '/var/www/html/api.php' not found or unable to stat
[Thu Feb 13 06:21:48.709878 2025] [:error] [pid 74796] [client 10.10.36.87:21290] script '/var/www/html/index.php' not found or unable to stat
[Thu Feb 13 06:21:50.665561 2025] [:error] [pid 84573] [client 10.10.36.87:21324] script '/var/www/html/index.php' not found or unable to stat
[Thu Feb 13 06:22:33.184103 2025] [:error] [pid 92809] [client 10.10.36.87:22578] script '/var/www/html/index.php' not found or unable to stat
[Thu Feb 13 06:22:45.773969 2025] [core:error] [pid 115710] [client 10.10.36.87:22998] AH00126: Invalid URI in request GET /.%2e/.%2e/.%2e/.%2e/.%2e/.%2e/.%2e/.%2e/.%2e/.%2e/.%2e/.%2e/.%2e/.%2e/var/www/html/index.html HTTP/1.1
[Thu Feb 13 06:23:27.607280 2025] [:error] [pid 74796] [client 10.10.36.87:24178] script '/var/www/html/index.php' not found or unable to stat
[Thu Feb 13 06:23:28.633123 2025] [:error] [pid 84573] [client 10.10.36.87:24208] script '/var/www/html/index.php' not found or unable to stat
[Thu Feb 13 06:23:29.709389 2025] [:error] [pid 84575] [client 10.10.36.87:24246] script '/var/www/html/install.php' not found or unable to stat
[Thu Feb 13 06:24:20.735276 2025] [:error] [pid 80374] [client 10.10.36.87:25726] script '/var/www/html/index.php' not found or unable to stat
[Thu Feb 13 06:24:21.586828 2025] [:error] [pid 74796] [client 10.10.36.87:25746] script '/var/www/html/index.php' not found or unable to stat
[Thu Feb 13 06:24:35.081822 2025] [:error] [pid 80418] [client 10.10.36.87:26074] script '/var/www/html/compliancepolicies.inc.php' not found or unable to stat
[Thu Feb 13 06:25:05.666792 2025] [core:error] [pid 84575] [client 10.10.36.87:26860] AH00126: Invalid URI in request GET /../../../../../../../../windows/win.ini HTTP/1.1
[Thu Feb 13 06:25:25.623923 2025] [:error] [pid 92809] [client 10.10.36.87:27488] script '/var/www/html/pictureproxy.php' not found or unable to stat
[Thu Feb 13 06:25:29.763042 2025] [cgi:error] [pid 80374] [client 10.10.36.87:27594] script not found or unable to stat: /var/www/cgi-bin/login_mgr.cgi
[Thu Feb 13 06:25:40.607583 2025] [core:error] [pid 80418] [client 10.10.36.87:27882] AH00126: Invalid URI in request GET /_next/../../../../../../../../../etc/passwd HTTP/1.1
[Thu Feb 13 06:26:01.830688 2025] [:error] [pid 80417] [client 10.10.36.87:28530] script '/var/www/html/app_dev.php' not found or unable to stat
[Thu Feb 13 06:26:05.730487 2025] [:error] [pid 80418] [client 10.10.36.87:28628] script '/var/www/html/index.php' not found or unable to stat
[Thu Feb 13 06:26:09.719937 2025] [:error] [pid 80374] [client 10.10.36.87:28726] script '/var/www/html/index_dev.php' not found or unable to stat
[Thu Feb 13 06:26:13.679105 2025] [:error] [pid 84575] [client 10.10.36.87:28826] script '/var/www/html/dev.php' not found or unable to stat
[Thu Feb 13 06:26:17.657216 2025] [:error] [pid 115710] [client 10.10.36.87:28934] script '/var/www/html/debug.php' not found or unable to stat
[Thu Feb 13 06:26:30.622275 2025] [:error] [pid 92809] [client 10.10.36.87:29232] script '/var/www/html/frontend_dev.php' not found or unable to stat
[Thu Feb 13 06:26:33.708384 2025] [:error] [pid 74796] [client 10.10.36.87:29280] script '/var/www/html/backend_dev.php' not found or unable to stat
[Thu Feb 13 06:26:37.636767 2025] [:error] [pid 115710] [client 10.10.36.87:29326] script '/var/www/html/api_dev.php' not found or unable to stat
[Thu Feb 13 06:26:41.609128 2025] [:error] [pid 84573] [client 10.10.36.87:29412] script '/var/www/html/app.php' not found or unable to stat
[Thu Feb 13 06:26:43.657276 2025] [cgi:error] [pid 80417] [client 10.10.36.87:29450] script not found or unable to stat: /var/www/cgi-bin/webproc
[Thu Feb 13 06:26:44.721295 2025] [:error] [pid 92809] [client 10.10.36.87:29478] script '/var/www/html/app_test.php' not found or unable to stat
[Thu Feb 13 06:26:46.760151 2025] [:error] [pid 74796] [client 10.10.36.87:29522] script '/var/www/html/index.php' not found or unable to stat
[Thu Feb 13 06:26:48.632077 2025] [:error] [pid 84575] [client 10.10.36.87:29546] script '/var/www/html/index.php' not found or unable to stat
[Thu Feb 13 06:26:48.664737 2025] [:error] [pid 115710] [client 10.10.36.87:29550] script '/var/www/html/test.php' not found or unable to stat
[Thu Feb 13 06:26:49.659612 2025] [core:error] [pid 112535] [client 10.10.36.87:29574] AH00126: Invalid URI in request GET /../../../../../../../../etc/passwd HTTP/1.1
[Thu Feb 13 06:26:54.701049 2025] [:error] [pid 92813] [client 10.10.36.87:29740] script '/var/www/html/index.php' not found or unable to stat
[Thu Feb 13 06:27:44.191579 2025] [:error] [pid 80374] [client 10.10.36.87:31038] script '/var/www/html/index.php' not found or unable to stat
[Thu Feb 13 06:27:45.054032 2025] [cgi:error] [pid 84575] [client 10.10.36.87:31052] script not found or unable to stat: /var/www/cgi-bin/privatekey.pem
[Thu Feb 13 06:27:52.704996 2025] [cgi:error] [pid 92809] [client 10.10.36.87:31296] script not found or unable to stat: /var/www/cgi-bin/kerbynet
[Thu Feb 13 06:27:55.772275 2025] [:error] [pid 80374] [client 10.10.36.87:31402] script '/var/www/html/fw.progrss.details.php' not found or unable to stat
[Thu Feb 13 06:28:42.663247 2025] [:error] [pid 112535] [client 10.10.36.87:32830] script '/var/www/html/index.php' not found or unable to stat
[Thu Feb 13 06:28:42.668416 2025] [:error] [pid 84573] [client 10.10.36.87:32832] script '/var/www/html/index.php' not found or unable to stat
[Thu Feb 13 06:28:45.064161 2025] [core:error] [pid 80417] [client 10.10.36.87:32880] AH00126: Invalid URI in request GET /public/%2e%2e/%2e%2e/%2e%2e/%2e%2e/%2e%2e/etc/passwd HTTP/1.1
[Thu Feb 13 06:28:47.742064 2025] [:error] [pid 80374] [client 10.10.36.87:32958] script '/var/www/html/index.php' not found or unable to stat
[Thu Feb 13 06:29:03.638668 2025] [:error] [pid 80417] [client 10.10.36.87:33510] script '/var/www/html/index.php' not found or unable to stat
[Thu Feb 13 06:29:15.722256 2025] [:error] [pid 92813] [client 10.10.36.87:33964] script '/var/www/html/index.php' not found or unable to stat
[Thu Feb 13 06:29:18.611400 2025] [:error] [pid 92809] [client 10.10.36.87:34042] script '/var/www/html/index.php' not found or unable to stat
[Thu Feb 13 06:29:45.913883 2025] [:error] [pid 115710] [client 10.10.36.87:34718] script '/var/www/html/index.php' not found or unable to stat
[Thu Feb 13 06:29:53.696575 2025] [:error] [pid 80374] [client 10.10.36.87:34948] script '/var/www/html/inizio.php' not found or unable to stat
[Thu Feb 13 06:30:15.718433 2025] [core:error] [pid 92809] [client 10.10.36.87:35688] AH00126: Invalid URI in request GET /static/js/../../../../../../../../../../../../../../etc/passwd HTTP/1.1
[Thu Feb 13 06:30:57.705216 2025] [:error] [pid 112535] [client 10.10.36.87:36804] script '/var/www/html/index.php' not found or unable to stat
[Thu Feb 13 06:31:14.740830 2025] [core:error] [pid 74796] [client 10.10.36.87:37284] AH00126: Invalid URI in request GET /static/../../../a/../../../../etc/passwd HTTP/1.1
[Thu Feb 13 06:31:18.778445 2025] [:error] [pid 112535] [client 10.10.36.87:37396] script '/var/www/html/snippets.inc.php' not found or unable to stat
[Thu Feb 13 06:32:02.729000 2025] [:error] [pid 115710] [client 10.10.36.87:38526] script '/var/www/html/index.php' not found or unable to stat
[Thu Feb 13 06:32:42.137385 2025] [core:error] [pid 92809] [client 10.10.36.87:39784] AH00126: Invalid URI in request GET /static/css//../../../../../../../../etc/passwd HTTP/1.1
[Thu Feb 13 17:48:51.018227 2025] [:error] [pid 10280] [client 10.10.36.170:52690] script '/var/www/html/app_dev.php' not found or unable to stat
[Fri Feb 14 04:35:09.853786 2025] [:error] [pid 7414] [client 10.10.36.87:34834] script '/var/www/html/wp-login.php' not found or unable to stat, referer: https://hmissk.dcservices.in/wp-admin/
[Sat Feb 15 04:11:18.271793 2025] [core:error] [pid 7425] [client 10.10.36.87:53334] AH00126: Invalid URI in request GET /toolbox-resource/../translations/../../configuration/serverconfig.xml HTTP/1.1
[Sun Feb 16 12:11:47.221440 2025] [core:error] [pid 121629] [client 10.10.36.87:17390] AH00126: Invalid URI in request POST /cgi-bin/.%2e/.%2e/.%2e/.%2e/.%2e/.%2e/.%2e/.%2e/.%2e/.%2e/bin/sh HTTP/1.1
[Sun Feb 16 20:48:24.842610 2025] [:error] [pid 123672] [client 10.10.36.87:10194] script '/var/www/html/info.php' not found or unable to stat
[Mon Feb 17 23:16:02.365242 2025] [:error] [pid 116373] [client 10.10.36.87:47094] script '/var/www/html/wp-login.php' not found or unable to stat, referer: https://hmissk.dcservices.in/wp-admin/
[Tue Feb 18 09:41:28.716544 2025] [core:error] [pid 121629] [client 10.10.36.87:49962] AH00126: Invalid URI in request POST /cgi-bin/.%2e/.%2e/.%2e/.%2e/.%2e/.%2e/.%2e/.%2e/.%2e/.%2e/bin/sh HTTP/1.1
[Tue Feb 18 09:41:50.901837 2025] [:error] [pid 115947] [client 10.10.36.87:50240] script '/var/www/html/index.php' not found or unable to stat
[Tue Feb 18 09:41:51.677062 2025] [:error] [pid 121628] [client 10.10.36.87:50248] script '/var/www/html/index.php' not found or unable to stat
[Tue Feb 18 09:41:52.236668 2025] [:error] [pid 123672] [client 10.10.36.87:50260] script '/var/www/html/index.php' not found or unable to stat
[Tue Feb 18 17:34:37.300910 2025] [:error] [pid 7841] [client 10.10.36.87:38828] script '/var/www/html/index.php' not found or unable to stat, referer: http://220.156.188.131/index.php?lang=en
[Tue Mar 04 18:43:05.778257 2025] [:error] [pid 46021] [client 10.10.36.246:61772] script '/var/www/html/index.php' not found or unable to stat, referer: http://220.156.188.79/index.php?lang=en
[Tue Mar 04 18:55:15.339243 2025] [cgi:error] [pid 14492] [client 10.10.36.246:50106] script not found or unable to stat: /var/www/cgi-bin/index2.asp, referer: http://220.156.188.79:80/cgi-bin/index2.asp
[Tue Mar 04 18:55:16.847229 2025] [cgi:error] [pid 41627] [client 10.10.36.246:50168] script not found or unable to stat: /var/www/cgi-bin/index2.asp, referer: http://220.156.188.79:80/cgi-bin/index2.asp
[Tue Mar 04 18:55:18.368103 2025] [cgi:error] [pid 46021] [client 10.10.36.246:50268] script not found or unable to stat: /var/www/cgi-bin/index2.asp, referer: http://220.156.188.79:80/cgi-bin/index2.asp
[Tue Mar 04 18:58:14.142411 2025] [cgi:error] [pid 46021] [client 10.10.36.246:62878] script not found or unable to stat: /var/www/cgi-bin/index2.asp, referer: http://220.156.188.79:80/cgi-bin/index2.asp
[Tue Mar 04 18:58:15.644380 2025] [cgi:error] [pid 41627] [client 10.10.36.246:62952] script not found or unable to stat: /var/www/cgi-bin/index2.asp, referer: http://220.156.188.79:80/cgi-bin/index2.asp
[Tue Mar 04 19:04:12.816761 2025] [cgi:error] [pid 46018] [client 10.10.36.246:34476] script not found or unable to stat: /var/www/cgi-bin/index2.asp, referer: http://220.156.188.79:80/cgi-bin/index2.asp
[Tue Mar 04 19:05:24.589602 2025] [cgi:error] [pid 46020] [client 10.10.36.246:40326] script not found or unable to stat: /var/www/cgi-bin/index2.asp, referer: http://220.156.188.79:80/cgi-bin/index2.asp
[Tue Mar 04 19:09:32.264996 2025] [cgi:error] [pid 46020] [client 10.10.36.246:57232] script not found or unable to stat: /var/www/cgi-bin/index2.asp, referer: http://220.156.188.79:80/cgi-bin/index2.asp
[Tue Mar 04 19:09:33.786400 2025] [cgi:error] [pid 14436] [client 10.10.36.246:57318] script not found or unable to stat: /var/www/cgi-bin/index2.asp, referer: http://220.156.188.79:80/cgi-bin/index2.asp
[Tue Mar 04 19:09:35.323997 2025] [cgi:error] [pid 34818] [client 10.10.36.246:57388] script not found or unable to stat: /var/www/cgi-bin/index2.asp, referer: http://220.156.188.79:80/cgi-bin/index2.asp
[Tue Mar 04 19:12:34.691967 2025] [cgi:error] [pid 14492] [client 10.10.36.246:14632] script not found or unable to stat: /var/www/cgi-bin/index2.asp, referer: http://220.156.188.79:80/cgi-bin/index2.asp
[Tue Mar 04 19:12:36.242062 2025] [cgi:error] [pid 46018] [client 10.10.36.246:14776] script not found or unable to stat: /var/www/cgi-bin/index2.asp, referer: http://220.156.188.79:80/cgi-bin/index2.asp
[Tue Mar 04 19:12:37.754869 2025] [cgi:error] [pid 46018] [client 10.10.36.246:14856] script not found or unable to stat: /var/www/cgi-bin/index2.asp, referer: http://220.156.188.79:80/cgi-bin/index2.asp
[Thu May 15 15:55:52.090024 2025] [:error] [pid 105961] [client 10.10.36.158:16982] script '/var/www/html/xmlrpc.php' not found or unable to stat
[Thu May 15 16:44:24.119209 2025] [:error] [pid 105953] [client 10.10.36.158:19054] script '/var/www/html/wp-login.php' not found or unable to stat
[Thu May 15 16:44:24.192219 2025] [:error] [pid 105952] [client 10.10.36.158:19060] script '/var/www/html/xmlrpc.php' not found or unable to stat
[Thu May 15 16:44:45.783137 2025] [:error] [pid 105953] [client 10.10.36.158:19828] script '/var/www/html/wp-login.php' not found or unable to stat
[Thu May 15 16:44:45.988705 2025] [:error] [pid 105951] [client 10.10.36.158:19838] script '/var/www/html/xmlrpc.php' not found or unable to stat
[Fri May 16 21:47:03.044626 2025] [:error] [pid 83625] [client 10.10.36.247:21788] script '/var/www/html/alive.php' not found or unable to stat
[Sat May 17 03:35:10.279421 2025] [:error] [pid 95834] [client 10.10.36.158:37576] script '/var/www/html/wp-login.php' not found or unable to stat
[Sat May 17 03:35:10.309261 2025] [:error] [pid 83623] [client 10.10.36.158:37578] script '/var/www/html/xmlrpc.php' not found or unable to stat
[Sat May 17 03:35:10.395536 2025] [:error] [pid 84281] [client 10.10.36.158:37580] script '/var/www/html/wp-login.php' not found or unable to stat
[Sat May 17 03:35:10.457962 2025] [:error] [pid 83670] [client 10.10.36.158:37582] script '/var/www/html/xmlrpc.php' not found or unable to stat
[Sun May 18 07:19:43.335867 2025] [:error] [pid 88535] [client 10.10.36.247:29296] script '/var/www/html/wp-login.php' not found or unable to stat
[Mon May 19 04:04:11.227614 2025] [:error] [pid 88534] [client 10.10.36.158:55572] script '/var/www/html/index.php' not found or unable to stat
[Mon May 19 15:16:31.037754 2025] [:error] [pid 94173] [client 10.10.36.158:34276] script '/var/www/html/index.php' not found or unable to stat
[Tue May 20 00:27:06.022296 2025] [:error] [pid 114717] [client 10.10.36.158:23544] script '/var/www/html/wp-2019.php' not found or unable to stat
[Tue May 20 00:27:35.110342 2025] [:error] [pid 94176] [client 10.10.36.158:24244] script '/var/www/html/admin.php' not found or unable to stat
[Tue May 20 00:30:34.921842 2025] [:error] [pid 94172] [client 10.10.36.158:27878] script '/var/www/html/install.php' not found or unable to stat
[Tue May 20 00:32:45.792194 2025] [:error] [pid 94174] [client 10.10.36.158:31642] script '/var/www/html/cux.php' not found or unable to stat
[Tue May 20 03:16:53.653779 2025] [:error] [pid 114705] [client 10.10.36.158:31784] script '/var/www/html/index.php' not found or unable to stat
[Tue May 20 15:20:28.458688 2025] [:error] [pid 56814] [client 10.10.36.158:14050] script '/var/www/html/index.php' not found or unable to stat
[Wed May 21 06:21:26.475888 2025] [:error] [pid 107644] [client 10.10.36.158:15564] script '/var/www/html/index.php' not found or unable to stat
[Thu May 22 03:42:40.155702 2025] [:error] [pid 65736] [client 10.10.36.158:35934] script '/var/www/html/index.php' not found or unable to stat
[Thu May 22 21:03:56.469766 2025] [:error] [pid 65736] [client 10.10.36.247:45868] script '/var/www/html/wp-login.php' not found or unable to stat
[Fri May 23 12:22:46.049222 2025] [:error] [pid 88622] [client 10.10.36.158:62040] script '/var/www/html/xmlrpc.php' not found or unable to stat
[Fri May 23 14:24:50.145966 2025] [:error] [pid 88622] [client 10.10.36.158:38874] script '/var/www/html/wp-login.php' not found or unable to stat
[Fri May 23 14:24:50.229399 2025] [:error] [pid 87992] [client 10.10.36.158:38880] script '/var/www/html/xmlrpc.php' not found or unable to stat
[Fri May 23 14:25:32.889808 2025] [:error] [pid 87993] [client 10.10.36.158:43390] script '/var/www/html/wp-login.php' not found or unable to stat
[Fri May 23 14:25:33.119857 2025] [:error] [pid 98866] [client 10.10.36.158:43406] script '/var/www/html/xmlrpc.php' not found or unable to stat
[Sat May 24 14:13:59.160098 2025] [:error] [pid 98868] [client 10.10.36.158:55038] script '/var/www/html/wp-login.php' not found or unable to stat
[Sun May 25 10:16:02.245945 2025] [:error] [pid 118774] [client 10.10.36.158:39526] script '/var/www/html/upl.php' not found or unable to stat
[Mon May 26 10:11:12.578210 2025] [:error] [pid 111509] [client 10.10.36.247:46218] script '/var/www/html/wp-login.php' not found or unable to stat
[Mon May 26 13:02:54.315558 2025] [:error] [pid 124144] [client 10.10.36.158:25912] script '/var/www/html/xmlrpc.php' not found or unable to stat
[Mon May 26 13:39:47.662599 2025] [:error] [pid 124486] [client 10.10.36.158:28504] script '/var/www/html/wp-login.php' not found or unable to stat
[Wed May 28 23:22:01.003971 2025] [:error] [pid 124144] [client 10.10.36.158:24100] script '/var/www/html/xmlrpc.php' not found or unable to stat
[Thu May 29 07:23:46.309102 2025] [:error] [pid 124105] [client 10.10.36.158:60420] script '/var/www/html/wp-login.php' not found or unable to stat
[Thu May 29 10:30:27.362015 2025] [:error] [pid 124106] [client 10.10.36.158:42100] script '/var/www/html/wp-login.php' not found or unable to stat
[Thu May 29 14:40:55.627696 2025] [:error] [pid 124102] [client 10.10.36.158:63048] script '/var/www/html/xmlrpc.php' not found or unable to stat
[Thu May 29 20:13:26.647138 2025] [:error] [pid 2864] [client 10.10.36.158:13678] script '/var/www/html/wp-login.php' not found or unable to stat
[Fri May 30 19:19:18.897920 2025] [:error] [pid 124106] [client 10.10.36.158:12560] script '/var/www/html/xmlrpc.php' not found or unable to stat
[Sat May 31 01:06:05.224006 2025] [:error] [pid 10780] [client 10.10.36.158:36010] script '/var/www/html/xmlrpc.php' not found or unable to stat
[Sat May 31 02:54:10.387624 2025] [:error] [pid 118059] [client 10.10.36.158:55780] script '/var/www/html/xmlrpc.php' not found or unable to stat
[Sat May 31 13:29:12.178863 2025] [:error] [pid 124105] [client 10.10.36.158:40164] script '/var/www/html/xmlrpc.php' not found or unable to stat
[Sat May 31 13:33:16.766989 2025] [:error] [pid 10357] [client 10.10.36.158:59498] script '/var/www/html/xmlrpc.php' not found or unable to stat
[Sat May 31 14:33:27.133790 2025] [:error] [pid 109294] [client 10.10.36.158:40826] script '/var/www/html/xmlrpc.php' not found or unable to stat
[Sat May 31 14:41:12.093240 2025] [:error] [pid 10780] [client 10.10.36.158:19476] script '/var/www/html/wp-login.php' not found or unable to stat
[Sat May 31 23:03:56.063996 2025] [:error] [pid 118059] [client 10.10.36.158:15102] script '/var/www/html/xmlrpc.php' not found or unable to stat
[Sun Jun 01 00:14:11.326746 2025] [:error] [pid 124105] [client 10.10.36.158:36280] script '/var/www/html/xmlrpc.php' not found or unable to stat
[Sun Jun 01 03:55:43.045196 2025] [:error] [pid 18003] [client 10.10.36.158:16672] script '/var/www/html/wp-login.php' not found or unable to stat
[Sun Jun 01 08:41:57.023125 2025] [:error] [pid 38351] [client 10.10.36.197:41140] script '/var/www/html/wp-login.php' not found or unable to stat
[Sun Jun 01 08:41:58.910843 2025] [:error] [pid 37842] [client 10.10.36.197:41294] script '/var/www/html/admin.php' not found or unable to stat
[Sun Jun 01 08:42:30.169190 2025] [:error] [pid 38357] [client 10.10.36.197:43994] script '/var/www/html/wp-login.php' not found or unable to stat
[Sun Jun 01 08:50:07.968020 2025] [:error] [pid 37840] [client 10.10.36.197:30988] script '/var/www/html/wp-login.php' not found or unable to stat
[Sun Jun 01 08:50:12.525255 2025] [:error] [pid 38358] [client 10.10.36.197:31368] script '/var/www/html/admin.php' not found or unable to stat
[Sun Jun 01 08:50:57.482818 2025] [:error] [pid 38913] [client 10.10.36.197:35648] script '/var/www/html/wp-login.php' not found or unable to stat
[Sun Jun 01 08:51:19.866638 2025] [:error] [pid 37840] [client 10.10.36.197:37572] script '/var/www/html/admin.php' not found or unable to stat
[Sun Jun 01 09:47:43.220127 2025] [:error] [pid 39268] [client 10.10.36.197:19354] script '/var/www/html/style.php' not found or unable to stat, referer: www.google.com
[Sun Jun 01 09:47:59.690751 2025] [:error] [pid 42187] [client 10.10.36.197:19716] script '/var/www/html/ss.php' not found or unable to stat, referer: www.google.com
[Sun Jun 01 11:22:36.818992 2025] [:error] [pid 49026] [client 10.10.36.197:59560] script '/var/www/html/wp-login.php' not found or unable to stat, referer: https://www.manakonline.in/wp-admin/
[Sun Jun 01 11:26:16.783238 2025] [:error] [pid 48808] [client 10.10.36.197:13290] script '/var/www/html/wp-login.php' not found or unable to stat
[Sun Jun 01 11:26:18.706875 2025] [:error] [pid 48129] [client 10.10.36.197:13338] script '/var/www/html/admin.php' not found or unable to stat
[Sun Jun 01 11:26:56.299152 2025] [:error] [pid 49784] [client 10.10.36.197:15552] script '/var/www/html/wp-login.php' not found or unable to stat
[Sun Jun 01 13:04:04.862258 2025] [:error] [pid 56338] [client 10.10.36.197:35200] script '/var/www/html/wp-login.php' not found or unable to stat
[Sun Jun 01 13:04:06.801881 2025] [:error] [pid 56338] [client 10.10.36.197:35360] script '/var/www/html/admin.php' not found or unable to stat
[Sun Jun 01 13:05:02.742820 2025] [:error] [pid 56489] [client 10.10.36.197:38088] script '/var/www/html/wp-login.php' not found or unable to stat
[Sun Jun 01 13:05:33.312210 2025] [:error] [pid 56571] [client 10.10.36.197:39800] script '/var/www/html/admin.php' not found or unable to stat
[Sun Jun 01 13:17:36.132138 2025] [:error] [pid 57229] [client 10.10.36.197:24320] script '/var/www/html/wp-login.php' not found or unable to stat, referer: https://www.manakonline.in/wp-admin/
[Sun Jun 01 13:34:32.205068 2025] [:error] [pid 58226] [client 10.10.36.197:23498] script '/var/www/html/xmlrpc.php' not found or unable to stat
[Sun Jun 01 13:34:32.525387 2025] [:error] [pid 58450] [client 10.10.36.197:23508] script '/var/www/html/xmlrpc.php' not found or unable to stat
[Sun Jun 01 13:34:35.016007 2025] [:error] [pid 58627] [client 10.10.36.197:23676] script '/var/www/html/xmlrpc.php' not found or unable to stat
[Sun Jun 01 14:07:43.569869 2025] [:error] [pid 60277] [client 10.10.36.158:56120] script '/var/www/html/xmlrpc.php' not found or unable to stat
[Sun Jun 01 14:10:00.579288 2025] [:error] [pid 61230] [client 10.10.36.197:26336] script '/var/www/html/wp-login.php' not found or unable to stat
[Sun Jun 01 14:10:00.609230 2025] [:error] [pid 61230] [client 10.10.36.197:26336] script '/var/www/html/xmlrpc.php' not found or unable to stat
[Sun Jun 01 14:10:00.698958 2025] [:error] [pid 61230] [client 10.10.36.197:26336] script '/var/www/html/wp-login.php' not found or unable to stat
[Sun Jun 01 14:10:00.758396 2025] [:error] [pid 61230] [client 10.10.36.197:26336] script '/var/www/html/xmlrpc.php' not found or unable to stat
[Sun Jun 01 14:32:39.448741 2025] [:error] [pid 62769] [client 10.10.36.158:44742] script '/var/www/html/xmlrpc.php' not found or unable to stat
[Sun Jun 01 14:48:40.827276 2025] [:error] [pid 62826] [client 10.10.36.158:16460] script '/var/www/html/xmlrpc.php' not found or unable to stat
[Sun Jun 01 15:06:27.703681 2025] [:error] [pid 64966] [client 10.10.36.158:41406] script '/var/www/html/xmlrpc.php' not found or unable to stat
[Sun Jun 01 15:10:36.281535 2025] [:error] [pid 65248] [client 10.10.36.197:13874] script '/var/www/html/xmlrpc.php' not found or unable to stat
[Sun Jun 01 15:47:26.037418 2025] [:error] [pid 65199] [client 10.10.36.158:48626] script '/var/www/html/xmlrpc.php' not found or unable to stat
[Sun Jun 01 16:18:44.815943 2025] [:error] [pid 65577] [client 10.10.36.158:38824] script '/var/www/html/xmlrpc.php' not found or unable to stat
[Sun Jun 01 16:28:21.179114 2025] [:error] [pid 65456] [client 10.10.36.158:48906] script '/var/www/html/wp-2019.php' not found or unable to stat
[Sun Jun 01 16:28:21.336754 2025] [:error] [pid 65254] [client 10.10.36.158:48908] script '/var/www/html/atomlib.php' not found or unable to stat
[Sun Jun 01 16:28:21.507881 2025] [:error] [pid 65577] [client 10.10.36.158:48910] script '/var/www/html/css.php' not found or unable to stat
[Sun Jun 01 16:28:21.618995 2025] [:error] [pid 65545] [client 10.10.36.158:48912] script '/var/www/html/log.php' not found or unable to stat
[Sun Jun 01 16:28:21.742444 2025] [:error] [pid 65248] [client 10.10.36.158:48914] script '/var/www/html/index.php' not found or unable to stat
[Sun Jun 01 16:28:21.972991 2025] [:error] [pid 65720] [client 10.10.36.158:48918] script '/var/www/html/mail.php' not found or unable to stat
[Sun Jun 01 16:28:22.087227 2025] [:error] [pid 65723] [client 10.10.36.158:48920] script '/var/www/html/lufix.php' not found or unable to stat
[Sun Jun 01 16:28:22.231732 2025] [:error] [pid 65547] [client 10.10.36.158:48924] script '/var/www/html/doc.php' not found or unable to stat
[Sun Jun 01 16:28:22.421462 2025] [:error] [pid 65199] [client 10.10.36.158:48936] script '/var/www/html/bak.php' not found or unable to stat
[Sun Jun 01 16:28:22.559938 2025] [:error] [pid 65456] [client 10.10.36.158:48942] script '/var/www/html/content.php' not found or unable to stat
[Sun Jun 01 16:28:22.665006 2025] [:error] [pid 65254] [client 10.10.36.158:48948] script '/var/www/html/upfile.php' not found or unable to stat
[Sun Jun 01 16:28:22.854861 2025] [:error] [pid 65577] [client 10.10.36.158:48952] script '/var/www/html/wp-conflg.php' not found or unable to stat
[Sun Jun 01 16:28:22.997559 2025] [:error] [pid 65545] [client 10.10.36.158:48954] script '/var/www/html/bypass.php' not found or unable to stat
[Sun Jun 01 16:28:23.172395 2025] [:error] [pid 65720] [client 10.10.36.158:48958] script '/var/www/html/wp-activate.php' not found or unable to stat
[Sun Jun 01 16:28:23.947260 2025] [:error] [pid 65199] [client 10.10.36.158:48968] script '/var/www/html/updates.php' not found or unable to stat
[Sun Jun 01 16:28:24.013156 2025] [:error] [pid 65456] [client 10.10.36.158:48970] script '/var/www/html/plugins.php' not found or unable to stat
[Sun Jun 01 16:28:24.086613 2025] [:error] [pid 65254] [client 10.10.36.158:48972] script '/var/www/html/xmrlpc.php' not found or unable to stat
[Sun Jun 01 16:28:24.217292 2025] [:error] [pid 65577] [client 10.10.36.158:48974] script '/var/www/html/ae.php' not found or unable to stat
[Sun Jun 01 16:28:24.346824 2025] [:error] [pid 65545] [client 10.10.36.158:48976] script '/var/www/html/moon.php' not found or unable to stat
[Sun Jun 01 16:28:24.495753 2025] [:error] [pid 65248] [client 10.10.36.158:48978] script '/var/www/html/blog.php' not found or unable to stat
[Sun Jun 01 16:28:24.561094 2025] [:error] [pid 65720] [client 10.10.36.158:48980] script '/var/www/html/themes.php' not found or unable to stat
[Sun Jun 01 16:28:24.758390 2025] [:error] [pid 65547] [client 10.10.36.158:48984] script '/var/www/html/ini.php' not found or unable to stat
[Sun Jun 01 16:28:24.919913 2025] [:error] [pid 65456] [client 10.10.36.158:48992] script '/var/www/html/as.php' not found or unable to stat
[Sun Jun 01 16:28:25.011312 2025] [:error] [pid 65545] [client 10.10.36.158:48998] script '/var/www/html/shell.php' not found or unable to stat
[Sun Jun 01 16:28:25.480274 2025] [:error] [pid 65199] [client 10.10.36.158:49012] script '/var/www/html/ws.php' not found or unable to stat
[Sun Jun 01 16:28:25.556852 2025] [:error] [pid 65456] [client 10.10.36.158:49016] script '/var/www/html/makeasmtp.php' not found or unable to stat
[Sun Jun 01 16:28:25.663369 2025] [:error] [pid 65254] [client 10.10.36.158:49018] script '/var/www/html/wp-sigunq.php' not found or unable to stat
[Sun Jun 01 16:28:25.776907 2025] [:error] [pid 65577] [client 10.10.36.158:49028] script '/var/www/html/wp-atom.php' not found or unable to stat
[Sun Jun 01 16:28:25.884562 2025] [:error] [pid 65545] [client 10.10.36.158:49032] script '/var/www/html/fw.php' not found or unable to stat
[Sun Jun 01 16:28:26.076058 2025] [:error] [pid 65248] [client 10.10.36.158:49048] script '/var/www/html/install.php' not found or unable to stat
[Sun Jun 01 16:28:26.259220 2025] [:error] [pid 65723] [client 10.10.36.158:49076] script '/var/www/html/wp-login.php' not found or unable to stat
[Sun Jun 01 16:28:26.698603 2025] [:error] [pid 65254] [client 10.10.36.158:49114] script '/var/www/html/radio.php' not found or unable to stat
[Sun Jun 01 16:28:26.791685 2025] [:error] [pid 65577] [client 10.10.36.158:49120] script '/var/www/html/chosen.php' not found or unable to stat
[Sun Jun 01 16:28:26.887910 2025] [:error] [pid 65545] [client 10.10.36.158:49122] script '/var/www/html/simple.php' not found or unable to stat
[Sun Jun 01 16:28:27.026974 2025] [:error] [pid 65720] [client 10.10.36.158:49126] script '/var/www/html/class.api.php' not found or unable to stat
[Sun Jun 01 16:28:27.235798 2025] [:error] [pid 65723] [client 10.10.36.158:49128] script '/var/www/html/wp-head.php' not found or unable to stat
[Sun Jun 01 16:28:27.400273 2025] [:error] [pid 65547] [client 10.10.36.158:49130] script '/var/www/html/file.php' not found or unable to stat
[Sun Jun 01 16:28:27.702269 2025] [:error] [pid 65456] [client 10.10.36.158:49134] script '/var/www/html/403.php' not found or unable to stat
[Sun Jun 01 16:28:28.090365 2025] [:error] [pid 65248] [client 10.10.36.158:49142] script '/var/www/html/mah.php' not found or unable to stat
[Sun Jun 01 16:28:28.265436 2025] [:error] [pid 65720] [client 10.10.36.158:49146] script '/var/www/html/cong.php' not found or unable to stat
[Sun Jun 01 16:28:28.653868 2025] [:error] [pid 65456] [client 10.10.36.158:49162] script '/var/www/html/wp-mail.php' not found or unable to stat
[Sun Jun 01 16:28:29.072168 2025] [:error] [pid 65248] [client 10.10.36.158:49186] script '/var/www/html/wp-apxupx.php' not found or unable to stat
[Sun Jun 01 16:28:29.537328 2025] [:error] [pid 65456] [client 10.10.36.158:49202] script '/var/www/cgi-bin/about.php' not found or unable to stat
[Sun Jun 01 16:28:29.677183 2025] [:error] [pid 65577] [client 10.10.36.158:49206] script '/var/www/html/repeater.php' not found or unable to stat
[Sun Jun 01 16:28:30.073278 2025] [:error] [pid 65248] [client 10.10.36.158:49218] script '/var/www/html/dropdown.php' not found or unable to stat
[Sun Jun 01 16:28:30.236929 2025] [:error] [pid 65720] [client 10.10.36.158:49220] script '/var/www/html/about.php' not found or unable to stat
[Sun Jun 01 16:28:30.372638 2025] [:error] [pid 65723] [client 10.10.36.158:49222] script '/var/www/html/admin.php' not found or unable to stat
[Sun Jun 01 16:28:32.250509 2025] [:error] [pid 65577] [client 10.10.36.158:49276] script '/var/www/cgi-bin/xmrlpc.php' not found or unable to stat
[Sun Jun 01 16:28:33.541252 2025] [:error] [pid 64698] [client 10.10.36.158:49306] script '/var/www/html/wp-info.php' not found or unable to stat
[Sun Jun 01 16:28:33.642848 2025] [:error] [pid 65248] [client 10.10.36.158:49310] script '/var/www/html/wp-blog.php' not found or unable to stat
[Sun Jun 01 16:28:34.140648 2025] [:error] [pid 65199] [client 10.10.36.158:49318] script '/var/www/html/cjfuns.php' not found or unable to stat
[Sun Jun 01 16:28:34.631285 2025] [:error] [pid 65254] [client 10.10.36.158:49330] script '/var/www/html/wp-config-sample.php' not found or unable to stat
[Sun Jun 01 16:28:35.109656 2025] [:error] [pid 65545] [client 10.10.36.158:49338] script '/var/www/html/wp.php' not found or unable to stat
[Sun Jun 01 16:28:35.332566 2025] [:error] [pid 65248] [client 10.10.36.158:49340] script '/var/www/html/404.php' not found or unable to stat
[Sun Jun 01 16:28:36.690626 2025] [:error] [pid 65547] [client 10.10.36.158:49366] script '/var/www/html/users.php' not found or unable to stat
[Sun Jun 01 16:28:37.144633 2025] [:error] [pid 65456] [client 10.10.36.158:49380] script '/var/www/html/yanz.php' not found or unable to stat
[Sun Jun 01 16:28:37.478030 2025] [:error] [pid 65577] [client 10.10.36.158:49398] script '/var/www/html/alfanew.php' not found or unable to stat
[Sun Jun 01 16:28:37.637936 2025] [:error] [pid 65545] [client 10.10.36.158:49408] script '/var/www/html/alfa-rex.php' not found or unable to stat
[Sun Jun 01 16:28:41.412107 2025] [:error] [pid 65577] [client 10.10.36.158:49496] script '/var/www/html/nf_tracking.php' not found or unable to stat
[Sun Jun 01 16:28:41.556259 2025] [:error] [pid 64698] [client 10.10.36.158:49498] script '/var/www/html/wp-pano.php' not found or unable to stat
[Sun Jun 01 16:28:41.670920 2025] [:error] [pid 65545] [client 10.10.36.158:49500] script '/var/www/html/defaul1.php' not found or unable to stat
[Sun Jun 01 16:28:42.122934 2025] [:error] [pid 65547] [client 10.10.36.158:49530] script '/var/www/html/themes.php' not found or unable to stat
[Sun Jun 01 16:28:42.276741 2025] [:error] [pid 65199] [client 10.10.36.158:49532] script '/var/www/html/xl2023.php' not found or unable to stat
[Sun Jun 01 16:28:42.460113 2025] [:error] [pid 65254] [client 10.10.36.158:49546] script '/var/www/html/fm1.php' not found or unable to stat
[Sun Jun 01 16:28:42.573563 2025] [:error] [pid 65577] [client 10.10.36.158:49550] script '/var/www/html/wso112233.php' not found or unable to stat
[Sun Jun 01 16:28:42.669473 2025] [:error] [pid 64698] [client 10.10.36.158:49556] script '/var/www/html/shell20211028.php' not found or unable to stat
[Sun Jun 01 16:28:43.914706 2025] [:error] [pid 65577] [client 10.10.36.158:49576] script '/var/www/html/x.php' not found or unable to stat
[Sun Jun 01 16:28:44.043237 2025] [:error] [pid 64698] [client 10.10.36.158:49578] script '/var/www/html/e.php' not found or unable to stat
